CREATE TABLE `cycle_plans` (
  `id` bigint(20) UNSIGNED NOT NULL,
  `client_id` bigint(20) UNSIGNED NOT NULL,
  `name` varchar(255) NOT NULL,
  `start_date` date NOT NULL,
  `end_date` date DEFAULT NULL,
  `created_at` timestamp NULL DEFAULT NULL,
  `updated_at` timestamp NULL DEFAULT NULL
) ENGINE=InnoDB DEFAULT CHARSET=utf8mb4 COLLATE=utf8mb4_unicode_ci;

--
-- Déchargement des données de la table `cycle_plans`
--

INSERT INTO `cycle_plans` (`id`, `client_id`, `name`, `start_date`, `end_date`, `created_at`, `updated_at`) VALUES
(1, 3, 'Q1 2026', '2026-01-01', '2026-03-31', '2026-02-20 22:48:20', '2026-02-20 22:48:20'),
(2, 3, 'Année 2026', '2026-01-01', '2026-12-31', '2026-02-20 23:10:29', '2026-02-20 23:10:29'),
(3, 3, 'Q2 2026', '2026-04-01', '2026-06-30', '2026-02-21 13:54:30', '2026-02-21 13:54:30'),
(4, 4, '2026', '2026-01-01', '2026-12-31', '2026-02-23 22:58:30', '2026-02-23 22:58:30'),
(5, 4, 'scope 2027', '2026-04-22', '2026-12-31', '2026-03-31 23:36:35', '2026-04-25 12:40:30'),
(6, 4, 'test', '2027-08-29', NULL, '2026-04-26 22:42:23', '2026-04-26 22:42:23'),
(7, 4, 'test mai', '2026-01-01', '2027-12-31', '2026-04-27 00:28:33', '2026-04-27 00:33:55'),
(8, 4, 'scope cycle test', '2026-01-01', '2026-12-30', '2026-04-29 14:14:43', '2026-04-29 14:14:43'),
(9, 4, 'scope cycle test', '2026-01-01', '2027-01-13', '2026-04-29 14:47:58', '2026-04-29 14:47:58'),
(10, 4, 'piiii', '2027-01-30', '2027-11-05', '2026-04-29 22:09:06', '2026-04-29 22:09:06');

-- --------------------------------------------------------

--
-- Structure de la table `demande_resources`
--

CREATE TABLE `demande_resources` (
  `id` bigint(20) UNSIGNED NOT NULL,
  `type` varchar(255) NOT NULL,
  `client_id` bigint(20) UNSIGNED NOT NULL,
  `user_id` bigint(20) UNSIGNED NOT NULL,
  `status` varchar(255) NOT NULL DEFAULT 'pending',
  `note_request` text DEFAULT NULL,
  `note_response` text DEFAULT NULL,
  `data` longtext CHARACTER SET utf8mb4 COLLATE utf8mb4_bin DEFAULT NULL CHECK (json_valid(`data`)),
  `response_by` bigint(20) UNSIGNED DEFAULT NULL,
  `response_at` timestamp NULL DEFAULT NULL,
  `old_data` longtext CHARACTER SET utf8mb4 COLLATE utf8mb4_bin DEFAULT NULL CHECK (json_valid(`old_data`)),
  `created_at` timestamp NULL DEFAULT NULL,
  `updated_at` timestamp NULL DEFAULT NULL
) ENGINE=InnoDB DEFAULT CHARSET=utf8mb4 COLLATE=utf8mb4_unicode_ci;

--
-- Déchargement des données de la table `demande_resources`
--

INSERT INTO `demande_resources` (`id`, `type`, `client_id`, `user_id`, `status`, `note_request`, `note_response`, `data`, `response_by`, `response_at`, `old_data`, `created_at`, `updated_at`) VALUES
(1, 'product', 4, 10, 'accepted', NULL, NULL, '{\"product_id\":8,\"name\":\"augmentin\",\"description\":\"augmentin\",\"status\":\"active\",\"product_type\":\"pharmaceutique\",\"dosage\":null,\"image\":null}', 1, '2026-04-02 01:07:50', '{\"id\":8,\"name\":\"augmentin\",\"description\":\"augmentin\",\"status\":\"active\",\"image\":null,\"client_id\":4,\"created_at\":\"2026-03-30T19:48:16.000000Z\",\"updated_at\":\"2026-03-30T19:48:16.000000Z\",\"product_type\":\"parapharmaceutique\",\"dosage\":null}', '2026-04-02 01:06:25', '2026-04-02 01:07:50'),
(2, 'product', 4, 10, 'accepted', NULL, NULL, '{\"product_id\":4,\"name\":\"paracetamol\",\"description\":null,\"status\":\"active\",\"product_type\":\"pharmaceutique\",\"dosage\":null,\"image\":null}', NULL, NULL, '{\"id\":4,\"name\":\"paracetamol\",\"description\":null,\"status\":\"active\",\"image\":null,\"client_id\":4,\"created_at\":\"2026-02-23T23:57:25.000000Z\",\"updated_at\":\"2026-02-23T23:57:25.000000Z\",\"product_type\":\"parapharmaceutique\",\"dosage\":null}', '2026-04-24 21:09:43', '2026-04-24 21:09:43');

-- --------------------------------------------------------

--
-- Structure de la table `dispensateurs`
--

CREATE TABLE `dispensateurs` (
  `id` bigint(20) UNSIGNED NOT NULL,
  `name` varchar(255) NOT NULL,
  `lastName` varchar(255) DEFAULT NULL,
  `pseudo` varchar(255) DEFAULT NULL,
  `gender` varchar(255) DEFAULT NULL,
  `avatar` varchar(255) DEFAULT NULL,
  `email` varchar(255) DEFAULT NULL,
  `phone1` varchar(255) DEFAULT NULL,
  `phone2` varchar(255) DEFAULT NULL,
  `zip_code` varchar(255) DEFAULT NULL,
  `pays` varchar(128) DEFAULT NULL,
  `wilaya` varchar(255) DEFAULT NULL,
  `commune` varchar(255) DEFAULT NULL,
  `speciality` varchar(255) DEFAULT NULL,
  `profession` varchar(255) DEFAULT NULL,
  `position_gps` varchar(255) DEFAULT NULL,
  `gps_correction_count` int(10) UNSIGNED NOT NULL DEFAULT 0,
  `last_gps_corrected_at` timestamp NULL DEFAULT NULL,
  `last_gps_corrected_by` bigint(20) UNSIGNED DEFAULT NULL,
  `working_hours` varchar(255) DEFAULT NULL,
  `working_days` varchar(255) DEFAULT NULL,
  `status` tinyint(1) NOT NULL DEFAULT 1,
  `is_deleted` tinyint(1) NOT NULL DEFAULT 0,
  `deleted_by` bigint(20) UNSIGNED DEFAULT NULL,
  `archived_by` bigint(20) UNSIGNED DEFAULT NULL,
  `deleted_at` timestamp NULL DEFAULT NULL,
  `adresse` varchar(255) DEFAULT NULL,
  `created_at` timestamp NULL DEFAULT NULL,
  `updated_at` timestamp NULL DEFAULT NULL,
  `title` varchar(255) DEFAULT NULL,
  `sector` varchar(255) DEFAULT NULL,
  `institution` varchar(255) DEFAULT NULL,
  `workplace` varchar(255) DEFAULT NULL,
  `specialities` text DEFAULT NULL
) ENGINE=InnoDB DEFAULT CHARSET=utf8mb4 COLLATE=utf8mb4_unicode_ci;

--
-- Déchargement des données de la table `dispensateurs`
--

INSERT INTO `dispensateurs` (`id`, `name`, `lastName`, `pseudo`, `gender`, `avatar`, `email`, `phone1`, `phone2`, `zip_code`, `pays`, `wilaya`, `commune`, `speciality`, `profession`, `position_gps`, `gps_correction_count`, `last_gps_corrected_at`, `last_gps_corrected_by`, `working_hours`, `working_days`, `status`, `is_deleted`, `deleted_by`, `archived_by`, `deleted_at`, `adresse`, `created_at`, `updated_at`, `title`, `sector`, `institution`, `workplace`, `specialities`) VALUES
(1, 'Test', 'Iahram', 'Pharamo', 'female', NULL, 'pharma@gmail.com', NULL, NULL, '4200', NULL, 'Alger', 'Dely Ibrahim', 'Pharma', 'Vondou', '36.756864, 2.977295', 0, NULL, NULL, '8:00 AM - 4:00 PM', 'Dimanche, Lundi, Mardi, Mercredi, Jeudi, Samedi', 0, 0, NULL, NULL, NULL, 'Chaiba,Aadl', '2026-01-28 13:10:53', '2026-01-28 13:33:08', NULL, NULL, NULL, NULL, NULL),
(2, 'Lamin', 'Bouchene', NULL, 'Male', NULL, '', '', '', '16800', NULL, 'Alger', '', 'Médecine Interne', 'Médecin', NULL, 0, NULL, NULL, NULL, NULL, 1, 0, NULL, NULL, NULL, '28 Rue Larbi Ben M hidi', '2026-02-15 08:49:52', '2026-02-15 08:49:52', 'Docteur', 'centre', '', 'Cabinet Dr Bouchene', '[\"M\\u00e9decine Interne\"]'),
(3, 'Fahima', 'Baiche', NULL, 'Female', NULL, '', '', '', '16063', NULL, 'Alger', '', 'Gynécologie', 'Médecin', NULL, 0, NULL, NULL, NULL, NULL, 1, 0, NULL, NULL, NULL, 'Rue Aissa Benfedda', '2026-02-15 08:49:52', '2026-02-15 08:49:52', 'Assistant', 'centre', '', 'Cabinet Dr Baiche', '[\"Gyn\\u00e9cologie\"]'),
(4, 'Atika', 'Belkhodja Ep Afia', NULL, 'Female', NULL, '', '', '', '23008', NULL, 'Annaba', '', 'Médecine Générale', 'Médecin', NULL, 0, NULL, NULL, NULL, NULL, 1, 0, NULL, NULL, NULL, 'Cite Genie Sider Oued Kouba', '2026-02-15 08:49:52', '2026-02-15 08:49:52', 'Docteur', 'est', '', 'Cabinet De Groupe Dr Afia', '[\"M\\u00e9decine G\\u00e9n\\u00e9rale\"]'),
(5, 'Amel', 'Benkelfat', NULL, 'Female', NULL, '', '', '', '31000', NULL, 'Oran', '', 'Médecine Interne', 'Médecin', NULL, 0, NULL, NULL, NULL, NULL, 1, 0, NULL, NULL, NULL, 'Hai 1er Novembre El Sabah', '2026-02-15 08:49:52', '2026-02-15 08:49:52', 'Resident', 'ouest', 'Hopital', 'Medecine Interne', '[\"M\\u00e9decine Interne\"]'),
(6, 'Lamia', 'Bentebibel', NULL, 'Female', NULL, '', '', '', '18000', NULL, 'Jijel', '', 'Chirurgie Dentaire', 'Dentiste', NULL, 0, NULL, NULL, NULL, NULL, 1, 0, NULL, NULL, NULL, 'Hai Village Moussa', '2026-02-15 08:49:52', '2026-02-15 08:49:52', 'Docteur', 'est', '', 'Polyclinique El Alia Mohamed', '[\"Chirurgie Dentaire\"]'),
(7, 'Asma', 'Boutakhedmit', NULL, 'Female', NULL, '', '', '', '6005', NULL, 'Béjaïa', '', 'Pédiatrie', 'Médecin', NULL, 0, NULL, NULL, NULL, NULL, 1, 0, NULL, NULL, NULL, 'Centre Ville Sidi Aich', '2026-02-15 08:49:52', '2026-02-15 08:49:52', 'Docteur', 'centre', 'EPH', 'Pediatrie', '[\"P\\u00e9diatrie\"]'),
(8, 'Nadia', 'Abdelghafour', NULL, 'Female', NULL, '', '', '', '16012', NULL, 'Alger', '', 'Infirmière', 'Infirmier', NULL, 0, NULL, NULL, NULL, NULL, 1, 0, NULL, NULL, NULL, 'Place du 1er Mai', '2026-02-15 08:49:52', '2026-02-15 08:49:52', 'Sans titre', 'centre', 'Centre Hospitalier Universitaire', 'Neurologie', '[\"Infirmi\\u00e8re\"]'),
(9, 'Fatima', 'Djedir Ep Cheriguene', NULL, 'Female', NULL, '', '', '', '13001', NULL, 'Tlemcen', '', 'Gynécologie', 'Médecin', NULL, 0, NULL, NULL, NULL, NULL, 1, 0, NULL, NULL, NULL, 'Rue Tefna azzouni', '2026-02-15 08:49:52', '2026-02-15 08:49:52', 'Docteur', 'ouest', '', 'Cabinet Dr Djedir', '[\"Gyn\\u00e9cologie\"]'),
(10, 'Nadira', 'Mokhtari', NULL, 'Female', NULL, '', '', '', '29001', NULL, 'Mascara', '', 'Chirurgie Dentaire', 'Dentiste', NULL, 0, NULL, NULL, NULL, NULL, 1, 0, NULL, NULL, NULL, 'Sig centre', '2026-02-15 08:49:52', '2026-02-15 08:49:52', 'Docteur', 'ouest', '', 'Polyclinique Boumeddienne Kheira', '[\"Chirurgie Dentaire\"]'),
(11, 'Seddik', 'Saidani', NULL, 'Male', NULL, '', '', '', '24001', NULL, 'Guelma', '', 'Médecine Générale', 'Médecin', NULL, 0, NULL, NULL, NULL, NULL, 1, 0, NULL, NULL, NULL, 'Cite Mohamed Bougassa', '2026-02-15 08:49:52', '2026-02-15 08:49:52', 'Docteur', 'est', '', 'Cabinet Dr Saidani', '[\"M\\u00e9decine G\\u00e9n\\u00e9rale\"]'),
(12, 'Djamel', 'Hamidouche', NULL, 'Male', NULL, '', '', '', '26002', NULL, 'Médéa', '', 'Médecine Générale', 'Médecin', NULL, 0, NULL, NULL, NULL, NULL, 1, 0, NULL, NULL, NULL, '37 Cite Chorfa', '2026-02-15 08:49:52', '2026-02-15 08:49:52', 'Docteur', 'centre', '', 'Cabinet Dr Hamidouche', '[\"M\\u00e9decine G\\u00e9n\\u00e9rale\"]'),
(13, 'Mohamed', 'Yahlali', NULL, 'Male', NULL, '', '', '', '9000', NULL, 'Blida', '', 'Ophtalmologie', 'Médecin', NULL, 0, NULL, NULL, NULL, NULL, 1, 0, NULL, NULL, NULL, 'Avenue Kritli Mokhtar', '2026-02-15 08:49:52', '2026-02-15 08:49:52', 'Docteur', 'centre', '', 'Cabinet De Groupe Dr Yahlali', '[\"Ophtalmologie\"]'),
(14, 'Amel', 'Kemouche', NULL, 'Female', NULL, '', '', '', '43000', NULL, 'Mila', '', 'Infirmière', 'Infirmier', NULL, 0, NULL, NULL, NULL, NULL, 1, 0, NULL, NULL, NULL, 'Senaoua', '2026-02-15 08:49:52', '2026-02-15 08:49:52', 'Sans titre', 'est', '', 'Polyclinique Senaoua', '[\"Infirmi\\u00e8re\"]'),
(15, 'Wafa', 'Hadj Mohand', NULL, 'Female', NULL, '', '', '', '15013', NULL, 'Tizi-Ouzou', '', 'Sage Femme', 'Sage femme', NULL, 0, NULL, NULL, NULL, NULL, 1, 0, NULL, NULL, NULL, 'Iferhounene Centre', '2026-02-15 08:49:52', '2026-02-15 08:49:52', 'Sans titre', 'centre', '', 'Polyclinique Iferhounene', '[\"Sage Femme\"]'),
(16, 'Nadia', 'Kibboua Ep Maouche', NULL, 'Female', NULL, '', '', '', '16009', NULL, 'Alger', '', 'Pédiatrie', 'Médecin', NULL, 0, NULL, NULL, NULL, NULL, 1, 0, NULL, NULL, NULL, '17 Rue Mohamed Bouguerfa', '2026-02-15 08:49:52', '2026-02-15 08:49:52', 'Docteur', 'centre', '', 'Cabinet Dr Kibboua', '[\"P\\u00e9diatrie\"]'),
(17, 'Nassima', 'Haddad', NULL, 'Female', NULL, '', '', '', '15010', NULL, 'Tizi-Ouzou', '', 'Sage Femme', 'Sage femme', NULL, 0, NULL, NULL, NULL, NULL, 1, 0, NULL, NULL, NULL, 'Route de Tifrest', '2026-02-15 08:49:52', '2026-02-15 08:49:52', 'Sans titre', 'centre', 'EPH', 'Gynecologie', '[\"Sage Femme\"]'),
(18, 'Nacera', 'Hamzaoui Ep Aiche', NULL, 'Female', NULL, '', '', '', '16016', NULL, 'Alger', '', 'Médecine Générale', 'Médecin', NULL, 0, NULL, NULL, NULL, NULL, 1, 0, NULL, NULL, NULL, '40 Boulevard Sidi Yahia', '2026-02-15 08:49:52', '2026-02-15 08:49:52', 'Docteur', 'centre', '', 'Cabinet Dr Hamzaoui', '[\"M\\u00e9decine G\\u00e9n\\u00e9rale\"]'),
(19, 'Abdelkader', 'Sadok', NULL, 'Male', NULL, '', '', '', '48000', NULL, 'Relizane', '', 'Médecine Générale', 'Médecin', NULL, 0, NULL, NULL, NULL, NULL, 1, 0, NULL, NULL, NULL, 'Cité zaghloul', '2026-02-15 08:49:52', '2026-02-15 08:49:52', 'Docteur', 'ouest', '', 'Cabinet Dr Sadok', '[\"M\\u00e9decine G\\u00e9n\\u00e9rale\"]'),
(20, 'Omar', 'Riffi', NULL, 'Male', NULL, '', '', '', '13000', NULL, 'Tlemcen', '', 'Psychiatrie', 'Médecin', NULL, 0, NULL, NULL, NULL, NULL, 1, 0, NULL, NULL, NULL, '5 Boulevard Mohamed V', '2026-02-15 08:49:52', '2026-02-15 08:49:52', 'Docteur', 'ouest', 'Centre Hospitalier Universitaire', 'Psychiatrie', '[\"Psychiatrie\"]'),
(21, 'Fatiha', 'Khiter Ep Ikhlef', NULL, 'Female', NULL, '', '', '', '16061', NULL, 'Alger', '', 'Gynécologie', 'Médecin', NULL, 0, NULL, NULL, NULL, NULL, 1, 0, NULL, NULL, NULL, 'Route de Larbaa', '2026-02-15 08:49:52', '2026-02-15 08:49:52', 'Docteur', 'centre', '', 'Cabinet Dr Khiter', '[\"Gyn\\u00e9cologie\"]'),
(22, 'Nawal', 'Medouri', NULL, 'Female', NULL, '', '', '', '43000', NULL, 'Mila', '', 'Pédiatrie', 'Médecin', NULL, 0, NULL, NULL, NULL, NULL, 1, 0, NULL, NULL, NULL, 'Cite 20 Aout', '2026-02-15 08:49:52', '2026-02-15 08:49:52', 'Assistant', 'est', '', 'Cabinet Dr Medouri', '[\"P\\u00e9diatrie\"]'),
(23, 'Abdelhamid', 'Haddar', NULL, 'Male', NULL, '', '', '', '15152', NULL, 'Tizi-Ouzou', '', 'Médecine Générale', 'Médecin', NULL, 0, NULL, NULL, NULL, NULL, 1, 0, NULL, NULL, NULL, 'Souk El Had', '2026-02-15 08:49:52', '2026-02-15 08:49:52', 'Docteur', 'centre', '', 'Cabinet Dr Haddar', '[\"M\\u00e9decine G\\u00e9n\\u00e9rale\"]'),
(24, 'Katia', 'Ait Khelifa', NULL, 'Female', NULL, '', '', '', '16081', NULL, 'Alger', '', 'Médecine Générale', 'Médecin', NULL, 0, NULL, NULL, NULL, NULL, 1, 0, NULL, NULL, NULL, 'Haouche Houkil Kartala', '2026-02-15 08:49:52', '2026-02-15 08:49:52', 'Docteur', 'centre', '', 'Polyclinique Baba Hassen', '[\"M\\u00e9decine G\\u00e9n\\u00e9rale\"]'),
(25, 'Hanane', 'Belguembour', NULL, 'Female', NULL, '', '', '', '16015', NULL, 'Alger', '', 'Infirmière', 'Infirmier', NULL, 0, NULL, NULL, NULL, NULL, 1, 0, NULL, NULL, NULL, 'Cite Diar El Mahsoul', '2026-02-15 08:49:52', '2026-02-15 08:49:52', 'Sans titre', 'centre', '', 'Salle de Soins Diar El Mahsoul', '[\"Infirmi\\u00e8re\"]'),
(26, 'Rahima', 'Zegadi', NULL, 'Female', NULL, '', '', '', '34000', NULL, 'Bordj-Bou-Arréridj', '', 'Médecine Générale', 'Médecin', NULL, 0, NULL, NULL, NULL, NULL, 1, 0, NULL, NULL, NULL, 'Cite 1044 Logements', '2026-02-15 08:49:52', '2026-02-15 08:49:52', 'Docteur', 'est', '', 'Polyclinique Des 1044 Logts', '[\"M\\u00e9decine G\\u00e9n\\u00e9rale\"]'),
(27, 'Abedelkrim', 'Hammouche', NULL, 'Male', NULL, '', '', '', '6000', NULL, 'Béjaïa', '', 'Médecine Générale', 'Médecin', NULL, 0, NULL, NULL, NULL, NULL, 1, 0, NULL, NULL, NULL, 'Boulevard De La Revolution', '2026-02-15 08:49:52', '2026-02-15 08:49:52', 'Docteur', 'centre', '', 'Cabinet Dr Hammouche', '[\"M\\u00e9decine G\\u00e9n\\u00e9rale\"]'),
(28, 'Radhouane', 'Tarhlissia', NULL, 'Male', NULL, '', '', '', '7000', NULL, 'Biskra', '', 'Médecine Générale', 'Médecin', NULL, 0, NULL, NULL, NULL, NULL, 1, 0, NULL, NULL, NULL, 'Avenue Hakim Saadane Cite HLM', '2026-02-15 08:49:52', '2026-02-15 08:49:52', 'Docteur', 'est', '', 'Polyclinique Benramdane kabylie', '[\"M\\u00e9decine G\\u00e9n\\u00e9rale\"]'),
(29, 'Mohamed Zakaria', 'Boughrara', NULL, 'Male', NULL, '', '', '', '13000', NULL, 'Tlemcen', '', 'Chirurgie Vasculaire', 'Médecin', NULL, 0, NULL, NULL, NULL, NULL, 1, 0, NULL, NULL, NULL, '3 Riat Makhoukh Tranche 01', '2026-02-15 08:49:52', '2026-02-15 08:49:52', 'Docteur', 'ouest', '', 'Cabinet Dr Boughrara', '[\"Chirurgie Vasculaire\"]'),
(30, 'Mahmoud', 'Laouche', NULL, 'Male', NULL, '', '', '', '42008', NULL, 'Tipaza', '', 'Médecine Générale', 'Médecin', NULL, 0, NULL, NULL, NULL, NULL, 1, 0, NULL, NULL, NULL, 'Rue Nessah Mohamed', '2026-02-15 08:49:52', '2026-02-15 08:49:52', 'Docteur', 'centre', '', 'Cabinet Dr Laouche', '[\"M\\u00e9decine G\\u00e9n\\u00e9rale\"]'),
(31, 'Hind', 'Degaichia', NULL, 'Female', NULL, '', '', '', '16094', NULL, 'Alger', '', 'Gynécologie', 'Médecin', NULL, 0, NULL, NULL, NULL, NULL, 1, 0, NULL, NULL, NULL, '129 Cite des Rosiers', '2026-02-15 08:49:52', '2026-02-15 08:49:52', 'Docteur', 'centre', '', 'Cabinet Dr Degaichia', '[\"Gyn\\u00e9cologie\"]'),
(32, 'Amine', 'Bendeddouche', NULL, 'Male', NULL, '', '', '', '16018', NULL, 'Alger', '', 'Pédiatrie', 'Médecin', NULL, 0, NULL, NULL, NULL, NULL, 1, 0, NULL, NULL, NULL, 'Djenane Mabrouk', '2026-02-15 08:49:52', '2026-02-15 08:49:52', 'Docteur', 'centre', '', 'Cabinet Dr Bendeddouche', '[\"P\\u00e9diatrie\"]'),
(33, 'Noureddine', 'Bettahar', NULL, 'Male', NULL, '', '', '', '13000', NULL, 'Tlemcen', '', 'Anesthésiologie-Réanimation', 'Médecin', NULL, 0, NULL, NULL, NULL, NULL, 1, 0, NULL, NULL, NULL, 'Cité Bel Horizon', '2026-02-15 08:49:52', '2026-02-15 08:49:52', 'Maitre Assistant', 'ouest', 'Etablissement Hospitalier Spécialisé', 'Gynecologie', '[\"Anesth\\u00e9siologie-R\\u00e9animation\"]'),
(34, 'Mohamed', 'Belalem', NULL, 'Male', NULL, '', '', '', '26001', NULL, 'Médéa', '', 'Médecine Générale', 'Médecin', NULL, 0, NULL, NULL, NULL, NULL, 1, 0, NULL, NULL, NULL, 'Lotissement 2', '2026-02-15 08:49:52', '2026-02-15 08:49:52', 'Docteur', 'centre', '', 'Cabinet Dr Belalem', '[\"M\\u00e9decine G\\u00e9n\\u00e9rale\"]'),
(35, 'Hassiba', 'Boumala', NULL, 'Female', NULL, '', '', '', '15640', NULL, 'Tizi-Ouzou', '', 'Médecine Générale', 'Médecin', NULL, 0, NULL, NULL, NULL, NULL, 1, 0, NULL, NULL, NULL, 'Immeuble Nouali Village Lekhali', '2026-02-15 08:49:52', '2026-02-15 08:49:52', 'Docteur', 'centre', '', 'Cabinet Dr Boumala', '[\"M\\u00e9decine G\\u00e9n\\u00e9rale\"]'),
(36, 'Khadidja', 'Bensoltane', NULL, 'Female', NULL, '', '', '', '13000', NULL, 'Tlemcen', '', 'Gynécologie', 'Médecin', NULL, 0, NULL, NULL, NULL, NULL, 1, 0, NULL, NULL, NULL, 'Cité Bel Horizon', '2026-02-15 08:49:52', '2026-02-15 08:49:52', 'Resident', 'ouest', 'Etablissement Hospitalier Spécialisé', 'Gynecologie', '[\"Gyn\\u00e9cologie\"]'),
(37, 'Souhila', 'Bounafaka', NULL, 'Female', NULL, '', '', '', '16045', NULL, 'Alger', '', 'Dermatologie', 'Médecin', NULL, 0, NULL, NULL, NULL, NULL, 1, 0, NULL, NULL, NULL, 'Rue Ali Bouhadja', '2026-02-15 08:49:52', '2026-02-15 08:49:52', 'Docteur', 'centre', '', 'Cabinet Dr Bounafaka', '[\"Dermatologie\"]'),
(38, 'Samia', 'Benabdi', NULL, 'Female', NULL, '', '', '', '27008', NULL, 'Mostaganem', '', 'Médecine Générale', 'Médecin', NULL, 0, NULL, NULL, NULL, NULL, 1, 0, NULL, NULL, NULL, 'Benabdelmalek Ramdane ville', '2026-02-15 08:49:52', '2026-02-15 08:49:52', 'Docteur', 'ouest', '', 'Polyclinique Benabdelmalek Ramda', '[\"M\\u00e9decine G\\u00e9n\\u00e9rale\"]'),
(39, 'Mourad', 'Abdou', NULL, 'Male', NULL, '', '', '', '15051', NULL, 'Tizi-Ouzou', '', 'Médecine Générale', 'Médecin', NULL, 0, NULL, NULL, NULL, NULL, 1, 0, NULL, NULL, NULL, 'Cite 24 Logements Bounamen', '2026-02-15 08:49:52', '2026-02-15 08:49:52', 'Docteur', 'centre', '', 'Cabinet Dr Abdou', '[\"M\\u00e9decine G\\u00e9n\\u00e9rale\"]'),
(40, 'Fethi', 'Belkhiri', NULL, 'Male', NULL, '', '', '', '35000', NULL, 'Boumerdès', '', 'Psychiatrie', 'Médecin', NULL, 0, NULL, NULL, NULL, NULL, 1, 0, NULL, NULL, NULL, 'Cite 800 Logts', '2026-02-15 08:49:52', '2026-02-15 08:49:52', 'Docteur', 'centre', '', 'Cabinet Dr Belkhiri', '[\"Psychiatrie\"]'),
(41, 'Nacera', 'Lattari Ep Babaci', NULL, 'Female', NULL, '', '', '', '15000', NULL, 'Tizi-Ouzou', '', 'Pédiatrie', 'Médecin', NULL, 0, NULL, NULL, NULL, NULL, 1, 0, NULL, NULL, NULL, 'Rue Lamali Ahmed', '2026-02-15 08:49:52', '2026-02-15 08:49:52', 'Assistant', 'centre', 'Centre Hospitalier Universitaire', 'Pediatrie', '[\"P\\u00e9diatrie\"]'),
(42, 'Faiza', 'Boudane', NULL, 'Female', NULL, '', '', '', '10006', NULL, 'Bouira', '', 'Médecine Générale', 'Médecin', NULL, 0, NULL, NULL, NULL, NULL, 1, 0, NULL, NULL, NULL, 'Rue Ahmed Faoudi', '2026-02-15 08:49:52', '2026-02-15 08:49:52', 'Docteur', 'centre', '', 'Polyclinique Kadiria', '[\"M\\u00e9decine G\\u00e9n\\u00e9rale\"]'),
(43, 'Aicha', 'Ziane', NULL, 'Female', NULL, '', '', '', '6001', NULL, 'Béjaïa', '', 'Médecine Générale', 'Médecin', NULL, 0, NULL, NULL, NULL, NULL, 1, 0, NULL, NULL, NULL, 'Boulevard Aissat Idir', '2026-02-15 08:49:52', '2026-02-15 08:49:52', 'Docteur', 'centre', 'EPH', 'Urgences', '[\"M\\u00e9decine G\\u00e9n\\u00e9rale\"]'),
(44, 'Billel', 'Benadda', NULL, 'Male', NULL, '', '', '', '26003', NULL, 'Médéa', '', 'Chirurgie Orthopédique', 'Médecin', NULL, 0, NULL, NULL, NULL, NULL, 1, 0, NULL, NULL, NULL, '82 Zobra Lot 246', '2026-02-15 08:49:52', '2026-02-15 08:49:52', 'Docteur', 'centre', '', 'Cabinet Dr Benadda', '[\"Chirurgie Orthop\\u00e9dique\"]'),
(45, 'Khadidja', 'Nach', NULL, 'Female', NULL, '', '', '', '21002', NULL, 'Skikda', '', 'Médecine Générale', 'Médecin', NULL, 0, NULL, NULL, NULL, NULL, 1, 0, NULL, NULL, NULL, 'Rue Bouatib', '2026-02-15 08:49:52', '2026-02-15 08:49:52', 'Docteur', 'est', 'EPH', 'Urgences', '[\"M\\u00e9decine G\\u00e9n\\u00e9rale\"]'),
(46, 'Hassiba', 'Bouferis', NULL, 'Female', NULL, '', '', '', '4002', NULL, 'Oum El Bouaghi', '', 'Gynécologie', 'Médecin', NULL, 0, NULL, NULL, NULL, NULL, 1, 0, NULL, NULL, NULL, 'Cite Communale N 100', '2026-02-15 08:49:52', '2026-02-15 08:49:52', 'Docteur', 'est', '', 'Cabinet Dr Bouferis', '[\"Gyn\\u00e9cologie\"]'),
(47, 'Rokaya', 'Belemaïze', NULL, 'Female', NULL, '', '', '', '21001', NULL, 'Skikda', '', 'Médecine Générale', 'Médecin', NULL, 0, NULL, NULL, NULL, NULL, 1, 0, NULL, NULL, NULL, 'Route National N 44', '2026-02-15 08:49:52', '2026-02-15 08:49:52', 'Docteur', 'est', 'EPH', 'Gynecologie', '[\"M\\u00e9decine G\\u00e9n\\u00e9rale\"]'),
(48, 'Kheir Eddine', 'Kerboua', NULL, 'Male', NULL, '', '', '', '31039', NULL, 'Oran', '', 'Immunologie', 'Médecin', NULL, 0, NULL, NULL, NULL, NULL, 1, 0, NULL, NULL, NULL, 'Bp 35 Ahmed Medaghri', '2026-02-15 08:49:52', '2026-02-15 08:49:52', 'Docteur', 'ouest', '', 'Hopital Militaire Amir Benaissa', '[\"Immunologie\"]'),
(49, 'Samira', 'Boukhnak', NULL, 'Female', NULL, '', '', '', '6019', NULL, 'Béjaïa', '', 'Médecine Générale', 'Médecin', NULL, 0, NULL, NULL, NULL, NULL, 1, 0, NULL, NULL, NULL, 'Village Akbaoui', '2026-02-15 08:49:52', '2026-02-15 08:49:52', 'Docteur', 'centre', '', 'Polyclinique Temezrit', '[\"M\\u00e9decine G\\u00e9n\\u00e9rale\"]'),
(50, 'Yamina', 'Niboucha Ep Amirouche', NULL, 'Female', NULL, '', '', '', '35000', NULL, 'Boumerdès', '', 'Chirurgie Dentaire', 'Dentiste', NULL, 0, NULL, NULL, NULL, NULL, 1, 0, NULL, NULL, NULL, 'Cite La Vallee', '2026-02-15 08:49:52', '2026-02-15 08:49:52', 'Docteur', 'centre', '', 'Cabinet Dr Niboucha', '[\"Chirurgie Dentaire\"]'),
(51, 'Hanane', 'Miloudi', NULL, 'Female', NULL, '', '', '', '16044', NULL, 'Alger', '', 'Hématologie', 'Médecin', NULL, 0, NULL, NULL, NULL, NULL, 1, 0, NULL, NULL, NULL, 'Rue Ibrahim Hadjres', '2026-02-15 08:49:52', '2026-02-15 08:49:52', 'Assistant', 'centre', 'Centre Hospitalier Universitaire', 'CTS', '[\"H\\u00e9matologie\"]'),
(52, 'Hassina', 'Bouhama', NULL, 'Female', NULL, '', '', '', '16026', NULL, 'Alger', '', 'Médecine Générale', 'Médecin', NULL, 0, NULL, NULL, NULL, NULL, 1, 0, NULL, NULL, NULL, 'Route De Bachedjarah', '2026-02-15 08:49:53', '2026-02-15 08:49:53', 'Docteur', 'centre', 'Polyclinique', 'PMI', '[\"M\\u00e9decine G\\u00e9n\\u00e9rale\"]'),
(53, 'Nora', 'Aktreche', NULL, 'Female', NULL, '', '', '', '16063', NULL, 'Alger', '', 'Rééducation Fonctionnelle', 'Médecin', NULL, 0, NULL, NULL, NULL, NULL, 1, 0, NULL, NULL, NULL, 'Azur Plage', '2026-02-15 08:49:53', '2026-02-15 08:49:53', 'Professeur', 'centre', 'Etablissement Hospitalier Spécialisé', 'Reeducation Fonctionnelle', '[\"R\\u00e9\\u00e9ducation Fonctionnelle\"]'),
(54, 'Salima', 'Addouche', NULL, 'Female', NULL, '', '', '', '16006', NULL, 'Alger', '', 'Anesthésiologie-Réanimation', 'Médecin', NULL, 0, NULL, NULL, NULL, NULL, 1, 0, NULL, NULL, NULL, 'Cite Ben Omar', '2026-02-15 08:49:53', '2026-02-15 08:49:53', 'Maitre Assistant', 'centre', 'EPH', 'Reanimation', '[\"Anesth\\u00e9siologie-R\\u00e9animation\"]'),
(55, 'Chahrazed', 'Bendris', NULL, 'Female', NULL, '', '', '', '16003', NULL, 'Alger', '', 'Pédiatrie', 'Médecin', NULL, 0, NULL, NULL, NULL, NULL, 1, 0, NULL, NULL, NULL, 'Rue Des Freres Hadjani', '2026-02-15 08:49:53', '2026-02-15 08:49:53', 'Resident', 'centre', 'EPH', 'Pediatrie', '[\"P\\u00e9diatrie\"]'),
(56, 'pharmacie bejaia', 'pharmacie bejaia', NULL, 'male', NULL, NULL, NULL, NULL, NULL, NULL, 'Béjaïa', 'El Kseur', 'Pharmaciens', 'Pharmacien', '36.671861,4.857559', 0, NULL, NULL, NULL, NULL, 1, 0, NULL, NULL, NULL, 'Bejaia El kseur', '2026-04-01 11:19:16', '2026-04-01 11:19:16', NULL, NULL, NULL, NULL, NULL),
(57, 'relizane pharmacie', 'relizane pharmacie', NULL, 'male', NULL, NULL, NULL, NULL, NULL, NULL, 'Relizane', 'Ammi Moussa', 'Pharmaciens', 'Pharmacien', '35.824838,0.944975', 0, NULL, NULL, NULL, NULL, 1, 0, NULL, NULL, NULL, 'relizane ammi moussa pharmacie', '2026-04-10 12:03:39', '2026-04-10 12:03:39', NULL, NULL, NULL, NULL, NULL),
(58, 'Pharmaciens relizane 2 dc', 'Pharmaciens relizane 2 dc', NULL, 'male', NULL, NULL, NULL, NULL, NULL, 'Algérie', 'Relizane', 'El Matmar', 'Pharmaciens', 'Pharmacien', '35.733247,0.464941', 0, NULL, NULL, NULL, 'Dimanche, Lundi, Mardi, Mercredi, Jeudi', 1, 0, NULL, NULL, NULL, 'Pharmaciens relizane el matmar 2 dc', '2026-04-10 12:34:14', '2026-04-30 10:56:08', NULL, NULL, NULL, NULL, NULL);

-- --------------------------------------------------------

--
-- Structure de la table `dispensateur_positions`
--

CREATE TABLE `dispensateur_positions` (
  `id` bigint(20) UNSIGNED NOT NULL,
  `dispensateur_id` bigint(20) UNSIGNED NOT NULL,
  `sort_order` int(10) UNSIGNED NOT NULL DEFAULT 0,
  `is_primary` tinyint(1) NOT NULL DEFAULT 0,
  `pays` varchar(128) DEFAULT NULL,
  `wilaya` varchar(255) DEFAULT NULL,
  `commune` varchar(255) DEFAULT NULL,
  `position_gps` varchar(255) DEFAULT NULL,
  `adresse` varchar(500) DEFAULT NULL,
  `created_at` timestamp NULL DEFAULT NULL,
  `updated_at` timestamp NULL DEFAULT NULL
) ENGINE=InnoDB DEFAULT CHARSET=utf8mb4 COLLATE=utf8mb4_unicode_ci;

--
-- Déchargement des données de la table `dispensateur_positions`
--

INSERT INTO `dispensateur_positions` (`id`, `dispensateur_id`, `sort_order`, `is_primary`, `pays`, `wilaya`, `commune`, `position_gps`, `adresse`, `created_at`, `updated_at`) VALUES
(5, 58, 0, 1, 'Algérie', 'Relizane', 'El Matmar', '35.733247,0.464941', 'Pharmaciens relizane el matmar 2 dc', '2026-04-30 10:56:08', '2026-04-30 10:56:08'),
(6, 58, 1, 0, 'Algérie', 'Alger', 'Ben Aknoun', NULL, NULL, '2026-04-30 10:56:08', '2026-04-30 10:56:08');

-- --------------------------------------------------------

--
-- Structure de la table `dispensateur_working_day_positions`
--

CREATE TABLE `dispensateur_working_day_positions` (
  `id` bigint(20) UNSIGNED NOT NULL,
  `dispensateur_id` bigint(20) UNSIGNED NOT NULL,
  `dispensateur_position_id` bigint(20) UNSIGNED DEFAULT NULL,
  `day` varchar(16) NOT NULL,
  `created_at` timestamp NULL DEFAULT NULL,
  `updated_at` timestamp NULL DEFAULT NULL
) ENGINE=InnoDB DEFAULT CHARSET=utf8mb4 COLLATE=utf8mb4_unicode_ci;

--
-- Déchargement des données de la table `dispensateur_working_day_positions`
--

INSERT INTO `dispensateur_working_day_positions` (`id`, `dispensateur_id`, `dispensateur_position_id`, `day`, `created_at`, `updated_at`) VALUES
(11, 58, 5, 'Dimanche', '2026-04-30 10:56:08', '2026-04-30 10:56:08'),
(12, 58, 5, 'Lundi', '2026-04-30 10:56:08', '2026-04-30 10:56:08'),
(13, 58, 5, 'Mardi', '2026-04-30 10:56:08', '2026-04-30 10:56:08'),
(14, 58, 5, 'Mercredi', '2026-04-30 10:56:08', '2026-04-30 10:56:08'),
(15, 58, 6, 'Jeudi', '2026-04-30 10:56:08', '2026-04-30 10:56:08');

-- --------------------------------------------------------

--
-- Structure de la table `distributeurs`
--

CREATE TABLE `distributeurs` (
  `id` bigint(20) UNSIGNED NOT NULL,
  `name` varchar(255) NOT NULL,
  `lastName` varchar(255) DEFAULT NULL,
  `pseudo` varchar(255) DEFAULT NULL,
  `gender` varchar(255) DEFAULT NULL,
  `avatar` varchar(255) DEFAULT NULL,
  `email` varchar(255) DEFAULT NULL,
  `phone1` varchar(255) DEFAULT NULL,
  `phone2` varchar(255) DEFAULT NULL,
  `zip_code` varchar(255) DEFAULT NULL,
  `pays` varchar(128) DEFAULT NULL,
  `wilaya` varchar(255) DEFAULT NULL,
  `commune` varchar(255) DEFAULT NULL,
  `speciality` varchar(255) DEFAULT NULL,
  `profession` varchar(255) DEFAULT NULL,
  `position_gps` varchar(255) DEFAULT NULL,
  `gps_correction_count` int(10) UNSIGNED NOT NULL DEFAULT 0,
  `last_gps_corrected_at` timestamp NULL DEFAULT NULL,
  `last_gps_corrected_by` bigint(20) UNSIGNED DEFAULT NULL,
  `working_hours` varchar(255) DEFAULT NULL,
  `working_days` varchar(255) DEFAULT NULL,
  `status` tinyint(1) NOT NULL DEFAULT 1,
  `is_deleted` tinyint(1) NOT NULL DEFAULT 0,
  `deleted_by` bigint(20) UNSIGNED DEFAULT NULL,
  `archived_by` bigint(20) UNSIGNED DEFAULT NULL,
  `deleted_at` timestamp NULL DEFAULT NULL,
  `adresse` varchar(255) DEFAULT NULL,
  `created_at` timestamp NULL DEFAULT NULL,
  `updated_at` timestamp NULL DEFAULT NULL,
  `title` varchar(255) DEFAULT NULL,
  `sector` varchar(255) DEFAULT NULL,
  `institution` varchar(255) DEFAULT NULL,
  `workplace` varchar(255) DEFAULT NULL,
  `specialities` text DEFAULT NULL
) ENGINE=InnoDB DEFAULT CHARSET=utf8mb4 COLLATE=utf8mb4_unicode_ci;

--
-- Déchargement des données de la table `distributeurs`
--

INSERT INTO `distributeurs` (`id`, `name`, `lastName`, `pseudo`, `gender`, `avatar`, `email`, `phone1`, `phone2`, `zip_code`, `pays`, `wilaya`, `commune`, `speciality`, `profession`, `position_gps`, `gps_correction_count`, `last_gps_corrected_at`, `last_gps_corrected_by`, `working_hours`, `working_days`, `status`, `is_deleted`, `deleted_by`, `archived_by`, `deleted_at`, `adresse`, `created_at`, `updated_at`, `title`, `sector`, `institution`, `workplace`, `specialities`) VALUES
(1, 'Oiy', 'Pfuiy', 'Khjjy', 'male', NULL, 'yljkfkj@gmail.com', NULL, NULL, NULL, NULL, 'Alger', 'Zeralda', 'Grossiste', 'Grossiste', '36.673199, 2.844086', 0, NULL, NULL, '8:00 AM - 4:00 PM', 'Dimanche, Lundi, Mardi, Mercredi, Jeudi, Samedi', 1, 0, NULL, NULL, NULL, 'Alger, Zéralda', '2026-01-28 13:18:13', '2026-03-28 10:25:37', NULL, NULL, NULL, NULL, NULL),
(2, 'distributeur bejaia el kseur', 'distributeur bejaia el kseur', NULL, 'male', NULL, NULL, NULL, NULL, NULL, NULL, 'Béjaïa', 'El Kseur', 'Grossiste', 'Grossiste', '36.677368,4.856186', 0, NULL, NULL, NULL, NULL, 1, 0, NULL, NULL, NULL, 'distributeur bejaia el kseur', '2026-04-02 03:14:15', '2026-04-02 03:14:15', NULL, NULL, NULL, NULL, NULL),
(3, 'distributeur Relizane', 'distributeur Relizane', NULL, 'male', NULL, NULL, NULL, NULL, NULL, NULL, 'Relizane', 'Oued Rhiou', 'Grossiste', 'Grossiste', '35.951981,0.903963', 0, NULL, NULL, NULL, NULL, 1, 0, NULL, NULL, NULL, 'distributeur Relizane oued Rhiou', '2026-04-10 14:49:47', '2026-04-10 14:49:47', NULL, NULL, NULL, NULL, NULL);

-- --------------------------------------------------------

--
-- Structure de la table `distributeur_positions`
--

CREATE TABLE `distributeur_positions` (
  `id` bigint(20) UNSIGNED NOT NULL,
  `distributeur_id` bigint(20) UNSIGNED NOT NULL,
  `sort_order` int(10) UNSIGNED NOT NULL DEFAULT 0,
  `is_primary` tinyint(1) NOT NULL DEFAULT 0,
  `pays` varchar(128) DEFAULT NULL,
  `wilaya` varchar(255) DEFAULT NULL,
  `commune` varchar(255) DEFAULT NULL,
  `position_gps` varchar(255) DEFAULT NULL,
  `adresse` varchar(500) DEFAULT NULL,
  `created_at` timestamp NULL DEFAULT NULL,
  `updated_at` timestamp NULL DEFAULT NULL
) ENGINE=InnoDB DEFAULT CHARSET=utf8mb4 COLLATE=utf8mb4_unicode_ci;

-- --------------------------------------------------------

--
-- Structure de la table `distributeur_working_day_positions`
--

CREATE TABLE `distributeur_working_day_positions` (
  `id` bigint(20) UNSIGNED NOT NULL,
  `distributeur_id` bigint(20) UNSIGNED NOT NULL,
  `distributeur_position_id` bigint(20) UNSIGNED DEFAULT NULL,
  `day` varchar(16) NOT NULL,
  `created_at` timestamp NULL DEFAULT NULL,
  `updated_at` timestamp NULL DEFAULT NULL
) ENGINE=InnoDB DEFAULT CHARSET=utf8mb4 COLLATE=utf8mb4_unicode_ci;

-- --------------------------------------------------------

--
-- Structure de la table `failed_jobs`
--

CREATE TABLE `failed_jobs` (
  `id` bigint(20) UNSIGNED NOT NULL,
  `uuid` varchar(255) NOT NULL,
  `connection` text NOT NULL,
  `queue` text NOT NULL,
  `payload` longtext NOT NULL,
  `exception` longtext NOT NULL,
  `failed_at` timestamp NOT NULL DEFAULT current_timestamp()
) ENGINE=InnoDB DEFAULT CHARSET=utf8mb4 COLLATE=utf8mb4_unicode_ci;

-- --------------------------------------------------------

--
-- Structure de la table `goal_types`
--

CREATE TABLE `goal_types` (
  `id` bigint(20) UNSIGNED NOT NULL,
  `code` varchar(255) NOT NULL,
  `label` varchar(255) NOT NULL,
  `description` text DEFAULT NULL,
  `created_at` timestamp NULL DEFAULT NULL,
  `updated_at` timestamp NULL DEFAULT NULL
) ENGINE=InnoDB DEFAULT CHARSET=utf8mb4 COLLATE=utf8mb4_unicode_ci;

--
-- Déchargement des données de la table `goal_types`
--

INSERT INTO `goal_types` (`id`, `code`, `label`, `description`, `created_at`, `updated_at`) VALUES
(1, 'coverage', 'Couverture', 'Mesure le pourcentage de couverture d\'une cible (médecins, pharmacies, etc.)', '2026-02-20 14:43:03', '2026-02-20 14:43:03'),
(2, 'frequency', 'Fréquence', 'Mesure la fréquence de visites ou d\'interactions', '2026-02-20 14:43:03', '2026-02-20 14:43:03'),
(3, 'activity', 'Activité', 'Mesure l\'activité commerciale (visites, appels, etc.)', '2026-02-20 14:43:03', '2026-02-20 14:43:03'),
(4, 'product', 'Produit', 'Objectifs liés aux produits (visites produits, échantillons, etc.)', '2026-02-20 14:43:03', '2026-02-20 14:43:03'),
(5, 'sales', 'Ventes', 'Objectifs de ventes en unités ou en valeur monétaire', '2026-02-20 14:43:03', '2026-02-20 14:43:03'),
(6, 'execution', 'Exécution', 'Mesure la qualité d\'exécution ou le score de performance', '2026-02-20 14:43:03', '2026-02-20 14:43:03'),
(7, 'execution_quality', 'Qualité d\'exécution', 'Mesure la qualité d\'exécution ou le score de performance', '2026-02-20 14:43:03', '2026-02-20 14:43:03');

-- --------------------------------------------------------

--
-- Structure de la table `goal_type_units`
--

CREATE TABLE `goal_type_units` (
  `id` bigint(20) UNSIGNED NOT NULL,
  `goal_type_id` bigint(20) UNSIGNED NOT NULL,
  `goal_unit_id` bigint(20) UNSIGNED NOT NULL,
  `created_at` timestamp NULL DEFAULT NULL,
  `updated_at` timestamp NULL DEFAULT NULL
) ENGINE=InnoDB DEFAULT CHARSET=utf8mb4 COLLATE=utf8mb4_unicode_ci;

--
-- Déchargement des données de la table `goal_type_units`
--

INSERT INTO `goal_type_units` (`id`, `goal_type_id`, `goal_unit_id`, `created_at`, `updated_at`) VALUES
(1, 1, 1, '2026-02-20 14:43:03', '2026-02-20 14:43:03'),
(2, 1, 8, '2026-02-20 14:43:03', '2026-02-20 14:43:03'),
(3, 1, 2, '2026-02-20 14:43:03', '2026-02-20 14:43:03'),
(4, 2, 2, '2026-02-20 14:43:03', '2026-02-20 14:43:03'),
(5, 2, 3, '2026-02-20 14:43:03', '2026-02-20 14:43:03'),
(6, 3, 2, '2026-02-20 14:43:03', '2026-02-20 14:43:03'),
(7, 3, 3, '2026-02-20 14:43:03', '2026-02-20 14:43:03'),
(8, 3, 9, '2026-02-20 14:43:03', '2026-02-20 14:43:03'),
(9, 3, 10, '2026-02-20 14:43:03', '2026-02-20 14:43:03'),
(10, 4, 2, '2026-02-20 14:43:03', '2026-02-20 14:43:03'),
(11, 4, 10, '2026-02-20 14:43:03', '2026-02-20 14:43:03'),
(12, 4, 7, '2026-02-20 14:43:03', '2026-02-20 14:43:03'),
(13, 4, 4, '2026-02-20 14:43:03', '2026-02-20 14:43:03'),
(14, 5, 4, '2026-04-12 15:09:47', '2026-04-12 15:09:47'),
(15, 5, 5, '2026-04-12 15:09:47', '2026-04-12 15:09:47'),
(16, 5, 11, '2026-02-20 14:43:03', '2026-02-20 14:43:03'),
(17, 6, 1, '2026-04-12 15:09:47', '2026-04-12 15:09:47'),
(18, 6, 6, '2026-02-20 14:43:03', '2026-02-20 14:43:03'),
(19, 6, 12, '2026-02-20 14:43:03', '2026-02-20 14:43:03'),
(20, 7, 1, '2026-04-12 15:09:47', '2026-04-12 15:09:47'),
(21, 7, 6, '2026-02-20 14:43:03', '2026-02-20 14:43:03'),
(22, 7, 12, '2026-02-20 14:43:03', '2026-02-20 14:43:03'),
(23, 3, 14, '2026-04-12 15:09:47', '2026-04-12 15:09:47'),
(24, 3, 15, '2026-04-12 15:09:47', '2026-04-12 15:09:47'),
(25, 4, 13, '2026-04-12 15:09:47', '2026-04-12 15:09:47'),
(26, 6, 13, '2026-04-12 15:09:47', '2026-04-12 15:09:47'),
(27, 7, 13, '2026-04-12 15:09:47', '2026-04-12 15:09:47');

-- --------------------------------------------------------

--
-- Structure de la table `goal_units`
--

CREATE TABLE `goal_units` (
  `id` bigint(20) UNSIGNED NOT NULL,
  `code` varchar(255) NOT NULL,
  `label` varchar(255) NOT NULL,
  `description` text DEFAULT NULL,
  `created_at` timestamp NULL DEFAULT NULL,
  `updated_at` timestamp NULL DEFAULT NULL
) ENGINE=InnoDB DEFAULT CHARSET=utf8mb4 COLLATE=utf8mb4_unicode_ci;

--
-- Déchargement des données de la table `goal_units`
--

INSERT INTO `goal_units` (`id`, `code`, `label`, `description`, `created_at`, `updated_at`) VALUES
(1, 'percentage', 'Pourcentage (%)', 'Unité de mesure en pourcentage', '2026-02-20 14:43:03', '2026-02-20 14:43:03'),
(2, 'visits', 'Visites', 'Nombre de visites effectuées', '2026-02-20 14:43:03', '2026-02-20 14:43:03'),
(3, 'calls', 'Appels', 'Nombre d\'appels téléphoniques', '2026-02-20 14:43:03', '2026-02-20 14:43:03'),
(4, 'units', 'Unités', 'Nombre d\'unités vendues', '2026-02-20 14:43:03', '2026-02-20 14:43:03'),
(5, 'currency', 'Montant (DZD)', 'Valeur monétaire en dinars algériens', '2026-02-20 14:43:03', '2026-02-20 14:43:03'),
(6, 'score', 'Score', 'Score de performance ou qualité', '2026-02-20 14:43:03', '2026-02-20 14:43:03'),
(7, 'samples', 'Échantillons', 'Nombre d\'échantillons distribués', '2026-02-20 14:43:03', '2026-02-20 14:43:03'),
(8, 'targets_count', 'Nombre de cibles', 'Nombre de cibles couvertes ou visées', '2026-02-20 14:43:03', '2026-02-20 14:43:03'),
(9, 'interactions', 'Interactions', 'Nombre d\'interactions réalisées', '2026-02-20 14:43:03', '2026-02-20 14:43:03'),
(10, 'presentations', 'Présentations', 'Nombre de présentations effectuées', '2026-02-20 14:43:03', '2026-02-20 14:43:03'),
(11, 'orders', 'Commandes', 'Nombre de commandes', '2026-02-20 14:43:03', '2026-02-20 14:43:03'),
(12, 'forms_completed', 'Formulaires complétés', 'Nombre de formulaires complétés', '2026-02-20 14:43:03', '2026-02-20 14:43:03'),
(13, 'minutes', 'Minutes', 'Durée minimale ou maximale en minutes', '2026-04-12 15:09:47', '2026-04-12 15:09:47'),
(14, 'reports', 'Rapports', 'Nombre de rapports saisis', '2026-04-12 15:09:47', '2026-04-12 15:09:47'),
(15, 'coachings', 'Coachings', 'Nombre de coachings réalisés', '2026-04-12 15:09:47', '2026-04-12 15:09:47');

-- --------------------------------------------------------

--
-- Structure de la table `influenceurs_decideurs`
--

CREATE TABLE `influenceurs_decideurs` (
  `id` bigint(20) UNSIGNED NOT NULL,
  `name` varchar(255) NOT NULL,
  `lastName` varchar(255) DEFAULT NULL,
  `pseudo` varchar(255) DEFAULT NULL,
  `gender` varchar(255) DEFAULT NULL,
  `avatar` varchar(255) DEFAULT NULL,
  `email` varchar(255) DEFAULT NULL,
  `phone1` varchar(255) DEFAULT NULL,
  `phone2` varchar(255) DEFAULT NULL,
  `zip_code` varchar(255) DEFAULT NULL,
  `pays` varchar(128) DEFAULT NULL,
  `wilaya` varchar(255) DEFAULT NULL,
  `commune` varchar(255) DEFAULT NULL,
  `speciality` varchar(255) DEFAULT NULL,
  `profession` varchar(255) DEFAULT NULL,
  `position_gps` varchar(255) DEFAULT NULL,
  `gps_correction_count` int(10) UNSIGNED NOT NULL DEFAULT 0,
  `last_gps_corrected_at` timestamp NULL DEFAULT NULL,
  `last_gps_corrected_by` bigint(20) UNSIGNED DEFAULT NULL,
  `working_hours` varchar(255) DEFAULT NULL,
  `working_days` varchar(255) DEFAULT NULL,
  `status` tinyint(1) NOT NULL DEFAULT 1,
  `is_deleted` tinyint(1) NOT NULL DEFAULT 0,
  `deleted_by` bigint(20) UNSIGNED DEFAULT NULL,
  `archived_by` bigint(20) UNSIGNED DEFAULT NULL,
  `deleted_at` timestamp NULL DEFAULT NULL,
  `adresse` varchar(255) DEFAULT NULL,
  `title` varchar(255) DEFAULT NULL,
  `sector` varchar(255) DEFAULT NULL,
  `institution` varchar(255) DEFAULT NULL,
  `workplace` varchar(255) DEFAULT NULL,
  `specialities` text DEFAULT NULL,
  `created_at` timestamp NULL DEFAULT NULL,
  `updated_at` timestamp NULL DEFAULT NULL
) ENGINE=InnoDB DEFAULT CHARSET=utf8mb4 COLLATE=utf8mb4_unicode_ci;

-- --------------------------------------------------------

--
-- Structure de la table `influenceur_decideur_positions`
--

CREATE TABLE `influenceur_decideur_positions` (
  `id` bigint(20) UNSIGNED NOT NULL,
  `influenceur_decideur_id` bigint(20) UNSIGNED NOT NULL,
  `sort_order` int(10) UNSIGNED NOT NULL DEFAULT 0,
  `is_primary` tinyint(1) NOT NULL DEFAULT 0,
  `pays` varchar(128) DEFAULT NULL,
  `wilaya` varchar(255) DEFAULT NULL,
  `commune` varchar(255) DEFAULT NULL,
  `position_gps` varchar(255) DEFAULT NULL,
  `adresse` varchar(500) DEFAULT NULL,
  `created_at` timestamp NULL DEFAULT NULL,
  `updated_at` timestamp NULL DEFAULT NULL
) ENGINE=InnoDB DEFAULT CHARSET=utf8mb4 COLLATE=utf8mb4_unicode_ci;

-- --------------------------------------------------------

--
-- Structure de la table `influenceur_decideur_working_day_positions`
--

CREATE TABLE `influenceur_decideur_working_day_positions` (
  `id` bigint(20) UNSIGNED NOT NULL,
  `influenceur_decideur_id` bigint(20) UNSIGNED NOT NULL,
  `influenceur_decideur_position_id` bigint(20) UNSIGNED DEFAULT NULL,
  `day` varchar(16) NOT NULL,
  `created_at` timestamp NULL DEFAULT NULL,
  `updated_at` timestamp NULL DEFAULT NULL
) ENGINE=InnoDB DEFAULT CHARSET=utf8mb4 COLLATE=utf8mb4_unicode_ci;

-- --------------------------------------------------------

--
-- Structure de la table `institutions_sante`
--

CREATE TABLE `institutions_sante` (
  `id` bigint(20) UNSIGNED NOT NULL,
  `name` varchar(255) NOT NULL,
  `lastName` varchar(255) DEFAULT NULL,
  `pseudo` varchar(255) DEFAULT NULL,
  `gender` varchar(255) DEFAULT NULL,
  `avatar` varchar(255) DEFAULT NULL,
  `email` varchar(255) DEFAULT NULL,
  `phone1` varchar(255) DEFAULT NULL,
  `phone2` varchar(255) DEFAULT NULL,
  `zip_code` varchar(255) DEFAULT NULL,
  `pays` varchar(128) DEFAULT NULL,
  `wilaya` varchar(255) DEFAULT NULL,
  `commune` varchar(255) DEFAULT NULL,
  `speciality` varchar(255) DEFAULT NULL,
  `profession` varchar(255) DEFAULT NULL,
  `position_gps` varchar(255) DEFAULT NULL,
  `gps_correction_count` int(10) UNSIGNED NOT NULL DEFAULT 0,
  `last_gps_corrected_at` timestamp NULL DEFAULT NULL,
  `last_gps_corrected_by` bigint(20) UNSIGNED DEFAULT NULL,
  `working_hours` varchar(255) DEFAULT NULL,
  `working_days` varchar(255) DEFAULT NULL,
  `status` tinyint(1) NOT NULL DEFAULT 1,
  `is_deleted` tinyint(1) NOT NULL DEFAULT 0,
  `deleted_by` bigint(20) UNSIGNED DEFAULT NULL,
  `archived_by` bigint(20) UNSIGNED DEFAULT NULL,
  `deleted_at` timestamp NULL DEFAULT NULL,
  `adresse` varchar(255) DEFAULT NULL,
  `title` varchar(255) DEFAULT NULL,
  `sector` varchar(255) DEFAULT NULL,
  `institution` varchar(255) DEFAULT NULL,
  `workplace` varchar(255) DEFAULT NULL,
  `specialities` text DEFAULT NULL,
  `created_at` timestamp NULL DEFAULT NULL,
  `updated_at` timestamp NULL DEFAULT NULL
) ENGINE=InnoDB DEFAULT CHARSET=utf8mb4 COLLATE=utf8mb4_unicode_ci;

-- --------------------------------------------------------

--
-- Structure de la table `institution_sante_positions`
--

CREATE TABLE `institution_sante_positions` (
  `id` bigint(20) UNSIGNED NOT NULL,
  `institution_sante_id` bigint(20) UNSIGNED NOT NULL,
  `sort_order` int(10) UNSIGNED NOT NULL DEFAULT 0,
  `is_primary` tinyint(1) NOT NULL DEFAULT 0,
  `pays` varchar(128) DEFAULT NULL,
  `wilaya` varchar(255) DEFAULT NULL,
  `commune` varchar(255) DEFAULT NULL,
  `position_gps` varchar(255) DEFAULT NULL,
  `adresse` varchar(500) DEFAULT NULL,
  `created_at` timestamp NULL DEFAULT NULL,
  `updated_at` timestamp NULL DEFAULT NULL
) ENGINE=InnoDB DEFAULT CHARSET=utf8mb4 COLLATE=utf8mb4_unicode_ci;

-- --------------------------------------------------------

--
-- Structure de la table `institution_sante_working_day_positions`
--

CREATE TABLE `institution_sante_working_day_positions` (
  `id` bigint(20) UNSIGNED NOT NULL,
  `institution_sante_id` bigint(20) UNSIGNED NOT NULL,
  `institution_sante_position_id` bigint(20) UNSIGNED DEFAULT NULL,
  `day` varchar(16) NOT NULL,
  `created_at` timestamp NULL DEFAULT NULL,
  `updated_at` timestamp NULL DEFAULT NULL
) ENGINE=InnoDB DEFAULT CHARSET=utf8mb4 COLLATE=utf8mb4_unicode_ci;

-- --------------------------------------------------------

--
-- Structure de la table `kol_entries`
--

CREATE TABLE `kol_entries` (
  `id` bigint(20) UNSIGNED NOT NULL,
  `client_id` bigint(20) UNSIGNED NOT NULL,
  `organisation_id` bigint(20) UNSIGNED DEFAULT NULL,
  `organisation_node_id` bigint(20) UNSIGNED DEFAULT NULL,
  `organisation_node_unit_id` bigint(20) UNSIGNED DEFAULT NULL,
  `zone_scope_id` bigint(20) UNSIGNED DEFAULT NULL,
  `zone_scope_target_form_id` bigint(20) UNSIGNED DEFAULT NULL,
  `client_form_snapshot_id` bigint(20) UNSIGNED DEFAULT NULL,
  `target_key` varchar(64) NOT NULL,
  `contact_entity_id` bigint(20) UNSIGNED DEFAULT NULL,
  `contact_source` varchar(32) DEFAULT NULL,
  `contact_label` varchar(255) NOT NULL,
  `contact_snapshot` longtext CHARACTER SET utf8mb4 COLLATE utf8mb4_bin DEFAULT NULL CHECK (json_valid(`contact_snapshot`)),
  `client_user_id` bigint(20) UNSIGNED NOT NULL,
  `answers` longtext CHARACTER SET utf8mb4 COLLATE utf8mb4_bin DEFAULT NULL CHECK (json_valid(`answers`)),
  `related_interaction` longtext CHARACTER SET utf8mb4 COLLATE utf8mb4_bin DEFAULT NULL CHECK (json_valid(`related_interaction`)),
  `validated_at` timestamp NULL DEFAULT NULL,
  `created_at` timestamp NULL DEFAULT NULL,
  `updated_at` timestamp NULL DEFAULT NULL
) ENGINE=InnoDB DEFAULT CHARSET=utf8mb4 COLLATE=utf8mb4_unicode_ci;

--
-- Déchargement des données de la table `kol_entries`
--

INSERT INTO `kol_entries` (`id`, `client_id`, `organisation_id`, `organisation_node_id`, `organisation_node_unit_id`, `zone_scope_id`, `zone_scope_target_form_id`, `client_form_snapshot_id`, `target_key`, `contact_entity_id`, `contact_source`, `contact_label`, `contact_snapshot`, `client_user_id`, `answers`, `related_interaction`, `validated_at`, `created_at`, `updated_at`) VALUES
(1, 4, 6, NULL, NULL, 94, 145, 8, 'dispensateurs', 58, 'client_pf', 'Pharmaciens relizane 2 dc Pharmaciens relizane 2 dc', '{\"entity_id\":58,\"source\":\"client_pf\"}', 10, '{\"q_1\":\"oui ta3 dc li darou\"}', NULL, '2026-04-10 12:34:31', '2026-04-10 12:34:31', '2026-04-10 12:34:31'),
(2, 4, 6, NULL, NULL, 94, 145, 8, 'dispensateurs', 57, 'client_pf', 'relizane pharmacie relizane pharmacie', '{\"entity_id\":57,\"source\":\"client_pf\"}', 10, '{\"q_1\":\"oui hada ta3 l visite li darou l vp dyali\"}', '{\"kind\":\"visite\",\"id\":4,\"label\":\"VISITE #4 \\u2014 relizane pharmacie relizane pharmacie \\u2014 10\\/04\\/2026 13:03\",\"started_at\":\"2026-04-10 13:03:39\"}', '2026-04-10 12:35:12', '2026-04-10 12:35:12', '2026-04-10 12:35:12'),
(3, 4, 6, NULL, NULL, 94, 143, 7, 'prescripteurs', 62, 'client_pf', 'medecin rahmania cardiologue medecin rahmania cardiologue', '{\"entity_id\":62,\"source\":\"client_pf\"}', 10, '{\"q_1\":\"oui bayna\"}', '{\"kind\":\"visite\",\"id\":8,\"label\":\"VISITE #8 \\u2014 medecin rahmania cardiologue medecin rahmania cardiologue \\u2014 11\\/04\\/2026 13:16\",\"started_at\":\"2026-04-11 13:16:05\"}', '2026-04-11 12:42:35', '2026-04-11 12:42:35', '2026-04-11 12:42:35'),
(4, 4, 6, 58, 64, 94, 143, 7, 'prescripteurs', 62, 'client_pf', 'medecin rahmania cardiologue medecin rahmania cardiologue', '{\"entity_id\":62,\"source\":\"client_pf\"}', 10, '{\"q_1\":\"oui c\'est moi le dr avec ma visite\"}', '{\"kind\":\"visite\",\"id\":11,\"label\":\"Visite \\u00b7 DR CENTRE \\u00b7 Mohamed islam Sayhi \\u00b7 (Alger - Ouled Fayet) \\u00b7 medecin rahmania cardiologue medecin rahmania cardiologue\",\"started_at\":\"2026-04-11 15:49:56\"}', '2026-04-11 15:01:55', '2026-04-11 15:01:55', '2026-04-11 15:01:55'),
(5, 4, 6, 58, 64, 94, 143, 7, 'prescripteurs', 62, 'client_pf', 'medecin rahmania cardiologue medecin rahmania cardiologue', '{\"entity_id\":62,\"source\":\"client_pf\"}', 10, '{\"q_1\":\"oui c\'est moi le dr avec mon enfant vm 2 centre\"}', '{\"kind\":\"visite\",\"id\":9,\"label\":\"Visite \\u00b7 VM2 CENTRE \\u00b7 Mohamed islam Sayhi \\u00b7 (Alger - Ouled Fayet) \\u00b7 medecin rahmania cardiologue medecin rahmania cardiologue\",\"started_at\":\"2026-04-11 13:46:39\"}', '2026-04-11 15:02:24', '2026-04-11 15:02:24', '2026-04-11 15:02:24');

-- --------------------------------------------------------

--
-- Structure de la table `landing_blog_posts`
--

CREATE TABLE `landing_blog_posts` (
  `id` bigint(20) UNSIGNED NOT NULL,
  `sort_order` smallint(5) UNSIGNED NOT NULL DEFAULT 0,
  `is_active` tinyint(1) NOT NULL DEFAULT 1,
  `date_day` varchar(16) DEFAULT NULL,
  `date_month` varchar(32) DEFAULT NULL,
  `category` varchar(255) DEFAULT NULL,
  `comments_label` varchar(255) DEFAULT NULL,
  `title` varchar(500) NOT NULL,
  `excerpt` text DEFAULT NULL,
  `url` varchar(2048) DEFAULT NULL,
  `image_path` varchar(512) DEFAULT NULL,
  `created_at` timestamp NULL DEFAULT NULL,
  `updated_at` timestamp NULL DEFAULT NULL
) ENGINE=InnoDB DEFAULT CHARSET=utf8mb4 COLLATE=utf8mb4_unicode_ci;

-- --------------------------------------------------------

--
-- Structure de la table `landing_brand_logos`
--

CREATE TABLE `landing_brand_logos` (
  `id` bigint(20) UNSIGNED NOT NULL,
  `sort_order` smallint(5) UNSIGNED NOT NULL DEFAULT 0,
  `is_active` tinyint(1) NOT NULL DEFAULT 1,
  `image_path` varchar(512) NOT NULL,
  `url` varchar(2048) DEFAULT NULL,
  `created_at` timestamp NULL DEFAULT NULL,
  `updated_at` timestamp NULL DEFAULT NULL
) ENGINE=InnoDB DEFAULT CHARSET=utf8mb4 COLLATE=utf8mb4_unicode_ci;

-- --------------------------------------------------------

--
-- Structure de la table `landing_contact_messages`
--

CREATE TABLE `landing_contact_messages` (
  `id` bigint(20) UNSIGNED NOT NULL,
  `name` varchar(255) NOT NULL,
  `email` varchar(255) NOT NULL,
  `phone` varchar(100) DEFAULT NULL,
  `message` text NOT NULL,
  `read_at` timestamp NULL DEFAULT NULL,
  `created_at` timestamp NULL DEFAULT NULL,
  `updated_at` timestamp NULL DEFAULT NULL
) ENGINE=InnoDB DEFAULT CHARSET=utf8mb4 COLLATE=utf8mb4_unicode_ci;

-- --------------------------------------------------------

--
-- Structure de la table `landing_page_sections`
--

CREATE TABLE `landing_page_sections` (
  `id` bigint(20) UNSIGNED NOT NULL,
  `slug` varchar(64) NOT NULL,
  `label` varchar(128) NOT NULL,
  `content` longtext CHARACTER SET utf8mb4 COLLATE utf8mb4_bin NOT NULL CHECK (json_valid(`content`)),
  `created_at` timestamp NULL DEFAULT NULL,
  `updated_at` timestamp NULL DEFAULT NULL
) ENGINE=InnoDB DEFAULT CHARSET=utf8mb4 COLLATE=utf8mb4_unicode_ci;

--
-- Déchargement des données de la table `landing_page_sections`
--

INSERT INTO `landing_page_sections` (`id`, `slug`, `label`, `content`, `created_at`, `updated_at`) VALUES
(1, 'accueil', 'Accueil', '{\"meta_title\":\"Solvior - Business Consulting\",\"meta_description\":\"\"}', '2026-03-29 16:51:44', '2026-03-29 16:51:44'),
(2, 'a-propos', 'À propos', '{\"sub_title\":\"\\/\\/ Number #1 solver agency\",\"title\":\"Empowering your business vision\",\"body\":\"Our mission is to empower on businesses off all sizes to thrive business ever changes is marketplaces. We are all committee the delivering in exceptional value markets strategic innovative.\",\"author_name\":\"Burdee Nicolas\",\"author_role\":\"Co. Founder\",\"bullet_1\":\"Expertise and experience\",\"bullet_2\":\"Client Centric approach\",\"bullet_3\":\"Commitment excellences\",\"button_label\":\"Free consultation\",\"button_url\":\"#contact\",\"stat_number\":\"20\",\"stat_label\":\"Years more of business consulting experiences we have.\"}', '2026-03-29 16:51:44', '2026-03-29 16:51:44'),
(3, 'contact', 'Contact', '{\"sub_title\":\"\\/\\/ Meet our team\",\"title\":\"Let\'s discuss further to get better results\",\"body\":\"Our mission is to empowers businesses off our all size too thrive in an businesses ever changing marketplaces. In today dynamicis business environment, the key to success lies.\",\"cta_label\":\"Contact us\",\"cta_url\":\"#contact\",\"form_sidebar_title\":\"Feel free to get in touch or visit our location.\",\"email\":\"support@solvior.com\",\"address\":\"Elviraton, CA 48998\",\"phone\":\"(000) 123 456 789\"}', '2026-03-29 16:51:44', '2026-03-29 16:51:44'),
(4, 'services', 'Services (offres)', '{\"sub_title\":\"\",\"title\":\"\"}', '2026-03-29 16:51:44', '2026-03-29 16:51:44'),
(5, 'progress', 'Expertise (chiffres clés)', '[]', '2026-03-29 16:51:44', '2026-03-29 16:51:44'),
(6, 'equipe', 'Équipe', '[]', '2026-03-29 16:51:44', '2026-03-29 16:51:44'),
(7, 'marques', 'Bandeau marques', '[]', '2026-03-29 16:51:44', '2026-03-29 16:51:44'),
(8, 'projets', 'Projets & bandeau', '[]', '2026-03-29 16:51:44', '2026-03-29 16:51:44'),
(9, 'temoignages', 'Témoignages', '[]', '2026-03-29 16:51:44', '2026-03-29 16:51:44'),
(10, 'blog', 'Blog (aperçu)', '[]', '2026-03-29 16:51:44', '2026-03-29 16:51:44'),
(11, 'cta', 'Bandeau CTA', '[]', '2026-03-29 16:51:44', '2026-03-29 16:51:44'),
(12, 'footer', 'Pied de page', '[]', '2026-03-29 16:51:44', '2026-03-29 16:51:44');

-- --------------------------------------------------------

--
-- Structure de la table `landing_project_cards`
--

CREATE TABLE `landing_project_cards` (
  `id` bigint(20) UNSIGNED NOT NULL,
  `sort_order` smallint(5) UNSIGNED NOT NULL DEFAULT 0,
  `is_active` tinyint(1) NOT NULL DEFAULT 1,
  `image_path` varchar(512) DEFAULT NULL,
  `title` varchar(500) NOT NULL,
  `project_url` varchar(2048) DEFAULT NULL,
  `view_label` varchar(255) DEFAULT NULL,
  `tag1` varchar(255) DEFAULT NULL,
  `tag2` varchar(255) DEFAULT NULL,
  `created_at` timestamp NULL DEFAULT NULL,
  `updated_at` timestamp NULL DEFAULT NULL
) ENGINE=InnoDB DEFAULT CHARSET=utf8mb4 COLLATE=utf8mb4_unicode_ci;

-- --------------------------------------------------------

--
-- Structure de la table `landing_service_cards`
--

CREATE TABLE `landing_service_cards` (
  `id` bigint(20) UNSIGNED NOT NULL,
  `sort_order` smallint(5) UNSIGNED NOT NULL DEFAULT 0,
  `is_active` tinyint(1) NOT NULL DEFAULT 1,
  `number_label` varchar(16) DEFAULT NULL,
  `title` varchar(255) NOT NULL,
  `description` text DEFAULT NULL,
  `button_label` varchar(255) DEFAULT NULL,
  `button_url` varchar(255) DEFAULT NULL,
  `icon_class` varchar(64) DEFAULT NULL,
  `image_path` varchar(255) DEFAULT NULL,
  `created_at` timestamp NULL DEFAULT NULL,
  `updated_at` timestamp NULL DEFAULT NULL
) ENGINE=InnoDB DEFAULT CHARSET=utf8mb4 COLLATE=utf8mb4_unicode_ci;

-- --------------------------------------------------------

--
-- Structure de la table `landing_site_settings`
--

CREATE TABLE `landing_site_settings` (
  `id` bigint(20) UNSIGNED NOT NULL,
  `primary_color` varchar(32) NOT NULL DEFAULT '#0075ff',
  `secondary_color` varchar(32) NOT NULL DEFAULT '#051229',
  `accent_color` varchar(32) NOT NULL DEFAULT '#dfecfd',
  `contact_notification_emails` text DEFAULT NULL,
  `logo_path` varchar(255) DEFAULT NULL,
  `logo_width` smallint(5) UNSIGNED DEFAULT NULL,
  `logo_height` smallint(5) UNSIGNED DEFAULT NULL,
  `created_at` timestamp NULL DEFAULT NULL,
  `updated_at` timestamp NULL DEFAULT NULL,
  `client_auth_illustration_path` varchar(255) DEFAULT NULL,
  `client_auth_background_path` varchar(255) DEFAULT NULL,
  `client_auth_background_mode` varchar(255) DEFAULT NULL
) ENGINE=InnoDB DEFAULT CHARSET=utf8mb4 COLLATE=utf8mb4_unicode_ci;

--
-- Déchargement des données de la table `landing_site_settings`
--

INSERT INTO `landing_site_settings` (`id`, `primary_color`, `secondary_color`, `accent_color`, `contact_notification_emails`, `logo_path`, `logo_width`, `logo_height`, `created_at`, `updated_at`, `client_auth_illustration_path`, `client_auth_background_path`, `client_auth_background_mode`) VALUES
(1, '#0075ff', '#051229', '#dfecfd', NULL, NULL, NULL, NULL, '2026-04-29 19:30:33', '2026-04-29 19:30:33', NULL, NULL, NULL);

-- --------------------------------------------------------

--
-- Structure de la table `landing_sliders`
--

CREATE TABLE `landing_sliders` (
  `id` bigint(20) UNSIGNED NOT NULL,
  `sort_order` smallint(5) UNSIGNED NOT NULL DEFAULT 0,
  `is_active` tinyint(1) NOT NULL DEFAULT 1,
  `image_path` varchar(255) NOT NULL,
  `sub_title` varchar(255) DEFAULT NULL,
  `title` varchar(255) NOT NULL,
  `feature_text` text DEFAULT NULL,
  `button_label` varchar(255) DEFAULT NULL,
  `button_url` varchar(255) DEFAULT NULL,
  `created_at` timestamp NULL DEFAULT NULL,
  `updated_at` timestamp NULL DEFAULT NULL
) ENGINE=InnoDB DEFAULT CHARSET=utf8mb4 COLLATE=utf8mb4_unicode_ci;

-- --------------------------------------------------------

--
-- Structure de la table `landing_team_members`
--

CREATE TABLE `landing_team_members` (
  `id` bigint(20) UNSIGNED NOT NULL,
  `sort_order` smallint(5) UNSIGNED NOT NULL DEFAULT 0,
  `is_active` tinyint(1) NOT NULL DEFAULT 1,
  `name` varchar(255) NOT NULL,
  `role` varchar(255) DEFAULT NULL,
  `image_path` varchar(512) DEFAULT NULL,
  `linkedin_url` varchar(512) DEFAULT NULL,
  `twitter_url` varchar(512) DEFAULT NULL,
  `instagram_url` varchar(512) DEFAULT NULL,
  `facebook_url` varchar(512) DEFAULT NULL,
  `created_at` timestamp NULL DEFAULT NULL,
  `updated_at` timestamp NULL DEFAULT NULL
) ENGINE=InnoDB DEFAULT CHARSET=utf8mb4 COLLATE=utf8mb4_unicode_ci;

-- --------------------------------------------------------

--
-- Structure de la table `landing_testimonials`
--

CREATE TABLE `landing_testimonials` (
  `id` bigint(20) UNSIGNED NOT NULL,
  `sort_order` smallint(5) UNSIGNED NOT NULL DEFAULT 0,
  `is_active` tinyint(1) NOT NULL DEFAULT 1,
  `quote` text NOT NULL,
  `author_name` varchar(255) NOT NULL,
  `designation` varchar(255) DEFAULT NULL,
  `author_image_path` varchar(512) DEFAULT NULL,
  `rating_percent` tinyint(3) UNSIGNED DEFAULT NULL,
  `created_at` timestamp NULL DEFAULT NULL,
  `updated_at` timestamp NULL DEFAULT NULL
) ENGINE=InnoDB DEFAULT CHARSET=utf8mb4 COLLATE=utf8mb4_unicode_ci;

-- --------------------------------------------------------

--
-- Structure de la table `migrations`
--

CREATE TABLE `migrations` (
  `id` int(10) UNSIGNED NOT NULL,
  `migration` varchar(255) NOT NULL,
  `batch` int(11) NOT NULL
) ENGINE=InnoDB DEFAULT CHARSET=utf8mb4 COLLATE=utf8mb4_unicode_ci;

--
-- Déchargement des données de la table `migrations`
--

INSERT INTO `migrations` (`id`, `migration`, `batch`) VALUES
(7, '2014_10_12_000000_create_users_table', 1),
(8, '2014_10_12_100000_create_password_reset_tokens_table', 1),
(9, '2014_10_12_100000_create_password_resets_table', 1),
(10, '2019_08_19_000000_create_failed_jobs_table', 1),
(11, '2019_12_14_000001_create_personal_access_tokens_table', 1),
(12, '2026_01_24_134758_create_admins_table', 1),
(15, '2026_01_25_104306_create_medecins_table', 2),
(16, '2026_01_25_141110_create_wilayas_table', 3),
(19, '2026_01_28_135828_create_pharmaciens_table', 5),
(20, '2026_01_28_135830_create_grossistes_table', 5),
(21, '2026_01_28_135831_create_super_gros_table', 5),
(24, '2026_01_28_000001_create_specialities_table', 6),
(25, '2026_01_28_000002_create_professions_table', 6),
(26, '2026_01_29_000000_add_phone2_to_admins_table', 7),
(27, '2026_01_29_120000_create_roles_table', 7),
(28, '2026_01_30_000000_add_archived_at_to_roles_table', 8),
(29, '2026_01_29_153730_create_clients_table', 9),
(30, '2026_01_29_160000_make_role_id_nullable_on_admins_table', 9),
(31, '2026_01_30_100000_add_default_admin_id_to_clients_table', 9),
(32, '2026_01_30_110000_create_client_access_table', 9),
(33, '2026_01_30_120000_create_client_users_table', 10),
(34, '2026_01_30_120001_replace_default_admin_with_client_user_on_clients', 10),
(35, '2026_01_30_130000_add_gender_to_clients_table', 11),
(36, '2026_01_30_140000_create_client_roles_table', 12),
(37, '2026_01_30_140001_add_client_role_id_to_client_users_table', 12),
(38, '2026_01_30_150000_add_description_permissions_archived_at_to_client_roles_table', 12),
(39, '2026_02_01_100000_create_zones_table', 13),
(40, '2026_02_01_100002_add_zone_id_to_wilayas_table', 13),
(41, '2026_02_01_100003_add_zone_id_to_communes_table', 13),
(42, '2026_02_01_125307_create_products_table', 14),
(43, '2026_02_02_144134_create_demande_resources_table', 15),
(44, '2026_02_03_000001_add_invite_token_to_client_users_table', 15),
(45, '2026_02_04_100000_add_invite_token_to_admins_table', 16),
(46, '2026_02_04_001800_create_org_nodes_table', 17),
(47, '2026_02_04_001804_create_org_node_edges_table', 17),
(48, '2026_02_04_001806_create_org_node_client_roles_table', 17),
(49, '2026_02_04_001810_create_client_user_org_nodes_table', 17),
(50, '2026_02_04_002000_remove_client_id_from_org_structure', 17),
(51, '2026_02_05_100000_add_org_node_id_to_client_roles_table', 18),
(53, '2026_02_06_100000_add_scope_to_org_node_client_roles_table', 19),
(54, '2026_02_06_100001_create_org_functional_groups_table', 20),
(55, '2026_02_06_100002_add_scope_to_org_node_client_roles_table', 21),
(56, '2026_02_07_100000_create_client_org_groups_table', 22),
(57, '2026_02_07_100001_create_client_user_org_groups_table', 22),
(58, '2026_02_08_100000_add_max_occurrences_per_client_to_org_nodes_table', 23),
(59, '2026_02_10_100000_make_zones_per_client_with_pivots', 24),
(60, '2026_02_12_100000_add_org_node_and_parent_to_zones', 25),
(61, '2026_02_05_120000_add_owner_and_attributions_to_zones', 26),
(62, '2026_02_13_100000_add_owner_and_attributions_to_zones', 27),
(63, '2026_02_15_100000_add_zone_scopes_status_history_conflicts', 27),
(64, '2026_02_16_100000_scope_products_and_visibility', 28),
(65, '2026_02_17_100000_zone_scopes_status_draft_active_archived', 29),
(66, '2026_02_05_120000_add_zone_product_for_affectations', 30),
(67, '2026_02_03_140520_create_admin_password_reset_tokens_table', 31),
(68, '2026_02_08_120000_create_whatsapp_sessions_table', 31),
(69, '2026_02_05_140000_add_created_by_to_zone_scopes', 32),
(70, '2026_02_20_120000_add_draft_territory_to_zone_scopes', 33),
(71, '2026_02_10_140000_add_phone_country_code_to_clients_table', 34),
(72, '2026_02_10_160000_add_notification_preferences_to_admins_table', 34),
(73, '2026_02_10_170000_create_admin_devices_table', 34),
(74, '2026_02_11_120000_add_two_factor_method_to_admins_table', 35),
(75, '2026_02_11_170000_create_client_devices_table', 35),
(76, '2026_02_11_170001_add_two_factor_enabled_to_client_users_table', 35),
(77, '2026_02_11_180000_create_product_presentation_requests_table', 36),
(78, '2026_02_11_180010_create_product_presentation_request_assignees_table', 37),
(79, '2026_02_11_180020_create_product_presentations_table', 37),
(80, '2026_02_11_180030_create_product_presentation_views_table', 37),
(81, '2026_02_12_120000_create_zone_scope_product_presentations_table', 38),
(82, '2026_02_21_100000_zone_scope_types_and_targets', 39),
(83, '2026_02_22_100000_client_geo_zones_and_bricks', 40),
(84, '2026_02_23_100000_client_pf_panel_imports', 41),
(85, '2026_02_24_100000_pf_rows_add_entity_type', 42),
(86, '2026_02_24_110000_pf_entities_add_extended_attributes', 43),
(87, '2026_02_25_100000_create_client_forms_and_questions_tables', 44),
(88, '2026_02_15_120000_create_client_form_requests_tables', 45),
(89, '2026_02_26_100000_add_visit_form_and_target_to_zone_scopes', 46),
(90, '2026_02_27_100000_add_targets_mask_to_org_nodes', 47),
(91, '2026_02_13_120000_add_position_to_org_nodes_table', 48),
(92, '2026_02_22_100000_add_targets_mask_to_zone_scope_types', 49),
(93, '2026_02_17_100000_add_wizard_fields_and_targets_to_zone_scopes', 50),
(94, '2026_02_17_100001_create_zone_scope_target_specialities_table', 50),
(95, '2026_02_17_100002_create_zone_scope_target_forms_table', 50),
(96, '2026_02_17_131839_add_targets_mask_to_zone_scope_types_table', 50),
(97, '2026_02_26_130000_create_zone_scope_goals_table', 51),
(98, '2026_02_27_100000_add_multi_and_territory_to_zone_scope_goals', 52),
(99, '2026_02_27_100000_create_zone_scope_goals_table', 52),
(100, '2026_02_17_134336_create_sessions_table', 53),
(101, '2026_02_17_140000_create_activity_logs_table', 53),
(102, '2026_02_18_134719_separate_formulaires_and_sondages_tables', 53),
(103, '2026_02_18_150000_extend_client_forms_type_for_formulaire_types', 54),
(104, '2026_02_28_100000_create_goal_types_table', 54),
(105, '2026_02_28_100001_create_goal_units_table', 54),
(106, '2026_02_28_100002_create_goal_type_units_table', 54),
(107, '2026_02_28_100003_modify_zone_scope_goals_add_foreign_keys', 54),
(108, '2026_02_28_120000_create_cycle_plan_table', 55),
(109, '2026_02_28_120001_add_cycle_plan_id_to_zone_scopes', 55),
(110, '2026_02_28_120002_create_zone_scope_realisateurs_table', 56),
(111, '2026_02_22_200000_create_scope_assignments_table', 57),
(112, '2026_02_28_100000_add_is_field_user_to_client_users_table', 58),
(113, '2026_02_28_100001_create_client_user_territories_table', 58),
(114, '2026_02_29_100000_add_uses_univers_to_clients_table', 59),
(115, '2026_02_29_100001_create_organisations_table', 59),
(116, '2026_02_29_100002_create_organisation_territories_table', 59),
(117, '2026_02_29_100003_create_organisation_nodes_table', 59),
(118, '2026_02_29_100004_create_client_user_organisations_table', 59),
(119, '2026_03_01_100000_add_is_prepared_to_organisations_table', 60),
(120, '2026_03_01_100001_add_is_strategy_creator_to_client_user_organisations_table', 60),
(121, '2026_03_01_100002_add_org_node_id_to_organisation_nodes_table', 61),
(122, '2026_02_25_100000_create_organisation_node_parents_table', 62),
(123, '2026_02_25_100001_create_organisation_territory_repartitions_table', 63),
(124, '2026_02_25_100002_create_organisation_node_user_territories_table', 64),
(125, '2026_02_26_100000_create_organisation_node_units_table', 65),
(126, '2026_02_26_100001_add_organisation_node_unit_id_to_client_user_organisations', 65),
(127, '2026_03_02_100000_add_parent_organisation_node_id_to_organisation_node_units_table', 66),
(129, '2026_03_02_100001_add_parent_organisation_node_unit_id_to_organisation_node_units_table', 67),
(130, '2026_03_03_100000_create_organisation_node_unit_territories_table', 68),
(131, '2026_03_05_100000_create_organisation_territory_coverage_notes_table', 69),
(132, '2026_02_26_120000_add_restrict_bricks_to_selected_to_client_geo_settings', 70),
(133, '2026_02_26_150000_add_is_suggested_to_organisation_territory_repartitions', 71),
(134, '2026_02_26_160000_add_is_suggested_to_organisation_node_unit_territories', 72),
(135, '2026_03_06_100000_create_client_territories_table', 73),
(136, '2026_03_06_100001_create_organisation_territory_assignments_table', 73),
(137, '2026_02_26_200000_create_organisation_terrain_unit_snapshots_table', 74),
(138, '2026_02_26_210000_add_is_bureau_visibilite_to_organisation_terrain_unit_snapshots', 75),
(139, '2026_02_26_220000_add_visibility_to_organisation_terrain_unit_snapshots', 76),
(140, '2026_02_26_230000_add_visibility_extra_to_organisation_terrain_unit_snapshots', 77),
(141, '2026_02_27_100000_add_setup_step_to_organisations_table', 78),
(142, '2026_03_06_200000_create_organisation_tables', 79),
(143, '2026_02_27_000000_add_in_org_to_org_nodes_table', 80),
(144, '2026_02_26_000000_add_in_org_to_org_nodes_table', 81),
(145, '2026_03_07_100000_add_invitation_fields_to_client_user_organisations_table', 82),
(146, '2026_03_08_100000_add_replacement_fields_to_client_user_organisations_table', 83),
(147, '2026_03_08_120000_drop_cuo_user_org_unique_constraint', 84),
(148, '2026_02_28_120000_add_position_to_org_nodes_table', 85),
(149, '2026_03_06_100000_remove_name_lastname_gender_from_clients_table', 85),
(150, '2026_03_07_100000_client_users_nullable_except_email', 85),
(151, '2026_03_10_100000_add_postes_cibles_config_to_organisations', 86),
(152, '2026_03_11_100000_allow_multiple_posts_per_cible_in_cible_parent_assignments', 87),
(153, '2026_03_11_100000_create_organisation_links_tables', 88),
(154, '2026_03_12_100000_add_supreme_parent_node_ids_to_organisations', 89),
(155, '2026_03_14_100000_create_cible_master_contacts_table', 90),
(156, '2026_03_14_120000_rename_tables_to_10_cibles', 91),
(157, '2026_03_14_140000_add_pays_to_cibles_tables', 92),
(158, '2026_03_14_160000_add_profession_id_to_specialities', 93),
(159, '2026_03_26_120000_add_organisation_architecture_snapshot_fields', 94),
(160, '2026_03_25_120000_add_type_to_zone_scopes_and_specialities_if_missing', 95),
(161, '2026_03_27_120000_add_organisation_and_target_functions_to_zone_scopes', 96),
(162, '2026_03_28_100000_add_setup_state_to_zone_scopes', 97),
(163, '2026_03_28_100100_create_zone_scope_snapshot_tables', 98),
(164, '2026_03_23_120000_create_landing_site_settings_table', 99),
(165, '2026_03_23_120001_create_landing_sliders_table', 99),
(166, '2026_03_25_100000_create_landing_page_sections_table', 99),
(167, '2026_03_26_100000_create_landing_service_cards_table', 99),
(168, '2026_03_26_100001_add_services_section_to_landing_page_sections', 99),
(169, '2026_03_27_120000_landing_more_blocks', 99),
(170, '2026_03_27_170000_add_contact_notification_emails_to_landing_site_settings_table', 99),
(171, '2026_03_28_120000_landing_contact_messages', 99),
(172, '2026_03_28_190000_add_logo_size_to_landing_site_settings', 99),
(173, '2026_03_28_120000_add_purchase_target_keys_to_zone_scopes', 100),
(174, '2026_03_28_140000_add_purchase_target_details_to_zone_scopes', 101),
(175, '2026_03_28_160000_add_purchase_snapshot_to_zone_scope_snapshots', 102),
(176, '2026_03_29_130000_align_client_forms_with_org_cibles_and_kind', 103),
(177, '2026_03_29_160000_scope_product_order_and_presentation_kind', 104),
(178, '2026_03_29_170000_scope_target_form_single_per_target_v1', 105),
(179, '2026_03_31_100000_create_client_form_snapshots_table', 106),
(180, '2026_03_31_120000_add_visit_settings_to_clients_table', 107),
(181, '2026_03_31_141500_add_visit_gps_acceptance_radius_to_clients_table', 108),
(182, '2026_03_31_140000_create_visit_runtime_tables', 109),
(183, '2026_03_31_141000_extend_scope_forms_products_targets_for_runtime_visits', 109),
(184, '2026_03_31_130000_convert_pf_entity_types_to_org_target_keys', 110),
(185, '2026_03_31_150000_normalize_formulaire_sondage_and_scope_targets', 110),
(186, '2026_03_31_160000_make_zone_scope_target_forms_client_form_id_nullable', 111),
(187, '2026_04_01_120000_make_cycle_plan_end_date_nullable', 112),
(188, '2026_04_01_130000_create_scope_survey_campaigns', 112),
(189, '2026_04_01_120000_add_setup_documentation_to_client_users', 113),
(190, '2026_04_01_120000_create_visit_sales_tables', 113),
(191, '2026_04_01_121000_add_supply_source_to_visit_sale_lines', 113),
(192, '2026_04_02_100000_add_purchase_targets_to_clients_table', 114),
(193, '2026_04_02_100001_migrate_scope_purchase_targets_to_clients', 114),
(194, '2026_03_29_120000_align_formulaire_and_sondage_types_with_org_cibles', 115),
(195, '2026_04_02_120000_add_product_type_and_product_lots', 116),
(196, '2026_04_02_180000_products_dosage_drop_lot_dosage', 116),
(197, '2026_04_02_200000_add_purchase_targets_to_clients_admin_app', 116),
(198, '2026_04_02_120000_add_product_type_and_lot_collisage', 117),
(199, '2026_04_02_180000_drop_dosage_from_product_lots', 117),
(200, '2026_04_02_220000_client_targets_by_product_line', 118),
(201, '2026_04_03_120000_add_client_product_lines_to_clients', 118),
(202, '2026_04_04_100000_add_max_organisations_to_clients_table', 118),
(203, '2026_04_04_140000_add_allow_add_targets_during_visits_to_clients', 119),
(204, '2026_04_02_230000_scope_wizard_remove_purchase_columns', 120),
(205, '2026_04_05_100000_create_visit_stock_and_commande_tables', 120),
(206, '2026_04_05_120000_add_requires_visit_territory_to_organisations_table', 121),
(207, '2026_04_06_100000_create_organisation_modification_sessions_table', 122),
(208, '2026_04_05_150000_add_deleted_at_to_organisation_node_units_table', 123),
(209, '2026_04_05_130000_extend_client_forms_for_additional_kinds', 124),
(210, '2026_04_05_140000_make_client_form_snapshots_type_nullable', 124),
(211, '2026_04_05_200000_scope_field_interaction_mode_and_appels_tables', 125),
(212, '2026_04_07_100000_create_organisation_evenements_tables', 126),
(213, '2026_04_07_120000_detach_non_evenement_forms_from_evenements', 126),
(214, '2026_04_07_120000_extend_zone_scope_forms_for_multiple_contexts', 127),
(215, '2026_04_07_140000_add_org_unit_and_presentations_to_zone_scope_goals', 128),
(216, '2026_04_08_113250_create_simple_report_entries_table', 129),
(217, '2026_04_08_141500_create_coaching_entries_table', 130),
(218, '2026_04_08_160000_create_kol_entries_table', 131),
(219, '2026_04_08_170000_add_related_interaction_to_kol_entries_table', 132),
(220, '2026_04_10_120000_add_supplier_entity_to_visit_commandes_table', 133),
(221, '2026_04_11_120000_add_simple_report_done_to_visit_tables', 134),
(222, '2026_04_11_100000_visit_commande_status_and_events', 135),
(223, '2026_04_11_160000_add_activated_archived_to_zone_scope_survey_campaigns', 135),
(224, '2026_04_11_180000_add_sort_order_to_survey_campaigns_and_snapshots', 136),
(225, '2026_04_07_160000_add_support_api_token_to_clients_table', 137),
(226, '2026_04_07_160001_create_support_tickets_table', 137),
(227, '2026_04_07_170000_drop_support_api_token_from_clients_table', 137),
(228, '2026_04_07_180000_create_organisation_admins_table', 137),
(229, '2026_04_11_100000_create_platform_countries_table', 137),
(230, '2026_04_07_130000_create_organisation_absences_table', 138),
(231, '2026_04_07_140000_create_organisation_evenement_declarations_table', 138),
(232, '2026_04_12_100000_add_unit_scope_to_kol_coaching_simple_report_entries', 139),
(233, '2026_04_12_163000_extend_zone_scope_goals_for_guided_objectives', 140),
(234, '2026_04_11_200000_add_supported_country_slugs_to_clients_table', 141),
(235, '2026_04_13_100000_create_organisation_geo_zones_and_bricks_tables', 142),
(236, '2026_04_13_151003_add_coverage_optional_cibles_to_organisations_table', 143),
(237, '2026_04_15_120000_add_soft_deletes_to_client_users_table', 144),
(238, '2026_04_16_100000_add_manual_org_replacement_columns_to_client_user_organisations', 145),
(239, '2026_04_17_100000_scheduled_departure_and_reason_rename', 146),
(241, '2026_04_18_120000_add_reactivation_fields_to_client_users_table', 147),
(242, '2026_04_20_120000_create_client_user_portal_activity_logs_table', 148),
(243, '2026_04_21_120000_ensure_updated_at_on_client_users_table', 149),
(244, '2026_04_22_120000_ensure_updated_at_on_client_user_organisations_table', 150),
(245, '2026_04_23_120000_ensure_timestamps_on_client_user_org_and_territory_tables', 151),
(246, '2026_04_24_100000_create_client_portal_impact_notifications_table', 152),
(247, '2026_04_24_100001_create_client_user_org_replacement_schedules_table', 152),
(248, '2026_04_25_100000_relax_client_user_org_unique_index', 153),
(249, '2026_04_25_100001_add_cancelled_at_to_replacement_schedules', 153),
(250, '2026_04_26_100000_ensure_cancelled_at_on_client_user_org_replacement_schedules', 153),
(251, '2026_04_27_100000_ensure_timestamps_on_client_user_org_replacement_schedules', 154),
(252, '2026_04_14_120000_auto_approve_legacy_submitted_product_presentations', 155),
(253, '2026_04_15_100000_add_archived_at_to_organisations_table', 155),
(254, '2026_04_28_090000_drop_cuo_user_org_unique_constraint', 156),
(255, '2026_04_29_100000_create_organisation_modification_sessions_table', 157),
(256, '2026_04_29_101000_create_organisation_geo_zones_and_bricks_tables', 157),
(257, '2026_04_29_102000_add_coverage_optional_cibles_to_organisations_table', 157),
(258, '2026_04_29_103000_add_archived_at_to_organisations_table', 157),
(259, '2026_04_29_104000_add_requires_visit_territory_to_organisations_table', 157),
(260, '2026_04_14_120000_add_organisation_id_to_zone_scopes_table', 158),
(261, '2026_04_30_100000_add_zone_scope_portal_wizard_columns', 159),
(262, '2026_04_15_120000_create_client_pf_contact_assignments_table', 160),
(263, '2026_04_15_130000_update_pf_contact_assignments_to_unit', 160),
(264, '2026_04_15_140000_add_frequence_to_client_pf_memberships', 160),
(265, '2026_04_15_140000_create_reseau_favorites_table', 160),
(266, '2026_04_15_150000_create_planned_visits_table', 160),
(267, '2026_04_15_160000_update_planned_visits_for_monthly_program', 160),
(268, '2026_04_30_200000_create_platform_country_geo_normalization_tables', 161),
(269, '2026_05_01_100000_add_adm_files_and_border_to_platform_countries', 162),
(270, '2026_05_01_110000_add_adm2_adm4_adm8_columns_to_platform_countries', 162),
(271, '2026_05_01_100000_add_settings_payload_to_organisations_table', 163),
(272, '2026_05_02_100000_add_company_timezone_to_clients_table', 164),
(273, '2026_05_02_110000_add_client_language_to_clients_table', 165),
(274, '2026_04_23_120000_add_is_mandatory_to_scope_target_and_snapshot_forms', 166),
(275, '2026_05_03_100000_add_event_tot_settings_to_clients_table', 167),
(276, '2026_04_23_120000_create_planning_program_requests_table', 168),
(277, '2026_05_01_120000_add_status_to_planned_visits_table', 168),
(278, '2026_04_23_120000_add_is_mandatory_to_survey_campaign_targets', 169),
(279, '2026_04_23_100000_create_zone_scope_product_presentation_versions_table', 170),
(280, '2026_04_24_100000_add_product_presentation_config_version_to_zone_scope_snapshots', 171),
(281, '2026_04_25_120000_visit_stock_competitors_and_prescribers', 172),
(282, '2026_04_23_140000_visit_competitor_stock_and_availability_bool', 173),
(283, '2026_04_23_120000_add_delivery_expected_at_to_visit_commandes', 174),
(284, '2026_04_23_120000_add_target_prices_to_products_table', 175),
(285, '2026_04_23_100000_add_effective_from_to_planned_visits_table', 176),
(286, '2026_04_23_140000_create_reseau_contact_add_requests_table', 177),
(287, '2026_04_23_160000_visit_stock_prescriber_contact_add_request_id', 178),
(288, '2026_04_23_180000_visit_target_secondary_contacts_and_resources', 179),
(289, '2026_04_23_200000_organisation_target_extras_shared', 180),
(290, '2026_04_23_120000_add_planning_week_starts_on_to_clients_table', 181),
(291, '2026_04_28_100000_create_planning_draft_slot_communes_table', 182),
(292, '2026_04_28_120000_add_kol_eligible_unit_ids_to_zone_scopes_table', 183),
(293, '2026_04_23_140000_add_planning_slot_ordinal_to_planned_visits', 184),
(294, '2026_04_28_130000_migrate_kol_eligible_unit_ids_to_post_ids', 184),
(295, '2026_05_01_130000_planned_visits_unique_includes_status', 185),
(296, '2026_04_23_140000_add_escalation_to_planning_program_requests', 186),
(297, '2026_04_23_160000_add_program_kind_to_planning_program_requests', 187),
(298, '2026_04_23_160000_workflow_validation_events_tot_absences', 188),
(299, '2026_04_23_210000_evenement_cancel_presence_tot', 189),
(300, '2026_04_23_220000_evenement_supervisor_attendance_form', 190),
(301, '2026_04_24_100000_visit_commande_line_fulfillment', 191),
(302, '2026_04_27_120000_add_client_auth_images_to_landing_site_settings', 192),
(303, '2026_04_23_160000_add_fulfillment_columns_to_reseau_contact_add_requests', 193),
(304, '2026_04_23_120000_add_planning_cycle_weeks_to_zone_scopes', 194),
(305, '2026_04_23_160000_add_currency_to_clients_table', 195),
(306, '2026_04_28_113400_add_client_auth_background_mode_to_landing_site_settings', 196),
(307, '2026_04_29_130000_create_prescripteur_positions_and_working_day_positions_tables', 197),
(308, '2026_04_29_160000_create_dispensateur_positions_and_working_day_positions_tables', 197),
(309, '2026_04_29_161000_create_distributeur_positions_and_working_day_positions_tables', 197),
(310, '2026_04_29_162000_create_centrale_achat_positions_and_working_day_positions_tables', 197),
(311, '2026_04_29_163000_create_institution_sante_positions_and_working_day_positions_tables', 197),
(312, '2026_04_29_164000_create_structure_soins_positions_and_working_day_positions_tables', 197),
(313, '2026_04_29_165000_create_partenaire_commercial_positions_and_working_day_positions_tables', 197),
(314, '2026_04_29_166000_create_influenceur_decideur_positions_and_working_day_positions_tables', 197),
(315, '2026_04_29_167000_create_organisme_formation_medicale_positions_and_working_day_positions_tables', 197),
(316, '2026_04_29_168000_create_association_patient_positions_and_working_day_positions_tables', 197),
(317, '2026_04_29_180000_create_cible_positions_and_working_day_positions_tables', 198),
(318, '2026_04_29_180000_create_client_pf_demande_requests_table', 199),
(319, '2026_04_23_160000_create_client_user_field_presences_table', 200),
(320, '2026_05_02_100000_add_presence_session_key_to_field_presences', 201),
(321, '2026_05_02_200000_add_presence_history_and_overlay', 202),
(322, '2026_04_29_220000_add_validated_at_to_client_pf_demande_requests', 203);

-- --------------------------------------------------------

--
-- Structure de la table `organisations`
--

CREATE TABLE `organisations` (
  `id` bigint(20) UNSIGNED NOT NULL,
  `client_id` bigint(20) UNSIGNED NOT NULL,
  `name` varchar(255) NOT NULL,
  `is_ready` tinyint(1) NOT NULL DEFAULT 0,
  `archived_at` timestamp NULL DEFAULT NULL,
  `is_prepared` tinyint(1) NOT NULL DEFAULT 0,
  `setup_step` tinyint(3) UNSIGNED NOT NULL DEFAULT 1,
  `requires_visit_territory` tinyint(1) NOT NULL DEFAULT 1,
  `supreme_parent_node_id` bigint(20) UNSIGNED DEFAULT NULL,
  `supreme_parent_node_ids` longtext CHARACTER SET utf8mb4 COLLATE utf8mb4_bin DEFAULT NULL CHECK (json_valid(`supreme_parent_node_ids`)),
  `supreme_parent_cibles` longtext CHARACTER SET utf8mb4 COLLATE utf8mb4_bin DEFAULT NULL CHECK (json_valid(`supreme_parent_cibles`)),
  `coverage_optional_cibles` longtext CHARACTER SET utf8mb4 COLLATE utf8mb4_bin DEFAULT NULL CHECK (json_valid(`coverage_optional_cibles`)),
  `settings_payload` longtext CHARACTER SET utf8mb4 COLLATE utf8mb4_bin DEFAULT NULL CHECK (json_valid(`settings_payload`)),
  `created_at` timestamp NULL DEFAULT NULL,
  `updated_at` timestamp NULL DEFAULT NULL,
  `architecture_snapshot_at` timestamp NULL DEFAULT NULL,
  `units_snapshot_at` timestamp NULL DEFAULT NULL
) ENGINE=InnoDB DEFAULT CHARSET=utf8mb4 COLLATE=utf8mb4_unicode_ci;

--
-- Déchargement des données de la table `organisations`
--

INSERT INTO `organisations` (`id`, `client_id`, `name`, `is_ready`, `archived_at`, `is_prepared`, `setup_step`, `requires_visit_territory`, `supreme_parent_node_id`, `supreme_parent_node_ids`, `supreme_parent_cibles`, `coverage_optional_cibles`, `settings_payload`, `created_at`, `updated_at`, `architecture_snapshot_at`, `units_snapshot_at`) VALUES
(1, 4, 'Premiére organisation', 0, NULL, 1, 6, 1, 83, NULL, '[\"medecins\",\"pharmacies\",\"grossistes\",\"super_gros\"]', NULL, NULL, '2026-02-25 19:46:20', '2026-03-12 03:13:34', NULL, NULL),
(6, 4, 'Organisation 1', 1, NULL, 1, 6, 1, 56, NULL, '[\"medecins\",\"pharmacies\",\"grossistes\",\"super_gros\"]', NULL, '{\"structure_modification\":{\"enabled\":true,\"mode\":\"weekly_window\",\"weekly\":{\"weekday\":6,\"start_time\":\"08:00\",\"end_time\":\"16:00\"}},\"unit_planning\":{\"terrain\":{\"editable_anytime\":false,\"monthly_window\":{\"start_day\":25,\"end_day\":29},\"cycle_edit_slice\":{\"from_week\":4,\"to_week\":0,\"from_day\":7,\"to_day\":7,\"version\":2}},\"bureau\":{\"editable_anytime\":true,\"monthly_window\":{\"start_day\":25,\"end_day\":30},\"cycle_edit_slice\":{\"from_week\":0,\"to_week\":0,\"from_day\":1,\"to_day\":7,\"version\":2}}},\"planning_validation\":{\"required\":false,\"mode\":\"n_plus_1\",\"unit_modes\":[],\"unit_rules\":{\"61\":{\"policy\":\"none\",\"selected_parent_unit_ids\":[]},\"62\":{\"policy\":\"none\",\"selected_parent_unit_ids\":[]},\"63\":{\"policy\":\"none\",\"selected_parent_unit_ids\":[]},\"64\":{\"policy\":\"none\",\"selected_parent_unit_ids\":[]},\"65\":{\"policy\":\"none\",\"selected_parent_unit_ids\":[]},\"66\":{\"policy\":\"none\",\"selected_parent_unit_ids\":[]},\"67\":{\"policy\":\"none\",\"selected_parent_unit_ids\":[]},\"68\":{\"policy\":\"none\",\"selected_parent_unit_ids\":[]},\"69\":{\"policy\":\"none\",\"selected_parent_unit_ids\":[]},\"70\":{\"policy\":\"none\",\"selected_parent_unit_ids\":[]},\"71\":{\"policy\":\"none\",\"selected_parent_unit_ids\":[]},\"72\":{\"policy\":\"none\",\"selected_parent_unit_ids\":[]},\"73\":{\"policy\":\"none\",\"selected_parent_unit_ids\":[]},\"83\":{\"policy\":\"none\",\"selected_parent_unit_ids\":[]},\"84\":{\"policy\":\"none\",\"selected_parent_unit_ids\":[]},\"85\":{\"policy\":\"none\",\"selected_parent_unit_ids\":[]},\"74\":{\"policy\":\"none\",\"selected_parent_unit_ids\":[]},\"75\":{\"policy\":\"none\",\"selected_parent_unit_ids\":[]},\"76\":{\"policy\":\"default_parent\",\"selected_parent_unit_ids\":[]},\"77\":{\"policy\":\"default_parent\",\"selected_parent_unit_ids\":[]},\"78\":{\"policy\":\"none\",\"selected_parent_unit_ids\":[]},\"79\":{\"policy\":\"none\",\"selected_parent_unit_ids\":[]},\"80\":{\"policy\":\"none\",\"selected_parent_unit_ids\":[]},\"81\":{\"policy\":\"none\",\"selected_parent_unit_ids\":[]},\"82\":{\"policy\":\"none\",\"selected_parent_unit_ids\":[]}}},\"visit_constraints\":{\"default_start_on_site_required\":true,\"default_complete_on_site_required\":false,\"unit_overrides\":{\"61\":{\"start_on_site_required\":false,\"complete_on_site_required\":false,\"allow_add_targets_during_visits\":true},\"62\":{\"start_on_site_required\":false,\"complete_on_site_required\":false,\"allow_add_targets_during_visits\":true},\"63\":{\"start_on_site_required\":false,\"complete_on_site_required\":false,\"allow_add_targets_during_visits\":true},\"64\":{\"start_on_site_required\":false,\"complete_on_site_required\":false,\"allow_add_targets_during_visits\":true},\"65\":{\"start_on_site_required\":false,\"complete_on_site_required\":false,\"allow_add_targets_during_visits\":true},\"66\":{\"start_on_site_required\":true,\"complete_on_site_required\":false,\"allow_add_targets_during_visits\":true},\"67\":{\"start_on_site_required\":true,\"complete_on_site_required\":false,\"allow_add_targets_during_visits\":true},\"68\":{\"start_on_site_required\":true,\"complete_on_site_required\":false,\"allow_add_targets_during_visits\":true},\"69\":{\"start_on_site_required\":true,\"complete_on_site_required\":false,\"allow_add_targets_during_visits\":true},\"70\":{\"start_on_site_required\":true,\"complete_on_site_required\":false,\"allow_add_targets_during_visits\":true},\"71\":{\"start_on_site_required\":true,\"complete_on_site_required\":false,\"allow_add_targets_during_visits\":true},\"72\":{\"start_on_site_required\":true,\"complete_on_site_required\":false,\"allow_add_targets_during_visits\":true},\"73\":{\"start_on_site_required\":true,\"complete_on_site_required\":false,\"allow_add_targets_during_visits\":true},\"83\":{\"start_on_site_required\":true,\"complete_on_site_required\":false,\"allow_add_targets_during_visits\":true},\"84\":{\"start_on_site_required\":true,\"complete_on_site_required\":false,\"allow_add_targets_during_visits\":true},\"85\":{\"start_on_site_required\":true,\"complete_on_site_required\":false,\"allow_add_targets_during_visits\":true},\"74\":{\"start_on_site_required\":true,\"complete_on_site_required\":false,\"allow_add_targets_during_visits\":true},\"75\":{\"start_on_site_required\":true,\"complete_on_site_required\":false,\"allow_add_targets_during_visits\":true},\"76\":{\"start_on_site_required\":true,\"complete_on_site_required\":false,\"allow_add_targets_during_visits\":true},\"77\":{\"start_on_site_required\":true,\"complete_on_site_required\":true,\"allow_add_targets_during_visits\":true},\"78\":{\"start_on_site_required\":true,\"complete_on_site_required\":false,\"allow_add_targets_during_visits\":false},\"79\":{\"start_on_site_required\":true,\"complete_on_site_required\":false,\"allow_add_targets_during_visits\":true},\"80\":{\"start_on_site_required\":true,\"complete_on_site_required\":false,\"allow_add_targets_during_visits\":true},\"81\":{\"start_on_site_required\":true,\"complete_on_site_required\":false,\"allow_add_targets_during_visits\":true},\"82\":{\"start_on_site_required\":true,\"complete_on_site_required\":false,\"allow_add_targets_during_visits\":true}}},\"off_visit_orders\":{\"enabled\":false,\"allowed_organisation_node_unit_ids\":null}}', '2026-03-01 01:44:40', '2026-05-01 19:28:41', NULL, NULL),
(8, 4, 'test Top', 0, NULL, 1, 6, 1, 91, NULL, '[\"pharmacies\",\"grossistes\"]', NULL, NULL, '2026-03-12 03:31:37', '2026-03-12 03:40:28', NULL, NULL),
(10, 4, 'msl', 0, NULL, 1, 6, 1, 100, NULL, '[\"medecins\"]', NULL, NULL, '2026-03-12 05:46:03', '2026-03-12 05:52:54', NULL, NULL),
(13, 2, 'EFQSD', 0, NULL, 0, 3, 1, 121, '[121]', '[\"prescripteurs\",\"dispensateurs\",\"distributeurs\",\"centrales_achat\",\"institutions_sante\"]', NULL, NULL, '2026-03-25 13:04:56', '2026-03-25 13:13:43', '2026-03-25 13:13:43', NULL),
(14, 4, 'departement interne', 0, NULL, 1, 6, 0, 137, '[137]', '[\"prescripteurs\",\"dispensateurs\",\"distributeurs\"]', NULL, NULL, '2026-04-04 23:43:34', '2026-04-05 00:36:35', NULL, NULL),
(17, 4, 'ramdane avril', 1, NULL, 1, 6, 0, 141, '[141]', '[\"prescripteurs\",\"dispensateurs\",\"distributeurs\",\"centrales_achat\",\"institutions_sante\"]', NULL, NULL, '2026-04-05 20:06:20', '2026-04-05 20:24:26', NULL, NULL),
(22, 4, 'test pays geo json', 0, NULL, 1, 6, 1, 155, '[155]', '[\"prescripteurs\",\"dispensateurs\",\"distributeurs\",\"centrales_achat\",\"institutions_sante\"]', '[\"centrales_achat\"]', NULL, '2026-04-13 10:23:07', '2026-04-13 23:39:28', NULL, NULL),
(25, 4, 'piiii', 0, NULL, 0, 2, 1, NULL, NULL, NULL, NULL, '{\"scope_step2_universe_defaults\":{\"target_function_ids\":{\"prescripteurs\":[1],\"dispensateurs\":[2],\"distributeurs\":[3],\"centrales_achat\":[4]},\"speciality_ids\":{\"prescripteurs\":[5],\"dispensateurs\":[2],\"distributeurs\":[3],\"centrales_achat\":[4]},\"source\":\"org_universe_territory_extraction\",\"updated_at\":\"2026-04-30T11:33:04+00:00\"}}', '2026-04-29 22:04:15', '2026-04-30 11:00:43', NULL, NULL);

-- --------------------------------------------------------

--
-- Structure de la table `organisation_absences`
--

CREATE TABLE `organisation_absences` (
  `id` bigint(20) UNSIGNED NOT NULL,
  `organisation_id` bigint(20) UNSIGNED NOT NULL,
  `created_by_client_user_id` bigint(20) UNSIGNED NOT NULL,
  `type` varchar(32) NOT NULL,
  `sous_type` varchar(64) DEFAULT NULL,
  `starts_at` datetime NOT NULL,
  `ends_at` datetime NOT NULL,
  `organisation_evenement_id` bigint(20) UNSIGNED DEFAULT NULL,
  `justificatif_path` varchar(2048) DEFAULT NULL,
  `justificatif_original_name` varchar(255) DEFAULT NULL,
  `note` text DEFAULT NULL,
  `validation_status` varchar(24) NOT NULL DEFAULT 'approved',
  `organisation_node_unit_id` bigint(20) UNSIGNED DEFAULT NULL,
  `approved_by_client_user_id` bigint(20) UNSIGNED DEFAULT NULL,
  `approved_at` datetime DEFAULT NULL,
  `rejection_note` text DEFAULT NULL,
  `created_at` timestamp NULL DEFAULT NULL,
  `updated_at` timestamp NULL DEFAULT NULL
) ENGINE=InnoDB DEFAULT CHARSET=utf8mb4 COLLATE=utf8mb4_unicode_ci;

--
-- Déchargement des données de la table `organisation_absences`
--

INSERT INTO `organisation_absences` (`id`, `organisation_id`, `created_by_client_user_id`, `type`, `sous_type`, `starts_at`, `ends_at`, `organisation_evenement_id`, `justificatif_path`, `justificatif_original_name`, `note`, `validation_status`, `organisation_node_unit_id`, `approved_by_client_user_id`, `approved_at`, `rejection_note`, `created_at`, `updated_at`) VALUES
(1, 6, 10, 'congé', 'congé annual', '2026-04-16 17:06:00', '2026-05-16 17:06:00', NULL, NULL, NULL, 'congé ta3 l 3am dyali', 'approved', NULL, NULL, NULL, NULL, '2026-04-11 15:07:02', '2026-04-11 15:07:02');

-- --------------------------------------------------------

--
-- Structure de la table `organisation_admins`
--

CREATE TABLE `organisation_admins` (
  `id` bigint(20) UNSIGNED NOT NULL,
  `organisation_id` bigint(20) UNSIGNED NOT NULL,
  `admin_id` bigint(20) UNSIGNED NOT NULL,
  `created_at` timestamp NULL DEFAULT NULL,
  `updated_at` timestamp NULL DEFAULT NULL
) ENGINE=InnoDB DEFAULT CHARSET=utf8mb4 COLLATE=utf8mb4_unicode_ci;

-- --------------------------------------------------------

--
-- Structure de la table `organisation_cible_parent_assignments`
--

CREATE TABLE `organisation_cible_parent_assignments` (
  `id` bigint(20) UNSIGNED NOT NULL,
  `organisation_id` bigint(20) UNSIGNED NOT NULL,
  `cible` varchar(32) NOT NULL,
  `organisation_node_id` bigint(20) UNSIGNED NOT NULL,
  `created_at` timestamp NULL DEFAULT NULL,
  `updated_at` timestamp NULL DEFAULT NULL
) ENGINE=InnoDB DEFAULT CHARSET=utf8mb4 COLLATE=utf8mb4_unicode_ci;

--
-- Déchargement des données de la table `organisation_cible_parent_assignments`
--

INSERT INTO `organisation_cible_parent_assignments` (`id`, `organisation_id`, `cible`, `organisation_node_id`, `created_at`, `updated_at`) VALUES
(350, 1, 'medecins', 42, '2026-03-11 05:41:13', '2026-03-11 05:41:13'),
(351, 1, 'medecins', 86, '2026-03-11 05:41:13', '2026-03-11 05:41:13'),
(352, 1, 'pharmacies', 85, '2026-03-11 05:41:13', '2026-03-11 05:41:13'),
(353, 1, 'pharmacies', 86, '2026-03-11 05:41:13', '2026-03-11 05:41:13'),
(354, 1, 'grossistes', 85, '2026-03-11 05:41:13', '2026-03-11 05:41:13'),
(355, 1, 'grossistes', 86, '2026-03-11 05:41:13', '2026-03-11 05:41:13'),
(356, 1, 'super_gros', 29, '2026-03-11 05:41:13', '2026-03-11 05:41:13'),
(384, 8, 'pharmacies', 93, '2026-03-12 03:32:53', '2026-03-12 03:32:53'),
(544, 10, 'medecins', 102, '2026-03-12 05:50:21', '2026-03-12 05:50:21'),
(809, 13, 'prescripteurs', 124, '2026-03-25 13:13:43', '2026-03-25 13:13:43'),
(810, 13, 'prescripteurs', 125, '2026-03-25 13:13:43', '2026-03-25 13:13:43'),
(811, 13, 'dispensateurs', 124, '2026-03-25 13:13:43', '2026-03-25 13:13:43'),
(812, 13, 'dispensateurs', 126, '2026-03-25 13:13:43', '2026-03-25 13:13:43'),
(813, 13, 'distributeurs', 124, '2026-03-25 13:13:43', '2026-03-25 13:13:43'),
(814, 13, 'distributeurs', 126, '2026-03-25 13:13:43', '2026-03-25 13:13:43'),
(815, 13, 'distributeurs', 127, '2026-03-25 13:13:43', '2026-03-25 13:13:43'),
(816, 13, 'centrales_achat', 123, '2026-03-25 13:13:43', '2026-03-25 13:13:43'),
(817, 13, 'centrales_achat', 127, '2026-03-25 13:13:43', '2026-03-25 13:13:43'),
(818, 13, 'institutions_sante', 126, '2026-03-25 13:13:43', '2026-03-25 13:13:43'),
(819, 13, 'institutions_sante', 127, '2026-03-25 13:13:43', '2026-03-25 13:13:43'),
(917, 22, 'prescripteurs', 158, '2026-04-13 13:47:21', '2026-04-13 13:47:21'),
(918, 22, 'prescripteurs', 159, '2026-04-13 13:47:21', '2026-04-13 13:47:21'),
(919, 22, 'dispensateurs', 159, '2026-04-13 13:47:21', '2026-04-13 13:47:21'),
(920, 22, 'dispensateurs', 160, '2026-04-13 13:47:21', '2026-04-13 13:47:21'),
(921, 22, 'distributeurs', 159, '2026-04-13 13:47:21', '2026-04-13 13:47:21'),
(922, 22, 'distributeurs', 160, '2026-04-13 13:47:21', '2026-04-13 13:47:21'),
(923, 22, 'centrales_achat', 157, '2026-04-13 13:47:21', '2026-04-13 13:47:21');

-- --------------------------------------------------------

--
-- Structure de la table `organisation_evenements`
--

CREATE TABLE `organisation_evenements` (
  `id` bigint(20) UNSIGNED NOT NULL,
  `organisation_id` bigint(20) UNSIGNED NOT NULL,
  `name` varchar(255) NOT NULL,
  `type` varchar(16) NOT NULL,
  `created_by_client_user_id` bigint(20) UNSIGNED NOT NULL,
  `superviseur_client_user_id` bigint(20) UNSIGNED DEFAULT NULL,
  `starts_at` datetime NOT NULL,
  `ends_at` datetime NOT NULL,
  `cost` decimal(12,2) DEFAULT NULL,
  `client_form_id` bigint(20) UNSIGNED DEFAULT NULL,
  `meeting_link` varchar(2048) DEFAULT NULL,
  `notes` text DEFAULT NULL,
  `supervisor_form_answers` longtext CHARACTER SET utf8mb4 COLLATE utf8mb4_bin DEFAULT NULL CHECK (json_valid(`supervisor_form_answers`)),
  `supervisor_form_completed_at` timestamp NULL DEFAULT NULL,
  `validation_status` varchar(24) NOT NULL DEFAULT 'approved',
  `organisation_node_unit_id` bigint(20) UNSIGNED DEFAULT NULL,
  `rejection_note` text DEFAULT NULL,
  `cancelled_at` timestamp NULL DEFAULT NULL,
  `external_participant_names` longtext CHARACTER SET utf8mb4 COLLATE utf8mb4_bin DEFAULT NULL CHECK (json_valid(`external_participant_names`)),
  `created_at` timestamp NULL DEFAULT NULL,
  `updated_at` timestamp NULL DEFAULT NULL
) ENGINE=InnoDB DEFAULT CHARSET=utf8mb4 COLLATE=utf8mb4_unicode_ci;

--
-- Déchargement des données de la table `organisation_evenements`
--

INSERT INTO `organisation_evenements` (`id`, `organisation_id`, `name`, `type`, `created_by_client_user_id`, `superviseur_client_user_id`, `starts_at`, `ends_at`, `cost`, `client_form_id`, `meeting_link`, `notes`, `supervisor_form_answers`, `supervisor_form_completed_at`, `validation_status`, `organisation_node_unit_id`, `rejection_note`, `cancelled_at`, `external_participant_names`, `created_at`, `updated_at`) VALUES
(1, 6, 'Business review', 'interne', 10, 10, '2026-04-28 08:28:00', '2026-04-28 10:29:00', NULL, NULL, NULL, NULL, NULL, NULL, 'approved', 77, NULL, NULL, NULL, '2026-04-27 19:29:28', '2026-04-27 19:32:12');

-- --------------------------------------------------------

--
-- Structure de la table `organisation_evenement_attendances`
--

CREATE TABLE `organisation_evenement_attendances` (
  `id` bigint(20) UNSIGNED NOT NULL,
  `organisation_evenement_id` bigint(20) UNSIGNED NOT NULL,
  `client_user_id` bigint(20) UNSIGNED NOT NULL,
  `present` tinyint(1) DEFAULT NULL,
  `added_by_supervisor` tinyint(1) NOT NULL DEFAULT 0,
  `recorded_at` timestamp NULL DEFAULT NULL,
  `created_at` timestamp NULL DEFAULT NULL,
  `updated_at` timestamp NULL DEFAULT NULL
) ENGINE=InnoDB DEFAULT CHARSET=utf8mb4 COLLATE=utf8mb4_unicode_ci;

-- --------------------------------------------------------

--
-- Structure de la table `organisation_evenement_declarations`
--

CREATE TABLE `organisation_evenement_declarations` (
  `id` bigint(20) UNSIGNED NOT NULL,
  `organisation_id` bigint(20) UNSIGNED NOT NULL,
  `created_by_client_user_id` bigint(20) UNSIGNED NOT NULL,
  `type` varchar(16) NOT NULL,
  `organisation_evenement_id` bigint(20) UNSIGNED NOT NULL,
  `organisation_node_unit_id` bigint(20) UNSIGNED DEFAULT NULL,
  `validation_status` varchar(24) NOT NULL DEFAULT 'pending',
  `submission_kind` varchar(32) NOT NULL DEFAULT 'manual',
  `rejection_note` text DEFAULT NULL,
  `starts_at` datetime NOT NULL,
  `ends_at` datetime NOT NULL,
  `approved` tinyint(1) NOT NULL DEFAULT 0,
  `approved_by_client_user_id` bigint(20) UNSIGNED DEFAULT NULL,
  `approved_at` datetime DEFAULT NULL,
  `created_at` timestamp NULL DEFAULT NULL,
  `updated_at` timestamp NULL DEFAULT NULL
) ENGINE=InnoDB DEFAULT CHARSET=utf8mb4 COLLATE=utf8mb4_unicode_ci;

-- --------------------------------------------------------

--
-- Structure de la table `organisation_evenement_presence_validations`
--

CREATE TABLE `organisation_evenement_presence_validations` (
  `id` bigint(20) UNSIGNED NOT NULL,
  `organisation_evenement_id` bigint(20) UNSIGNED NOT NULL,
  `client_user_id` bigint(20) UNSIGNED NOT NULL,
  `validated_at` timestamp NOT NULL DEFAULT current_timestamp() ON UPDATE current_timestamp(),
  `created_at` timestamp NULL DEFAULT NULL,
  `updated_at` timestamp NULL DEFAULT NULL
) ENGINE=InnoDB DEFAULT CHARSET=utf8mb4 COLLATE=utf8mb4_unicode_ci;

-- --------------------------------------------------------

--
-- Structure de la table `organisation_geo_bricks`
--

CREATE TABLE `organisation_geo_bricks` (
  `id` bigint(20) UNSIGNED NOT NULL,
  `organisation_id` bigint(20) UNSIGNED NOT NULL,
  `wilaya_id` int(11) NOT NULL,
  `name` varchar(255) NOT NULL,
  `color` varchar(30) DEFAULT NULL,
  `created_at` timestamp NULL DEFAULT NULL,
  `updated_at` timestamp NULL DEFAULT NULL
) ENGINE=InnoDB DEFAULT CHARSET=utf8mb4 COLLATE=utf8mb4_unicode_ci;

--
-- Déchargement des données de la table `organisation_geo_bricks`
--

INSERT INTO `organisation_geo_bricks` (`id`, `organisation_id`, `wilaya_id`, `name`, `color`, `created_at`, `updated_at`) VALUES
(5, 22, 16, 'ALGER CENTRE', NULL, '2026-04-13 13:43:26', '2026-04-13 13:43:26'),
(6, 22, 16, 'ALGER EST', NULL, '2026-04-13 13:44:02', '2026-04-13 13:44:02'),
(7, 22, 16, 'ALGER OUEST', NULL, '2026-04-13 13:44:22', '2026-04-13 13:44:22'),
(8, 22, 54, 'tinezawa', NULL, '2026-04-14 01:17:22', '2026-04-14 01:17:22'),
(16, 25, 16, 'Alger fayet', NULL, '2026-04-30 10:33:04', '2026-04-30 10:34:03'),
(17, 25, 6, 'Partition — Béjaïa', NULL, '2026-04-30 10:33:04', '2026-04-30 10:33:04'),
(18, 25, 48, 'Partition — Relizane', NULL, '2026-04-30 10:33:04', '2026-04-30 10:33:04'),
(19, 25, 15, 'Partition — Tizi Ouzou', NULL, '2026-04-30 10:33:04', '2026-04-30 10:33:04'),
(21, 25, 16, 'AlgerZer', NULL, '2026-04-30 11:00:22', '2026-04-30 11:00:22');

-- --------------------------------------------------------

--
-- Structure de la table `organisation_geo_brick_commune`
--

CREATE TABLE `organisation_geo_brick_commune` (
  `id` bigint(20) UNSIGNED NOT NULL,
  `organisation_geo_brick_id` bigint(20) UNSIGNED NOT NULL,
  `commune_id` bigint(20) UNSIGNED NOT NULL,
  `created_at` timestamp NULL DEFAULT NULL,
  `updated_at` timestamp NULL DEFAULT NULL
) ENGINE=InnoDB DEFAULT CHARSET=utf8mb4 COLLATE=utf8mb4_unicode_ci;

--
-- Déchargement des données de la table `organisation_geo_brick_commune`
--

INSERT INTO `organisation_geo_brick_commune` (`id`, `organisation_geo_brick_id`, `commune_id`, `created_at`, `updated_at`) VALUES
(17, 5, 597, '2026-04-13 13:43:26', '2026-04-13 13:43:26'),
(18, 5, 591, '2026-04-13 13:43:26', '2026-04-13 13:43:26'),
(19, 5, 558, '2026-04-13 13:43:26', '2026-04-13 13:43:26'),
(20, 5, 574, '2026-04-13 13:43:26', '2026-04-13 13:43:26'),
(21, 5, 608, '2026-04-13 13:43:26', '2026-04-13 13:43:26'),
(22, 5, 1621, '2026-04-13 13:43:26', '2026-04-13 13:43:26'),
(23, 6, 567, '2026-04-13 13:44:02', '2026-04-13 13:44:02'),
(24, 6, 557, '2026-04-13 13:44:02', '2026-04-13 13:44:02'),
(25, 6, 575, '2026-04-13 13:44:02', '2026-04-13 13:44:02'),
(26, 6, 585, '2026-04-13 13:44:02', '2026-04-13 13:44:02'),
(27, 6, 562, '2026-04-13 13:44:02', '2026-04-13 13:44:02'),
(28, 6, 565, '2026-04-13 13:44:02', '2026-04-13 13:44:02'),
(29, 7, 587, '2026-04-13 13:44:22', '2026-04-13 13:44:22'),
(30, 7, 559, '2026-04-13 13:44:22', '2026-04-13 13:44:22'),
(31, 7, 592, '2026-04-13 13:44:22', '2026-04-13 13:44:22'),
(32, 7, 583, '2026-04-13 13:44:22', '2026-04-13 13:44:22'),
(33, 7, 572, '2026-04-13 13:44:22', '2026-04-13 13:44:22'),
(34, 7, 564, '2026-04-13 13:44:22', '2026-04-13 13:44:22'),
(35, 8, 1812, '2026-04-14 01:17:22', '2026-04-14 01:17:22'),
(65, 16, 604, '2026-04-30 10:33:04', '2026-04-30 10:33:04'),
(67, 17, 217, '2026-04-30 10:33:04', '2026-04-30 10:33:04'),
(68, 18, 1506, '2026-04-30 10:33:04', '2026-04-30 10:33:04'),
(69, 18, 1516, '2026-04-30 10:33:04', '2026-04-30 10:33:04'),
(70, 18, 1528, '2026-04-30 10:33:04', '2026-04-30 10:33:04'),
(71, 19, 504, '2026-04-30 10:33:04', '2026-04-30 10:33:04'),
(73, 21, 599, '2026-04-30 11:00:22', '2026-04-30 11:00:22');

-- --------------------------------------------------------

--
-- Structure de la table `organisation_geo_zones`
--

CREATE TABLE `organisation_geo_zones` (
  `id` bigint(20) UNSIGNED NOT NULL,
  `organisation_id` bigint(20) UNSIGNED NOT NULL,
  `name` varchar(255) NOT NULL,
  `color` varchar(30) DEFAULT NULL,
  `created_at` timestamp NULL DEFAULT NULL,
  `updated_at` timestamp NULL DEFAULT NULL
) ENGINE=InnoDB DEFAULT CHARSET=utf8mb4 COLLATE=utf8mb4_unicode_ci;

--
-- Déchargement des données de la table `organisation_geo_zones`
--

INSERT INTO `organisation_geo_zones` (`id`, `organisation_id`, `name`, `color`, `created_at`, `updated_at`) VALUES
(4, 22, 'ALGERIE OUEST', NULL, '2026-04-13 13:34:03', '2026-04-13 13:34:03'),
(6, 22, 'ALGERIE EST', NULL, '2026-04-13 13:38:59', '2026-04-13 13:38:59'),
(8, 22, 'ALGERIE CENTRE', NULL, '2026-04-13 13:42:58', '2026-04-13 13:42:58');

-- --------------------------------------------------------

--
-- Structure de la table `organisation_geo_zone_wilaya`
--

CREATE TABLE `organisation_geo_zone_wilaya` (
  `id` bigint(20) UNSIGNED NOT NULL,
  `organisation_geo_zone_id` bigint(20) UNSIGNED NOT NULL,
  `wilaya_id` int(11) NOT NULL,
  `created_at` timestamp NULL DEFAULT NULL,
  `updated_at` timestamp NULL DEFAULT NULL
) ENGINE=InnoDB DEFAULT CHARSET=utf8mb4 COLLATE=utf8mb4_unicode_ci;

--
-- Déchargement des données de la table `organisation_geo_zone_wilaya`
--

INSERT INTO `organisation_geo_zone_wilaya` (`id`, `organisation_geo_zone_id`, `wilaya_id`, `created_at`, `updated_at`) VALUES
(9, 4, 44, '2026-04-13 13:34:03', '2026-04-13 13:34:03'),
(10, 4, 2, '2026-04-13 13:34:03', '2026-04-13 13:34:03'),
(11, 4, 29, '2026-04-13 13:34:03', '2026-04-13 13:34:03'),
(12, 4, 27, '2026-04-13 13:34:03', '2026-04-13 13:34:03'),
(13, 4, 31, '2026-04-13 13:34:03', '2026-04-13 13:34:03'),
(14, 4, 48, '2026-04-13 13:34:03', '2026-04-13 13:34:03'),
(15, 4, 20, '2026-04-13 13:34:03', '2026-04-13 13:34:03'),
(16, 4, 22, '2026-04-13 13:34:03', '2026-04-13 13:34:03'),
(17, 4, 13, '2026-04-13 13:34:03', '2026-04-13 13:34:03'),
(33, 6, 23, '2026-04-13 13:38:59', '2026-04-13 13:38:59'),
(34, 6, 5, '2026-04-13 13:38:59', '2026-04-13 13:38:59'),
(35, 6, 7, '2026-04-13 13:38:59', '2026-04-13 13:38:59'),
(36, 6, 34, '2026-04-13 13:38:59', '2026-04-13 13:38:59'),
(37, 6, 25, '2026-04-13 13:38:59', '2026-04-13 13:38:59'),
(38, 6, 39, '2026-04-13 13:38:59', '2026-04-13 13:38:59'),
(39, 6, 36, '2026-04-13 13:38:59', '2026-04-13 13:38:59'),
(40, 6, 24, '2026-04-13 13:38:59', '2026-04-13 13:38:59'),
(41, 6, 18, '2026-04-13 13:38:59', '2026-04-13 13:38:59'),
(42, 6, 40, '2026-04-13 13:38:59', '2026-04-13 13:38:59'),
(43, 6, 28, '2026-04-13 13:38:59', '2026-04-13 13:38:59'),
(44, 6, 43, '2026-04-13 13:38:59', '2026-04-13 13:38:59'),
(45, 6, 21, '2026-04-13 13:38:59', '2026-04-13 13:38:59'),
(46, 6, 41, '2026-04-13 13:38:59', '2026-04-13 13:38:59'),
(47, 6, 19, '2026-04-13 13:38:59', '2026-04-13 13:38:59'),
(48, 6, 12, '2026-04-13 13:38:59', '2026-04-13 13:38:59'),
(55, 8, 16, '2026-04-13 13:42:58', '2026-04-13 13:42:58'),
(56, 8, 9, '2026-04-13 13:42:58', '2026-04-13 13:42:58'),
(57, 8, 10, '2026-04-13 13:42:58', '2026-04-13 13:42:58'),
(58, 8, 6, '2026-04-13 13:42:58', '2026-04-13 13:42:58'),
(59, 8, 17, '2026-04-13 13:42:58', '2026-04-13 13:42:58'),
(60, 8, 26, '2026-04-13 13:42:58', '2026-04-13 13:42:58'),
(61, 8, 15, '2026-04-13 13:42:58', '2026-04-13 13:42:58');

-- --------------------------------------------------------

--
-- Structure de la table `organisation_links`
--

CREATE TABLE `organisation_links` (
  `id` bigint(20) UNSIGNED NOT NULL,
  `organisation_id` bigint(20) UNSIGNED NOT NULL,
  `linked_organisation_id` bigint(20) UNSIGNED NOT NULL,
  `created_at` timestamp NULL DEFAULT NULL,
  `updated_at` timestamp NULL DEFAULT NULL
) ENGINE=InnoDB DEFAULT CHARSET=utf8mb4 COLLATE=utf8mb4_unicode_ci;

--
-- Déchargement des données de la table `organisation_links`
--

INSERT INTO `organisation_links` (`id`, `organisation_id`, `linked_organisation_id`, `created_at`, `updated_at`) VALUES
(2, 6, 10, '2026-03-12 05:53:12', '2026-03-12 05:53:12'),
(3, 6, 1, '2026-03-12 06:07:19', '2026-03-12 06:07:19'),
(4, 1, 10, '2026-03-12 06:09:37', '2026-03-12 06:09:37');

-- --------------------------------------------------------

--
-- Structure de la table `organisation_link_unit_visibilities`
--

CREATE TABLE `organisation_link_unit_visibilities` (
  `id` bigint(20) UNSIGNED NOT NULL,
  `organisation_node_unit_id` bigint(20) UNSIGNED NOT NULL,
  `visible_from_organisation_node_unit_id` bigint(20) UNSIGNED NOT NULL,
  `created_at` timestamp NULL DEFAULT NULL,
  `updated_at` timestamp NULL DEFAULT NULL
) ENGINE=InnoDB DEFAULT CHARSET=utf8mb4 COLLATE=utf8mb4_unicode_ci;

--
-- Déchargement des données de la table `organisation_link_unit_visibilities`
--

INSERT INTO `organisation_link_unit_visibilities` (`id`, `organisation_node_unit_id`, `visible_from_organisation_node_unit_id`, `created_at`, `updated_at`) VALUES
(5, 61, 244, '2026-03-12 06:08:54', '2026-03-12 06:08:54'),
(7, 63, 245, '2026-03-12 06:08:54', '2026-03-12 06:08:54'),
(8, 64, 246, '2026-03-12 06:08:54', '2026-03-12 06:08:54'),
(9, 65, 247, '2026-03-12 06:08:54', '2026-03-12 06:08:54'),
(10, 184, 244, '2026-03-12 06:09:45', '2026-03-12 06:09:45');

-- --------------------------------------------------------

--
-- Structure de la table `organisation_modification_sessions`
--

CREATE TABLE `organisation_modification_sessions` (
  `id` bigint(20) UNSIGNED NOT NULL,
  `organisation_id` bigint(20) UNSIGNED NOT NULL,
  `initiated_by_client_user_id` bigint(20) UNSIGNED DEFAULT NULL,
  `mode` varchar(64) NOT NULL,
  `status` varchar(32) NOT NULL DEFAULT 'draft',
  `current_step` smallint(5) UNSIGNED NOT NULL DEFAULT 1,
  `state` longtext CHARACTER SET utf8mb4 COLLATE utf8mb4_bin DEFAULT NULL CHECK (json_valid(`state`)),
  `applied_at` timestamp NULL DEFAULT NULL,
  `created_at` timestamp NULL DEFAULT NULL,
  `updated_at` timestamp NULL DEFAULT NULL
) ENGINE=InnoDB DEFAULT CHARSET=utf8mb4 COLLATE=utf8mb4_unicode_ci;

--
-- Déchargement des données de la table `organisation_modification_sessions`
--

INSERT INTO `organisation_modification_sessions` (`id`, `organisation_id`, `initiated_by_client_user_id`, `mode`, `status`, `current_step`, `state`, `applied_at`, `created_at`, `updated_at`) VALUES
(1, 6, 10, 'extend_territory', 'discarded', 4, '{\"added_commune_ids\":[],\"extension_notes\":\"\",\"repartition_notes\":\"\"}', NULL, '2026-04-05 13:10:24', '2026-04-05 13:11:10'),
(2, 6, 10, 'add_units_redistribute', 'discarded', 2, '[]', NULL, '2026-04-05 13:11:18', '2026-04-05 13:11:57'),
(3, 1, 10, 'extend_territory', 'discarded', 3, '{\"added_commune_ids\":[],\"extension_notes\":\"\"}', NULL, '2026-04-05 18:34:49', '2026-04-05 19:02:54'),
(4, 1, 10, 'extend_territory', 'discarded', 2, '[]', NULL, '2026-04-05 19:02:59', '2026-04-07 16:34:44'),
(5, 22, 10, 'extend_territory', 'discarded', 1, '[]', NULL, '2026-04-13 23:39:54', '2026-04-14 00:06:56'),
(6, 22, 10, 'reduce_territory', 'discarded', 1, '[]', NULL, '2026-04-14 00:07:02', '2026-04-14 00:07:18'),
(8, 22, 10, 'extend_territory', 'discarded', 2, '{\"added_commune_ids\":[1797,1799,1798,1800,1801,1802,1803,1804,1805,1806],\"extension_notes\":\"\",\"repartition_notes\":\"\"}', NULL, '2026-04-14 00:08:02', '2026-04-14 00:23:11'),
(9, 22, 10, 'extend_territory', 'discarded', 2, '{\"added_commune_ids\":[1552,1553],\"extension_notes\":\"\",\"repartition_notes\":\"\"}', NULL, '2026-04-14 00:23:24', '2026-04-14 01:12:57'),
(10, 22, 10, 'extend_territory', 'applied', 3, '{\"added_commune_ids\":[1254,1255,1812],\"extension_notes\":\"\",\"repartition_notes\":\"\",\"extension_persisted_commune_ids\":[1254,1255,1812],\"extension_impacted_units\":[{\"id\":418,\"name\":\"DC\",\"node_id\":157,\"node_name\":\"DC\"},{\"id\":428,\"name\":\"VMC OUEST\",\"node_id\":159,\"node_name\":\"VMC\"}]}', '2026-04-14 01:45:11', '2026-04-14 01:14:07', '2026-04-14 01:45:11'),
(11, 22, 10, 'reduce_territory', 'applied', 3, '{\"removed_commune_ids\":[1254,1255,1812],\"reduction_notes\":\"\",\"repartition_notes\":\"\",\"reduction_impacted_units\":[{\"id\":418,\"name\":\"DC\",\"node_id\":157,\"node_name\":\"DC\"},{\"id\":428,\"name\":\"VMC OUEST\",\"node_id\":159,\"node_name\":\"VMC\"}],\"reduction_backup\":{\"organisation_territories\":[{\"organisation_id\":22,\"commune_id\":1254},{\"organisation_id\":22,\"commune_id\":1255},{\"organisation_id\":22,\"commune_id\":1812}],\"organisation_node_unit_territories\":[{\"organisation_node_unit_id\":428,\"commune_id\":1254,\"cible\":\"prescripteurs\",\"is_suggested\":false},{\"organisation_node_unit_id\":428,\"commune_id\":1255,\"cible\":\"prescripteurs\",\"is_suggested\":false},{\"organisation_node_unit_id\":428,\"commune_id\":1254,\"cible\":\"dispensateurs\",\"is_suggested\":false},{\"organisation_node_unit_id\":428,\"commune_id\":1255,\"cible\":\"dispensateurs\",\"is_suggested\":false},{\"organisation_node_unit_id\":428,\"commune_id\":1254,\"cible\":\"distributeurs\",\"is_suggested\":false},{\"organisation_node_unit_id\":428,\"commune_id\":1255,\"cible\":\"distributeurs\",\"is_suggested\":false},{\"organisation_node_unit_id\":428,\"commune_id\":1812,\"cible\":\"prescripteurs\",\"is_suggested\":false},{\"organisation_node_unit_id\":428,\"commune_id\":1812,\"cible\":\"dispensateurs\",\"is_suggested\":false},{\"organisation_node_unit_id\":428,\"commune_id\":1812,\"cible\":\"distributeurs\",\"is_suggested\":false},{\"organisation_node_unit_id\":418,\"commune_id\":1812,\"cible\":\"centrales_achat\",\"is_suggested\":false}],\"organisation_territory_repartitions\":[{\"organisation_id\":22,\"organisation_node_id\":159,\"commune_id\":1254,\"cible\":\"prescripteurs\",\"is_suggested\":false},{\"organisation_id\":22,\"organisation_node_id\":159,\"commune_id\":1254,\"cible\":\"dispensateurs\",\"is_suggested\":false},{\"organisation_id\":22,\"organisation_node_id\":159,\"commune_id\":1254,\"cible\":\"distributeurs\",\"is_suggested\":false},{\"organisation_id\":22,\"organisation_node_id\":159,\"commune_id\":1255,\"cible\":\"prescripteurs\",\"is_suggested\":false},{\"organisation_id\":22,\"organisation_node_id\":159,\"commune_id\":1255,\"cible\":\"dispensateurs\",\"is_suggested\":false},{\"organisation_id\":22,\"organisation_node_id\":159,\"commune_id\":1255,\"cible\":\"distributeurs\",\"is_suggested\":false},{\"organisation_id\":22,\"organisation_node_id\":159,\"commune_id\":1812,\"cible\":\"prescripteurs\",\"is_suggested\":false},{\"organisation_id\":22,\"organisation_node_id\":159,\"commune_id\":1812,\"cible\":\"dispensateurs\",\"is_suggested\":false},{\"organisation_id\":22,\"organisation_node_id\":159,\"commune_id\":1812,\"cible\":\"distributeurs\",\"is_suggested\":false},{\"organisation_id\":22,\"organisation_node_id\":157,\"commune_id\":1812,\"cible\":\"centrales_achat\",\"is_suggested\":false}],\"organisation_node_user_territories\":[]},\"reduction_persisted\":true}', '2026-04-14 02:08:59', '2026-04-14 02:00:34', '2026-04-14 02:08:59'),
(12, 6, 10, 'extend_territory', 'discarded', 2, '{\"added_commune_ids\":[355,358,362,354,359,1254,1255],\"extension_notes\":\"\",\"repartition_notes\":\"\"}', NULL, '2026-04-14 19:49:33', '2026-04-14 20:08:42'),
(13, 6, 10, 'extend_territory', 'discarded', 3, '{\"added_commune_ids\":[1552,1553,1590,1589],\"extension_notes\":\"\",\"repartition_notes\":\"\",\"extension_impacted_units\":[{\"id\":62,\"name\":\"DC\",\"node_id\":57,\"node_name\":\"DC\"},{\"id\":83,\"name\":\"VMC OUEST\",\"node_id\":60,\"node_name\":\"VMC\"},{\"id\":84,\"name\":\"VMC EST\",\"node_id\":60,\"node_name\":\"VMC\"}]}', NULL, '2026-04-14 20:08:50', '2026-04-14 20:29:51'),
(14, 6, 10, 'reduce_territory', 'discarded', 3, '{\"reduction_notes\":\"\",\"repartition_notes\":\"\"}', NULL, '2026-04-14 20:30:00', '2026-04-14 20:39:43'),
(16, 6, 10, 'add_units_increment_redistribute', 'discarded', 1, '[]', NULL, '2026-04-14 20:45:31', '2026-04-15 15:16:26');

-- --------------------------------------------------------

--
-- Structure de la table `organisation_nodes`
--

CREATE TABLE `organisation_nodes` (
  `id` bigint(20) UNSIGNED NOT NULL,
  `organisation_id` bigint(20) UNSIGNED NOT NULL,
  `org_node_id` bigint(20) UNSIGNED DEFAULT NULL,
  `catalog_source_org_node_id` bigint(20) UNSIGNED DEFAULT NULL,
  `parent_id` bigint(20) UNSIGNED DEFAULT NULL,
  `name` varchar(255) NOT NULL,
  `description` text DEFAULT NULL,
  `targets_mask` int(10) UNSIGNED NOT NULL DEFAULT 0,
  `selected_cibles_mask` int(10) UNSIGNED DEFAULT NULL,
  `position_x` double(8,2) DEFAULT NULL,
  `position_y` double(8,2) DEFAULT NULL,
  `sort_order` int(10) UNSIGNED NOT NULL DEFAULT 0,
  `created_at` timestamp NULL DEFAULT NULL,
  `updated_at` timestamp NULL DEFAULT NULL
) ENGINE=InnoDB DEFAULT CHARSET=utf8mb4 COLLATE=utf8mb4_unicode_ci;

--
-- Déchargement des données de la table `organisation_nodes`
--

INSERT INTO `organisation_nodes` (`id`, `organisation_id`, `org_node_id`, `catalog_source_org_node_id`, `parent_id`, `name`, `description`, `targets_mask`, `selected_cibles_mask`, `position_x`, `position_y`, `sort_order`, `created_at`, `updated_at`) VALUES
(29, 1, 6, NULL, 83, 'DC', NULL, 14, 14, NULL, NULL, 2, '2026-02-25 20:47:43', '2026-03-11 05:40:23'),
(42, 1, 11, NULL, 84, 'VM', NULL, 1, 1, NULL, NULL, 5, '2026-02-25 21:56:36', '2026-03-11 05:40:23'),
(56, 6, 4, NULL, NULL, 'DVM', NULL, 15, NULL, NULL, NULL, 1, '2026-03-01 01:46:03', '2026-03-01 01:46:03'),
(57, 6, 6, NULL, 56, 'DC', NULL, 14, NULL, NULL, NULL, 2, '2026-03-01 01:46:03', '2026-03-01 01:46:03'),
(58, 6, 35, NULL, 56, 'DR Medicale', NULL, 7, NULL, NULL, NULL, 3, '2026-03-01 01:46:03', '2026-03-01 01:46:03'),
(59, 6, 33, NULL, 57, 'VP', NULL, 6, NULL, NULL, NULL, 4, '2026-03-01 01:46:03', '2026-03-01 01:46:03'),
(60, 6, 12, NULL, 58, 'VMC', NULL, 7, NULL, NULL, NULL, 5, '2026-03-01 01:46:03', '2026-03-01 01:46:03'),
(61, 6, 11, NULL, 58, 'VM', NULL, 1, NULL, NULL, NULL, 6, '2026-03-01 01:46:03', '2026-03-01 01:46:03'),
(83, 1, 4, NULL, NULL, 'DVM', NULL, 15, 15, NULL, NULL, 1, '2026-03-11 05:40:23', '2026-03-11 05:41:04'),
(84, 1, 35, NULL, 83, 'DR Medicale', NULL, 7, 7, NULL, NULL, 3, '2026-03-11 05:40:23', '2026-03-11 05:41:04'),
(85, 1, 33, NULL, 29, 'VP', NULL, 6, 6, NULL, NULL, 4, '2026-03-11 05:40:23', '2026-03-11 05:41:04'),
(86, 1, 12, NULL, 84, 'VMC', NULL, 7, 7, NULL, NULL, 6, '2026-03-11 05:40:23', '2026-03-11 05:41:04'),
(91, 8, 4, NULL, NULL, 'DVM', NULL, 15, 2, NULL, NULL, 1, '2026-03-12 03:32:30', '2026-03-12 03:32:53'),
(92, 8, 6, NULL, 91, 'DC', NULL, 14, 2, NULL, NULL, 2, '2026-03-12 03:32:30', '2026-03-12 03:32:53'),
(93, 8, 33, NULL, 92, 'VP', NULL, 6, 2, NULL, NULL, 3, '2026-03-12 03:32:30', '2026-03-12 03:32:53'),
(100, 10, 41, NULL, NULL, 'Directeur Medical', NULL, 1, 1, NULL, NULL, 1, '2026-03-12 05:47:01', '2026-03-12 05:47:17'),
(101, 10, 42, NULL, 100, 'Medical Manger', NULL, 1, 1, NULL, NULL, 2, '2026-03-12 05:47:01', '2026-03-12 05:50:17'),
(102, 10, 43, NULL, 101, 'MSL/RMA', NULL, 1, 1, NULL, NULL, 3, '2026-03-12 05:47:01', '2026-03-12 05:47:17'),
(121, 13, 4, 4, NULL, 'DVM', NULL, 31, 31, NULL, NULL, 1, '2026-03-25 13:12:11', '2026-03-25 13:13:43'),
(122, 13, 35, 35, 121, 'DR Medicale', NULL, 7, 7, NULL, NULL, 2, '2026-03-25 13:12:11', '2026-03-25 13:13:43'),
(123, 13, 6, 6, 121, 'DC', NULL, 30, 30, NULL, NULL, 3, '2026-03-25 13:12:11', '2026-03-25 13:13:43'),
(124, 13, 12, 12, 122, 'VMC', NULL, 7, 7, NULL, NULL, 4, '2026-03-25 13:12:11', '2026-03-25 13:13:43'),
(125, 13, 11, 11, 122, 'VM', NULL, 1, 1, NULL, NULL, 5, '2026-03-25 13:12:11', '2026-03-25 13:13:43'),
(126, 13, 33, 33, 123, 'VP', NULL, 22, 22, NULL, NULL, 6, '2026-03-25 13:12:11', '2026-03-25 13:13:43'),
(127, 13, 15, 15, 123, 'KAM', NULL, 12, 28, NULL, NULL, 7, '2026-03-25 13:12:11', '2026-03-25 13:13:43'),
(137, 14, 31, NULL, NULL, 'SN', NULL, 7, NULL, NULL, NULL, 1, '2026-04-05 00:33:56', '2026-04-05 00:33:56'),
(138, 14, 35, NULL, 137, 'DR Medicale', NULL, 7, NULL, NULL, NULL, 2, '2026-04-05 00:33:56', '2026-04-05 00:33:56'),
(139, 14, 32, NULL, 137, 'DR Commerciale', NULL, 30, NULL, NULL, NULL, 3, '2026-04-05 00:33:56', '2026-04-05 00:33:56'),
(140, 14, 15, NULL, 138, 'KAM', NULL, 28, NULL, NULL, NULL, 4, '2026-04-05 00:33:56', '2026-04-05 00:33:56'),
(141, 17, 4, NULL, NULL, 'DVM', NULL, 31, NULL, NULL, NULL, 1, '2026-04-05 20:08:00', '2026-04-05 20:08:00'),
(142, 17, 5, NULL, 141, 'PM', NULL, 2, NULL, NULL, NULL, 2, '2026-04-05 20:08:00', '2026-04-05 20:08:00'),
(155, 22, 4, NULL, NULL, 'DVM', NULL, 31, 15, NULL, NULL, 1, '2026-04-13 13:46:59', '2026-04-13 13:47:21'),
(156, 22, 35, NULL, 155, 'DR Medicale', NULL, 7, 7, NULL, NULL, 2, '2026-04-13 13:46:59', '2026-04-13 13:47:17'),
(157, 22, 6, NULL, 155, 'DC', NULL, 30, 14, NULL, NULL, 3, '2026-04-13 13:46:59', '2026-04-13 13:47:17'),
(158, 22, 11, NULL, 156, 'VM', NULL, 1, 1, NULL, NULL, 4, '2026-04-13 13:46:59', '2026-04-13 13:47:17'),
(159, 22, 12, NULL, 156, 'VMC', NULL, 7, 7, NULL, NULL, 5, '2026-04-13 13:46:59', '2026-04-13 13:47:17'),
(160, 22, 33, NULL, 157, 'VP', NULL, 22, 6, NULL, NULL, 6, '2026-04-13 13:46:59', '2026-04-13 13:47:17');

-- --------------------------------------------------------

--
-- Structure de la table `organisation_node_parents`
--

CREATE TABLE `organisation_node_parents` (
  `id` bigint(20) UNSIGNED NOT NULL,
  `organisation_node_id` bigint(20) UNSIGNED NOT NULL,
  `parent_organisation_node_id` bigint(20) UNSIGNED NOT NULL,
  `created_at` timestamp NULL DEFAULT NULL,
  `updated_at` timestamp NULL DEFAULT NULL
) ENGINE=InnoDB DEFAULT CHARSET=utf8mb4 COLLATE=utf8mb4_unicode_ci;

--
-- Déchargement des données de la table `organisation_node_parents`
--

INSERT INTO `organisation_node_parents` (`id`, `organisation_node_id`, `parent_organisation_node_id`, `created_at`, `updated_at`) VALUES
(17, 57, 56, '2026-03-01 01:46:03', '2026-03-01 01:46:03'),
(18, 58, 56, '2026-03-01 01:46:03', '2026-03-01 01:46:03'),
(19, 60, 58, '2026-03-01 01:46:03', '2026-03-01 01:46:03'),
(20, 61, 58, '2026-03-01 01:46:03', '2026-03-01 01:46:03'),
(21, 59, 57, '2026-03-01 01:46:03', '2026-03-01 01:46:03'),
(49, 29, 83, '2026-03-11 05:40:23', '2026-03-11 05:40:23'),
(50, 42, 84, '2026-03-11 05:40:23', '2026-03-11 05:40:23'),
(51, 84, 83, '2026-03-11 05:40:23', '2026-03-11 05:40:23'),
(52, 85, 29, '2026-03-11 05:40:23', '2026-03-11 05:40:23'),
(53, 86, 84, '2026-03-11 05:40:23', '2026-03-11 05:40:23'),
(58, 92, 91, '2026-03-12 03:32:30', '2026-03-12 03:32:30'),
(59, 93, 92, '2026-03-12 03:32:30', '2026-03-12 03:32:30'),
(65, 101, 100, '2026-03-12 05:47:01', '2026-03-12 05:47:01'),
(66, 102, 101, '2026-03-12 05:47:01', '2026-03-12 05:47:01'),
(81, 124, 122, '2026-03-25 13:12:11', '2026-03-25 13:12:11'),
(82, 125, 122, '2026-03-25 13:12:11', '2026-03-25 13:12:11'),
(83, 122, 121, '2026-03-25 13:12:11', '2026-03-25 13:12:11'),
(84, 126, 123, '2026-03-25 13:12:11', '2026-03-25 13:12:11'),
(85, 123, 121, '2026-03-25 13:12:11', '2026-03-25 13:12:11'),
(86, 127, 123, '2026-03-25 13:12:11', '2026-03-25 13:12:11'),
(92, 138, 137, '2026-04-05 00:33:56', '2026-04-05 00:33:56'),
(93, 139, 137, '2026-04-05 00:33:56', '2026-04-05 00:33:56'),
(94, 140, 138, '2026-04-05 00:33:56', '2026-04-05 00:33:56'),
(95, 140, 139, '2026-04-05 00:33:56', '2026-04-05 00:33:56'),
(96, 142, 141, '2026-04-05 20:08:00', '2026-04-05 20:08:00'),
(107, 156, 155, '2026-04-13 13:46:59', '2026-04-13 13:46:59'),
(108, 157, 155, '2026-04-13 13:46:59', '2026-04-13 13:46:59'),
(109, 160, 157, '2026-04-13 13:46:59', '2026-04-13 13:46:59'),
(110, 158, 156, '2026-04-13 13:46:59', '2026-04-13 13:46:59'),
(111, 159, 156, '2026-04-13 13:46:59', '2026-04-13 13:46:59');

-- --------------------------------------------------------

--
-- Structure de la table `organisation_node_units`
--

CREATE TABLE `organisation_node_units` (
  `id` bigint(20) UNSIGNED NOT NULL,
  `organisation_node_id` bigint(20) UNSIGNED NOT NULL,
  `parent_organisation_node_id` bigint(20) UNSIGNED DEFAULT NULL,
  `parent_organisation_node_unit_id` bigint(20) UNSIGNED DEFAULT NULL,
  `name` varchar(255) NOT NULL,
  `sort_order` smallint(5) UNSIGNED NOT NULL DEFAULT 0,
  `created_at` timestamp NULL DEFAULT NULL,
  `updated_at` timestamp NULL DEFAULT NULL,
  `deleted_at` timestamp NULL DEFAULT NULL
) ENGINE=InnoDB DEFAULT CHARSET=utf8mb4 COLLATE=utf8mb4_unicode_ci;

--
-- Déchargement des données de la table `organisation_node_units`
--

INSERT INTO `organisation_node_units` (`id`, `organisation_node_id`, `parent_organisation_node_id`, `parent_organisation_node_unit_id`, `name`, `sort_order`, `created_at`, `updated_at`, `deleted_at`) VALUES
(61, 56, NULL, NULL, 'DVM', 0, '2026-03-01 01:46:38', '2026-03-01 01:46:38', NULL),
(62, 57, NULL, 61, 'DC', 0, '2026-03-01 01:46:54', '2026-03-01 01:50:40', NULL),
(63, 58, NULL, 61, 'DR OUEST', 0, '2026-03-01 01:47:26', '2026-03-01 01:50:34', NULL),
(64, 58, NULL, 61, 'DR CENTRE', 1, '2026-03-01 01:47:26', '2026-03-01 01:50:36', NULL),
(65, 58, NULL, 61, 'DR EST', 2, '2026-03-01 01:47:26', '2026-03-01 01:50:38', NULL),
(66, 59, NULL, 62, 'VP1', 0, '2026-03-01 01:48:18', '2026-03-01 01:50:42', NULL),
(67, 59, NULL, 62, 'VP2', 1, '2026-03-01 01:48:18', '2026-03-01 01:50:44', NULL),
(68, 59, NULL, 62, 'VP3', 2, '2026-03-01 01:48:18', '2026-03-01 01:50:45', NULL),
(69, 59, NULL, 62, 'VP4', 3, '2026-03-01 01:48:18', '2026-03-01 01:50:47', NULL),
(70, 59, NULL, 62, 'VP5', 4, '2026-03-01 01:48:18', '2026-03-01 01:50:51', NULL),
(71, 59, NULL, 62, 'VP6', 5, '2026-03-01 01:48:18', '2026-03-01 01:50:52', NULL),
(72, 59, NULL, 62, 'VP7', 6, '2026-03-01 01:48:18', '2026-03-01 01:50:54', NULL),
(73, 59, NULL, 62, 'VP8', 7, '2026-03-01 01:48:18', '2026-03-01 01:50:57', NULL),
(74, 61, NULL, 63, 'VM1 OUEST', 0, '2026-03-01 01:49:53', '2026-03-01 01:52:27', NULL),
(75, 61, NULL, 63, 'VM2 OUEST', 1, '2026-03-01 01:49:53', '2026-03-01 01:52:30', NULL),
(76, 61, NULL, 64, 'VM1 CENTRE', 2, '2026-03-01 01:49:53', '2026-03-01 01:52:37', NULL),
(77, 61, NULL, 64, 'VM2 CENTRE', 3, '2026-03-01 01:49:53', '2026-03-01 01:52:39', NULL),
(78, 61, NULL, 64, 'VM3 CENTRE', 4, '2026-03-01 01:49:53', '2026-03-01 01:52:41', NULL),
(79, 61, NULL, 64, 'VM4 CENTRE', 5, '2026-03-01 01:49:53', '2026-03-01 01:52:43', NULL),
(80, 61, NULL, 65, 'VM1 EST', 6, '2026-03-01 01:49:53', '2026-03-01 01:52:45', NULL),
(81, 61, NULL, 65, 'VM2 EST', 7, '2026-03-01 01:49:53', '2026-03-01 01:52:46', NULL),
(82, 61, NULL, 65, 'VM3 EST', 8, '2026-03-01 01:49:53', '2026-03-01 01:52:48', NULL),
(83, 60, NULL, 63, 'VMC OUEST', 0, '2026-03-01 01:51:41', '2026-03-01 01:51:56', NULL),
(84, 60, NULL, 65, 'VMC EST', 1, '2026-03-01 01:51:41', '2026-03-01 01:51:59', NULL),
(85, 60, NULL, 64, 'VMC CENTRE', 2, '2026-03-01 01:51:41', '2026-03-01 01:52:20', NULL),
(184, 83, NULL, NULL, 'DVM', 0, '2026-03-11 05:45:39', '2026-03-11 05:45:39', NULL),
(185, 29, NULL, 184, 'DC', 0, '2026-03-11 05:45:39', '2026-03-11 05:46:17', NULL),
(186, 84, NULL, 184, 'DR OUEST', 0, '2026-03-11 05:45:39', '2026-03-11 05:46:20', NULL),
(187, 84, NULL, 184, 'DR CENTRE', 1, '2026-03-11 05:45:39', '2026-03-11 05:46:22', NULL),
(188, 84, NULL, 184, 'DR EST', 2, '2026-03-11 05:45:39', '2026-03-11 05:46:24', NULL),
(189, 85, NULL, 185, 'VP1', 0, '2026-03-11 05:45:39', '2026-03-11 05:46:26', NULL),
(190, 85, NULL, 185, 'VP2', 1, '2026-03-11 05:45:39', '2026-03-11 05:46:28', NULL),
(191, 85, NULL, 185, 'VP3', 2, '2026-03-11 05:45:39', '2026-03-11 05:46:30', NULL),
(192, 85, NULL, 185, 'VP4', 3, '2026-03-11 05:45:39', '2026-03-11 05:46:32', NULL),
(193, 85, NULL, 185, 'VP5', 4, '2026-03-11 05:45:39', '2026-03-11 05:46:35', NULL),
(194, 85, NULL, 185, 'VP6', 5, '2026-03-11 05:45:40', '2026-03-11 05:46:37', NULL),
(195, 85, NULL, 185, 'VP7', 6, '2026-03-11 05:45:40', '2026-03-11 05:46:40', NULL),
(196, 85, NULL, 185, 'VP8', 7, '2026-03-11 05:45:40', '2026-03-11 05:46:42', NULL),
(197, 42, NULL, 186, 'VM1 OUEST', 0, '2026-03-11 05:45:40', '2026-03-11 05:46:46', NULL),
(198, 42, NULL, 186, 'VM2 OUEST', 1, '2026-03-11 05:45:40', '2026-03-11 05:46:54', NULL),
(199, 42, NULL, 187, 'VM1 CENTRE', 2, '2026-03-11 05:45:40', '2026-03-11 05:47:01', NULL),
(200, 42, NULL, 187, 'VM2 CENTRE', 3, '2026-03-11 05:45:40', '2026-03-11 05:47:04', NULL),
(201, 42, NULL, 187, 'VM3 CENTRE', 4, '2026-03-11 05:45:40', '2026-03-11 05:47:06', NULL),
(202, 42, NULL, 187, 'VM4 CENTRE', 5, '2026-03-11 05:45:40', '2026-03-11 05:47:08', NULL),
(203, 42, NULL, 188, 'VM1 EST', 6, '2026-03-11 05:45:40', '2026-03-11 05:47:12', NULL),
(204, 42, NULL, 188, 'VM2 EST', 7, '2026-03-11 05:45:40', '2026-03-11 05:47:14', NULL),
(205, 42, NULL, 188, 'VM3 EST', 8, '2026-03-11 05:45:40', '2026-03-11 05:47:18', NULL),
(206, 86, NULL, 186, 'VMC OUEST', 0, '2026-03-11 05:45:40', '2026-03-11 05:47:21', NULL),
(207, 86, NULL, 187, 'VMC CENTRE', 1, '2026-03-11 05:45:40', '2026-03-11 05:47:24', NULL),
(208, 86, NULL, 188, 'VMC EST', 2, '2026-03-11 05:45:40', '2026-03-11 05:47:28', NULL),
(221, 91, NULL, NULL, 'DVM', 0, '2026-03-12 03:33:46', '2026-03-12 03:33:46', NULL),
(222, 92, NULL, 221, 'DC', 0, '2026-03-12 03:33:46', '2026-03-12 03:33:53', NULL),
(223, 93, NULL, 222, 'VP OUEST', 0, '2026-03-12 03:33:46', '2026-03-12 03:33:55', NULL),
(224, 93, NULL, 222, 'VP CENTRE', 1, '2026-03-12 03:33:46', '2026-03-12 03:33:56', NULL),
(225, 93, NULL, 222, 'VP EST', 2, '2026-03-12 03:33:46', '2026-03-12 03:33:58', NULL),
(243, 100, NULL, NULL, 'DM', 0, '2026-03-12 05:50:51', '2026-03-12 05:50:51', NULL),
(244, 101, NULL, 243, 'MM', 0, '2026-03-12 05:50:51', '2026-03-12 05:50:56', NULL),
(245, 102, NULL, 244, 'MSL OUEST', 0, '2026-03-12 05:50:51', '2026-03-12 05:50:57', NULL),
(246, 102, NULL, 244, 'MSL CENTRE', 1, '2026-03-12 05:50:51', '2026-03-12 05:50:59', NULL),
(247, 102, NULL, 244, 'MSL EST', 2, '2026-03-12 05:50:51', '2026-03-12 05:51:00', NULL),
(394, 137, NULL, NULL, 'sn', 0, '2026-04-05 00:34:27', '2026-04-05 00:34:27', NULL),
(395, 138, NULL, 394, 'drm', 0, '2026-04-05 00:34:27', '2026-04-05 00:34:34', NULL),
(396, 139, NULL, 394, 'drc', 0, '2026-04-05 00:34:27', '2026-04-05 00:34:36', NULL),
(397, 140, NULL, 396, 'Unité 1', 0, '2026-04-05 00:34:27', '2026-04-05 00:34:43', NULL),
(398, 141, NULL, NULL, 'DVM', 0, '2026-04-05 20:09:15', '2026-04-05 20:09:15', NULL),
(399, 142, NULL, 398, 'PM 1', 0, '2026-04-05 20:09:15', '2026-04-05 20:09:25', NULL),
(400, 142, NULL, 398, 'PM 2', 1, '2026-04-05 20:09:15', '2026-04-05 20:09:27', NULL),
(401, 142, NULL, 398, 'PM 3', 2, '2026-04-05 20:09:15', '2026-04-05 20:09:23', NULL),
(414, 155, NULL, NULL, 'DVM', 0, '2026-04-13 13:51:19', '2026-04-13 13:51:19', NULL),
(415, 156, NULL, 414, 'DR OUEST', 0, '2026-04-13 13:51:19', '2026-04-13 13:51:35', NULL),
(416, 156, NULL, 414, 'DR CENTRE', 1, '2026-04-13 13:51:19', '2026-04-13 13:51:37', NULL),
(417, 156, NULL, 414, 'DR EST', 2, '2026-04-13 13:51:19', '2026-04-13 13:51:38', NULL),
(418, 157, NULL, 414, 'DC', 0, '2026-04-13 13:51:19', '2026-04-13 13:51:40', NULL),
(419, 158, NULL, 415, 'VM1 OUEST', 0, '2026-04-13 13:51:19', '2026-04-13 13:51:42', NULL),
(420, 158, NULL, 415, 'VM2 OUEST', 1, '2026-04-13 13:51:19', '2026-04-13 13:51:45', NULL),
(421, 158, NULL, 416, 'VM1 CENTRE', 2, '2026-04-13 13:51:19', '2026-04-13 13:51:48', NULL),
(422, 158, NULL, 416, 'VM2 CENTRE', 3, '2026-04-13 13:51:19', '2026-04-13 13:51:52', NULL),
(423, 158, NULL, 416, 'VM3 CENTRE', 4, '2026-04-13 13:51:19', '2026-04-13 13:51:54', NULL),
(424, 158, NULL, 416, 'VM4 CENTRE', 5, '2026-04-13 13:51:19', '2026-04-13 13:51:56', NULL),
(425, 158, NULL, 417, 'VM1 EST', 6, '2026-04-13 13:51:19', '2026-04-13 13:51:59', NULL),
(426, 158, NULL, 417, 'VM2 EST', 7, '2026-04-13 13:51:19', '2026-04-13 13:52:01', NULL),
(427, 158, NULL, 417, 'VM3 EST', 8, '2026-04-13 13:51:19', '2026-04-13 13:52:03', NULL),
(428, 159, NULL, 415, 'VMC OUEST', 0, '2026-04-13 13:51:19', '2026-04-13 13:52:06', NULL),
(429, 159, NULL, 416, 'VMC CENTRE', 1, '2026-04-13 13:51:19', '2026-04-13 13:52:09', NULL),
(430, 159, NULL, 417, 'VMC EST', 2, '2026-04-13 13:51:19', '2026-04-13 13:52:12', NULL),
(431, 160, NULL, 418, 'VP1', 0, '2026-04-13 13:51:19', '2026-04-13 13:52:15', NULL),
(432, 160, NULL, 418, 'VP2', 1, '2026-04-13 13:51:19', '2026-04-13 13:52:17', NULL),
(433, 160, NULL, 418, 'VP3', 2, '2026-04-13 13:51:19', '2026-04-13 13:52:19', NULL),
(434, 160, NULL, 418, 'VP4', 3, '2026-04-13 13:51:19', '2026-04-13 13:52:22', NULL),
(435, 160, NULL, 418, 'VP5', 4, '2026-04-13 13:51:19', '2026-04-13 13:52:24', NULL),
(436, 160, NULL, 418, 'VP6', 5, '2026-04-13 13:51:19', '2026-04-13 13:52:26', NULL),
(437, 160, NULL, 418, 'VP7', 6, '2026-04-13 13:51:19', '2026-04-13 13:52:29', NULL),
(438, 160, NULL, 418, 'VP8', 7, '2026-04-13 13:51:19', '2026-04-13 13:52:32', NULL);

-- --------------------------------------------------------

--
-- Structure de la table `organisation_node_unit_territories`
--

CREATE TABLE `organisation_node_unit_territories` (
  `id` bigint(20) UNSIGNED NOT NULL,
  `organisation_node_unit_id` bigint(20) UNSIGNED NOT NULL,
  `commune_id` bigint(20) UNSIGNED NOT NULL,
  `cible` varchar(32) NOT NULL,
  `is_suggested` tinyint(1) NOT NULL DEFAULT 0,
  `created_at` timestamp NULL DEFAULT NULL,
  `updated_at` timestamp NULL DEFAULT NULL
) ENGINE=InnoDB DEFAULT CHARSET=utf8mb4 COLLATE=utf8mb4_unicode_ci;

--
-- Déchargement des données de la table `organisation_node_unit_territories`
--

INSERT INTO `organisation_node_unit_territories` (`id`, `organisation_node_unit_id`, `commune_id`, `cible`, `is_suggested`, `created_at`, `updated_at`) VALUES
(1748, 28, 841, 'pharmacies', 0, '2026-02-27 20:34:26', '2026-02-27 20:34:26'),
(1749, 28, 842, 'pharmacies', 0, '2026-02-27 20:34:26', '2026-02-27 20:34:26'),
(1750, 28, 843, 'pharmacies', 0, '2026-02-27 20:34:26', '2026-02-27 20:34:26'),
(1751, 28, 844, 'pharmacies', 0, '2026-02-27 20:34:26', '2026-02-27 20:34:26'),
(1752, 28, 845, 'pharmacies', 0, '2026-02-27 20:34:26', '2026-02-27 20:34:26'),
(1753, 28, 846, 'pharmacies', 0, '2026-02-27 20:34:26', '2026-02-27 20:34:26'),
(1754, 28, 847, 'pharmacies', 0, '2026-02-27 20:34:26', '2026-02-27 20:34:26'),
(1755, 28, 848, 'pharmacies', 0, '2026-02-27 20:34:26', '2026-02-27 20:34:26'),
(1756, 28, 849, 'pharmacies', 0, '2026-02-27 20:34:26', '2026-02-27 20:34:26'),
(1757, 28, 850, 'pharmacies', 0, '2026-02-27 20:34:26', '2026-02-27 20:34:26'),
(1758, 28, 851, 'pharmacies', 0, '2026-02-27 20:34:26', '2026-02-27 20:34:26'),
(1759, 28, 852, 'pharmacies', 0, '2026-02-27 20:34:26', '2026-02-27 20:34:26'),
(1760, 28, 841, 'grossistes', 0, '2026-02-27 20:34:26', '2026-02-27 20:34:26'),
(1761, 28, 842, 'grossistes', 0, '2026-02-27 20:34:26', '2026-02-27 20:34:26'),
(1762, 28, 843, 'grossistes', 0, '2026-02-27 20:34:26', '2026-02-27 20:34:26'),
(1763, 28, 844, 'grossistes', 0, '2026-02-27 20:34:26', '2026-02-27 20:34:26'),
(1764, 28, 845, 'grossistes', 0, '2026-02-27 20:34:26', '2026-02-27 20:34:26'),
(1765, 28, 846, 'grossistes', 0, '2026-02-27 20:34:26', '2026-02-27 20:34:26'),
(1766, 28, 847, 'grossistes', 0, '2026-02-27 20:34:26', '2026-02-27 20:34:26'),
(1767, 28, 848, 'grossistes', 0, '2026-02-27 20:34:26', '2026-02-27 20:34:26'),
(1768, 28, 849, 'grossistes', 0, '2026-02-27 20:34:26', '2026-02-27 20:34:26'),
(1769, 28, 850, 'grossistes', 0, '2026-02-27 20:34:26', '2026-02-27 20:34:26'),
(1770, 28, 851, 'grossistes', 0, '2026-02-27 20:34:26', '2026-02-27 20:34:26'),
(1771, 28, 852, 'grossistes', 0, '2026-02-27 20:34:26', '2026-02-27 20:34:26'),
(1838, 27, 554, 'pharmacies', 0, '2026-02-27 20:34:29', '2026-02-27 20:34:29'),
(1839, 27, 555, 'pharmacies', 0, '2026-02-27 20:34:29', '2026-02-27 20:34:29'),
(1840, 27, 556, 'pharmacies', 0, '2026-02-27 20:34:29', '2026-02-27 20:34:29'),
(1841, 27, 557, 'pharmacies', 0, '2026-02-27 20:34:29', '2026-02-27 20:34:29'),
(1842, 27, 558, 'pharmacies', 0, '2026-02-27 20:34:29', '2026-02-27 20:34:29'),
(1843, 27, 559, 'pharmacies', 0, '2026-02-27 20:34:29', '2026-02-27 20:34:29'),
(1844, 27, 560, 'pharmacies', 0, '2026-02-27 20:34:29', '2026-02-27 20:34:29'),
(1845, 27, 561, 'pharmacies', 0, '2026-02-27 20:34:29', '2026-02-27 20:34:29'),
(1846, 27, 562, 'pharmacies', 0, '2026-02-27 20:34:29', '2026-02-27 20:34:29'),
(1847, 27, 563, 'pharmacies', 0, '2026-02-27 20:34:29', '2026-02-27 20:34:29'),
(1848, 27, 564, 'pharmacies', 0, '2026-02-27 20:34:29', '2026-02-27 20:34:29'),
(1849, 27, 565, 'pharmacies', 0, '2026-02-27 20:34:29', '2026-02-27 20:34:29'),
(1850, 27, 566, 'pharmacies', 0, '2026-02-27 20:34:29', '2026-02-27 20:34:29'),
(1851, 27, 567, 'pharmacies', 0, '2026-02-27 20:34:29', '2026-02-27 20:34:29'),
(1852, 27, 568, 'pharmacies', 0, '2026-02-27 20:34:29', '2026-02-27 20:34:29'),
(1853, 27, 569, 'pharmacies', 0, '2026-02-27 20:34:29', '2026-02-27 20:34:29'),
(1854, 27, 570, 'pharmacies', 0, '2026-02-27 20:34:29', '2026-02-27 20:34:29'),
(1855, 27, 571, 'pharmacies', 0, '2026-02-27 20:34:29', '2026-02-27 20:34:29'),
(1856, 27, 572, 'pharmacies', 0, '2026-02-27 20:34:29', '2026-02-27 20:34:29'),
(1857, 27, 573, 'pharmacies', 0, '2026-02-27 20:34:29', '2026-02-27 20:34:29'),
(1858, 27, 574, 'pharmacies', 0, '2026-02-27 20:34:29', '2026-02-27 20:34:29'),
(1859, 27, 575, 'pharmacies', 0, '2026-02-27 20:34:29', '2026-02-27 20:34:29'),
(1860, 27, 576, 'pharmacies', 0, '2026-02-27 20:34:29', '2026-02-27 20:34:29'),
(1861, 27, 577, 'pharmacies', 0, '2026-02-27 20:34:29', '2026-02-27 20:34:29'),
(1862, 27, 578, 'pharmacies', 0, '2026-02-27 20:34:29', '2026-02-27 20:34:29'),
(1863, 27, 579, 'pharmacies', 0, '2026-02-27 20:34:29', '2026-02-27 20:34:29'),
(1864, 27, 580, 'pharmacies', 0, '2026-02-27 20:34:29', '2026-02-27 20:34:29'),
(1865, 27, 581, 'pharmacies', 0, '2026-02-27 20:34:29', '2026-02-27 20:34:29'),
(1866, 27, 582, 'pharmacies', 0, '2026-02-27 20:34:29', '2026-02-27 20:34:29'),
(1867, 27, 583, 'pharmacies', 0, '2026-02-27 20:34:29', '2026-02-27 20:34:29'),
(1868, 27, 584, 'pharmacies', 0, '2026-02-27 20:34:29', '2026-02-27 20:34:29'),
(1869, 27, 585, 'pharmacies', 0, '2026-02-27 20:34:29', '2026-02-27 20:34:29'),
(1870, 27, 586, 'pharmacies', 0, '2026-02-27 20:34:29', '2026-02-27 20:34:29'),
(1871, 27, 587, 'pharmacies', 0, '2026-02-27 20:34:29', '2026-02-27 20:34:29'),
(1872, 27, 588, 'pharmacies', 0, '2026-02-27 20:34:29', '2026-02-27 20:34:29'),
(1873, 27, 589, 'pharmacies', 0, '2026-02-27 20:34:29', '2026-02-27 20:34:29'),
(1874, 27, 590, 'pharmacies', 0, '2026-02-27 20:34:29', '2026-02-27 20:34:29'),
(1875, 27, 591, 'pharmacies', 0, '2026-02-27 20:34:29', '2026-02-27 20:34:29'),
(1876, 27, 592, 'pharmacies', 0, '2026-02-27 20:34:29', '2026-02-27 20:34:29'),
(1877, 27, 593, 'pharmacies', 0, '2026-02-27 20:34:29', '2026-02-27 20:34:29'),
(1878, 27, 594, 'pharmacies', 0, '2026-02-27 20:34:29', '2026-02-27 20:34:29'),
(1879, 27, 595, 'pharmacies', 0, '2026-02-27 20:34:29', '2026-02-27 20:34:29'),
(1880, 27, 596, 'pharmacies', 0, '2026-02-27 20:34:29', '2026-02-27 20:34:29'),
(1881, 27, 597, 'pharmacies', 0, '2026-02-27 20:34:29', '2026-02-27 20:34:29'),
(1882, 27, 598, 'pharmacies', 0, '2026-02-27 20:34:29', '2026-02-27 20:34:29'),
(1883, 27, 599, 'pharmacies', 0, '2026-02-27 20:34:29', '2026-02-27 20:34:29'),
(1884, 27, 600, 'pharmacies', 0, '2026-02-27 20:34:29', '2026-02-27 20:34:29'),
(1885, 27, 601, 'pharmacies', 0, '2026-02-27 20:34:29', '2026-02-27 20:34:29'),
(1886, 27, 602, 'pharmacies', 0, '2026-02-27 20:34:29', '2026-02-27 20:34:29'),
(1887, 27, 603, 'pharmacies', 0, '2026-02-27 20:34:29', '2026-02-27 20:34:29'),
(1888, 27, 604, 'pharmacies', 0, '2026-02-27 20:34:29', '2026-02-27 20:34:29'),
(1889, 27, 605, 'pharmacies', 0, '2026-02-27 20:34:29', '2026-02-27 20:34:29'),
(1890, 27, 606, 'pharmacies', 0, '2026-02-27 20:34:29', '2026-02-27 20:34:29'),
(1891, 27, 607, 'pharmacies', 0, '2026-02-27 20:34:29', '2026-02-27 20:34:29'),
(1892, 27, 608, 'pharmacies', 0, '2026-02-27 20:34:29', '2026-02-27 20:34:29'),
(1893, 27, 609, 'pharmacies', 0, '2026-02-27 20:34:29', '2026-02-27 20:34:29'),
(1894, 27, 610, 'pharmacies', 0, '2026-02-27 20:34:29', '2026-02-27 20:34:29'),
(1895, 27, 1602, 'pharmacies', 0, '2026-02-27 20:34:29', '2026-02-27 20:34:29'),
(1896, 27, 1603, 'pharmacies', 0, '2026-02-27 20:34:29', '2026-02-27 20:34:29'),
(1897, 27, 1604, 'pharmacies', 0, '2026-02-27 20:34:29', '2026-02-27 20:34:29'),
(1898, 27, 1605, 'pharmacies', 0, '2026-02-27 20:34:29', '2026-02-27 20:34:29'),
(1899, 27, 1606, 'pharmacies', 0, '2026-02-27 20:34:29', '2026-02-27 20:34:29'),
(1900, 27, 1607, 'pharmacies', 0, '2026-02-27 20:34:29', '2026-02-27 20:34:29'),
(1901, 27, 1608, 'pharmacies', 0, '2026-02-27 20:34:29', '2026-02-27 20:34:29'),
(1902, 27, 1610, 'pharmacies', 0, '2026-02-27 20:34:29', '2026-02-27 20:34:29'),
(1903, 27, 1611, 'pharmacies', 0, '2026-02-27 20:34:29', '2026-02-27 20:34:29'),
(1904, 27, 554, 'grossistes', 0, '2026-02-27 20:34:29', '2026-02-27 20:34:29'),
(1905, 27, 555, 'grossistes', 0, '2026-02-27 20:34:29', '2026-02-27 20:34:29'),
(1906, 27, 556, 'grossistes', 0, '2026-02-27 20:34:29', '2026-02-27 20:34:29'),
(1907, 27, 557, 'grossistes', 0, '2026-02-27 20:34:29', '2026-02-27 20:34:29'),
(1908, 27, 558, 'grossistes', 0, '2026-02-27 20:34:29', '2026-02-27 20:34:29'),
(1909, 27, 559, 'grossistes', 0, '2026-02-27 20:34:29', '2026-02-27 20:34:29'),
(1910, 27, 560, 'grossistes', 0, '2026-02-27 20:34:29', '2026-02-27 20:34:29'),
(1911, 27, 561, 'grossistes', 0, '2026-02-27 20:34:29', '2026-02-27 20:34:29'),
(1912, 27, 562, 'grossistes', 0, '2026-02-27 20:34:29', '2026-02-27 20:34:29'),
(1913, 27, 563, 'grossistes', 0, '2026-02-27 20:34:29', '2026-02-27 20:34:29'),
(1914, 27, 564, 'grossistes', 0, '2026-02-27 20:34:29', '2026-02-27 20:34:29'),
(1915, 27, 565, 'grossistes', 0, '2026-02-27 20:34:29', '2026-02-27 20:34:29'),
(1916, 27, 566, 'grossistes', 0, '2026-02-27 20:34:29', '2026-02-27 20:34:29'),
(1917, 27, 567, 'grossistes', 0, '2026-02-27 20:34:29', '2026-02-27 20:34:29'),
(1918, 27, 568, 'grossistes', 0, '2026-02-27 20:34:29', '2026-02-27 20:34:29'),
(1919, 27, 569, 'grossistes', 0, '2026-02-27 20:34:29', '2026-02-27 20:34:29'),
(1920, 27, 570, 'grossistes', 0, '2026-02-27 20:34:29', '2026-02-27 20:34:29'),
(1921, 27, 571, 'grossistes', 0, '2026-02-27 20:34:29', '2026-02-27 20:34:29'),
(1922, 27, 572, 'grossistes', 0, '2026-02-27 20:34:29', '2026-02-27 20:34:29'),
(1923, 27, 573, 'grossistes', 0, '2026-02-27 20:34:29', '2026-02-27 20:34:29'),
(1924, 27, 574, 'grossistes', 0, '2026-02-27 20:34:29', '2026-02-27 20:34:29'),
(1925, 27, 575, 'grossistes', 0, '2026-02-27 20:34:29', '2026-02-27 20:34:29'),
(1926, 27, 576, 'grossistes', 0, '2026-02-27 20:34:29', '2026-02-27 20:34:29'),
(1927, 27, 577, 'grossistes', 0, '2026-02-27 20:34:29', '2026-02-27 20:34:29'),
(1928, 27, 578, 'grossistes', 0, '2026-02-27 20:34:29', '2026-02-27 20:34:29'),
(1929, 27, 579, 'grossistes', 0, '2026-02-27 20:34:29', '2026-02-27 20:34:29'),
(1930, 27, 580, 'grossistes', 0, '2026-02-27 20:34:29', '2026-02-27 20:34:29'),
(1931, 27, 581, 'grossistes', 0, '2026-02-27 20:34:29', '2026-02-27 20:34:29'),
(1932, 27, 582, 'grossistes', 0, '2026-02-27 20:34:29', '2026-02-27 20:34:29'),
(1933, 27, 583, 'grossistes', 0, '2026-02-27 20:34:29', '2026-02-27 20:34:29'),
(1934, 27, 584, 'grossistes', 0, '2026-02-27 20:34:29', '2026-02-27 20:34:29'),
(1935, 27, 585, 'grossistes', 0, '2026-02-27 20:34:29', '2026-02-27 20:34:29'),
(1936, 27, 586, 'grossistes', 0, '2026-02-27 20:34:29', '2026-02-27 20:34:29'),
(1937, 27, 587, 'grossistes', 0, '2026-02-27 20:34:29', '2026-02-27 20:34:29'),
(1938, 27, 588, 'grossistes', 0, '2026-02-27 20:34:29', '2026-02-27 20:34:29'),
(1939, 27, 589, 'grossistes', 0, '2026-02-27 20:34:29', '2026-02-27 20:34:29'),
(1940, 27, 590, 'grossistes', 0, '2026-02-27 20:34:29', '2026-02-27 20:34:29'),
(1941, 27, 591, 'grossistes', 0, '2026-02-27 20:34:29', '2026-02-27 20:34:29'),
(1942, 27, 592, 'grossistes', 0, '2026-02-27 20:34:29', '2026-02-27 20:34:29'),
(1943, 27, 593, 'grossistes', 0, '2026-02-27 20:34:29', '2026-02-27 20:34:29'),
(1944, 27, 594, 'grossistes', 0, '2026-02-27 20:34:29', '2026-02-27 20:34:29'),
(1945, 27, 595, 'grossistes', 0, '2026-02-27 20:34:29', '2026-02-27 20:34:29'),
(1946, 27, 596, 'grossistes', 0, '2026-02-27 20:34:29', '2026-02-27 20:34:29'),
(1947, 27, 597, 'grossistes', 0, '2026-02-27 20:34:29', '2026-02-27 20:34:29'),
(1948, 27, 598, 'grossistes', 0, '2026-02-27 20:34:29', '2026-02-27 20:34:29'),
(1949, 27, 599, 'grossistes', 0, '2026-02-27 20:34:29', '2026-02-27 20:34:29'),
(1950, 27, 600, 'grossistes', 0, '2026-02-27 20:34:29', '2026-02-27 20:34:29'),
(1951, 27, 601, 'grossistes', 0, '2026-02-27 20:34:29', '2026-02-27 20:34:29'),
(1952, 27, 602, 'grossistes', 0, '2026-02-27 20:34:29', '2026-02-27 20:34:29'),
(1953, 27, 603, 'grossistes', 0, '2026-02-27 20:34:29', '2026-02-27 20:34:29'),
(1954, 27, 604, 'grossistes', 0, '2026-02-27 20:34:29', '2026-02-27 20:34:29'),
(1955, 27, 605, 'grossistes', 0, '2026-02-27 20:34:29', '2026-02-27 20:34:29'),
(1956, 27, 606, 'grossistes', 0, '2026-02-27 20:34:29', '2026-02-27 20:34:29'),
(1957, 27, 607, 'grossistes', 0, '2026-02-27 20:34:29', '2026-02-27 20:34:29'),
(1958, 27, 608, 'grossistes', 0, '2026-02-27 20:34:29', '2026-02-27 20:34:29'),
(1959, 27, 609, 'grossistes', 0, '2026-02-27 20:34:29', '2026-02-27 20:34:29'),
(1960, 27, 610, 'grossistes', 0, '2026-02-27 20:34:29', '2026-02-27 20:34:29'),
(1961, 27, 1602, 'grossistes', 0, '2026-02-27 20:34:29', '2026-02-27 20:34:29'),
(1962, 27, 1603, 'grossistes', 0, '2026-02-27 20:34:29', '2026-02-27 20:34:29'),
(1963, 27, 1604, 'grossistes', 0, '2026-02-27 20:34:29', '2026-02-27 20:34:29'),
(1964, 27, 1605, 'grossistes', 0, '2026-02-27 20:34:29', '2026-02-27 20:34:29'),
(1965, 27, 1606, 'grossistes', 0, '2026-02-27 20:34:29', '2026-02-27 20:34:29'),
(1966, 27, 1607, 'grossistes', 0, '2026-02-27 20:34:29', '2026-02-27 20:34:29'),
(1967, 27, 1608, 'grossistes', 0, '2026-02-27 20:34:29', '2026-02-27 20:34:29'),
(1968, 27, 1610, 'grossistes', 0, '2026-02-27 20:34:29', '2026-02-27 20:34:29'),
(1969, 27, 1611, 'grossistes', 0, '2026-02-27 20:34:29', '2026-02-27 20:34:29'),
(2751, 27, 284, 'pharmacies', 0, '2026-02-27 20:35:23', '2026-02-27 20:35:23'),
(2752, 27, 285, 'pharmacies', 0, '2026-02-27 20:35:23', '2026-02-27 20:35:23'),
(2753, 27, 286, 'pharmacies', 0, '2026-02-27 20:35:23', '2026-02-27 20:35:23'),
(2754, 27, 287, 'pharmacies', 0, '2026-02-27 20:35:23', '2026-02-27 20:35:23'),
(2755, 27, 288, 'pharmacies', 0, '2026-02-27 20:35:23', '2026-02-27 20:35:23'),
(2756, 27, 289, 'pharmacies', 0, '2026-02-27 20:35:23', '2026-02-27 20:35:23'),
(2757, 27, 290, 'pharmacies', 0, '2026-02-27 20:35:23', '2026-02-27 20:35:23'),
(2758, 27, 291, 'pharmacies', 0, '2026-02-27 20:35:23', '2026-02-27 20:35:23'),
(2759, 27, 292, 'pharmacies', 0, '2026-02-27 20:35:23', '2026-02-27 20:35:23'),
(2760, 27, 293, 'pharmacies', 0, '2026-02-27 20:35:23', '2026-02-27 20:35:23'),
(2761, 27, 294, 'pharmacies', 0, '2026-02-27 20:35:23', '2026-02-27 20:35:23'),
(2762, 27, 295, 'pharmacies', 0, '2026-02-27 20:35:23', '2026-02-27 20:35:23'),
(2763, 27, 296, 'pharmacies', 0, '2026-02-27 20:35:23', '2026-02-27 20:35:23'),
(2764, 27, 297, 'pharmacies', 0, '2026-02-27 20:35:23', '2026-02-27 20:35:23'),
(2765, 27, 298, 'pharmacies', 0, '2026-02-27 20:35:23', '2026-02-27 20:35:23'),
(2766, 27, 299, 'pharmacies', 0, '2026-02-27 20:35:23', '2026-02-27 20:35:23'),
(2767, 27, 300, 'pharmacies', 0, '2026-02-27 20:35:23', '2026-02-27 20:35:23'),
(2768, 27, 301, 'pharmacies', 0, '2026-02-27 20:35:23', '2026-02-27 20:35:23'),
(2769, 27, 302, 'pharmacies', 0, '2026-02-27 20:35:23', '2026-02-27 20:35:23'),
(2770, 27, 303, 'pharmacies', 0, '2026-02-27 20:35:23', '2026-02-27 20:35:23'),
(2771, 27, 304, 'pharmacies', 0, '2026-02-27 20:35:23', '2026-02-27 20:35:23'),
(2772, 27, 305, 'pharmacies', 0, '2026-02-27 20:35:23', '2026-02-27 20:35:23'),
(2773, 27, 306, 'pharmacies', 0, '2026-02-27 20:35:23', '2026-02-27 20:35:23'),
(2774, 27, 307, 'pharmacies', 0, '2026-02-27 20:35:23', '2026-02-27 20:35:23'),
(2775, 27, 308, 'pharmacies', 0, '2026-02-27 20:35:23', '2026-02-27 20:35:23'),
(2776, 27, 284, 'grossistes', 0, '2026-02-27 20:35:23', '2026-02-27 20:35:23'),
(2777, 27, 285, 'grossistes', 0, '2026-02-27 20:35:23', '2026-02-27 20:35:23'),
(2778, 27, 286, 'grossistes', 0, '2026-02-27 20:35:23', '2026-02-27 20:35:23'),
(2779, 27, 287, 'grossistes', 0, '2026-02-27 20:35:23', '2026-02-27 20:35:23'),
(2780, 27, 288, 'grossistes', 0, '2026-02-27 20:35:23', '2026-02-27 20:35:23'),
(2781, 27, 289, 'grossistes', 0, '2026-02-27 20:35:23', '2026-02-27 20:35:23'),
(2782, 27, 290, 'grossistes', 0, '2026-02-27 20:35:23', '2026-02-27 20:35:23'),
(2783, 27, 291, 'grossistes', 0, '2026-02-27 20:35:23', '2026-02-27 20:35:23'),
(2784, 27, 292, 'grossistes', 0, '2026-02-27 20:35:23', '2026-02-27 20:35:23'),
(2785, 27, 293, 'grossistes', 0, '2026-02-27 20:35:23', '2026-02-27 20:35:23'),
(2786, 27, 294, 'grossistes', 0, '2026-02-27 20:35:23', '2026-02-27 20:35:23'),
(2787, 27, 295, 'grossistes', 0, '2026-02-27 20:35:23', '2026-02-27 20:35:23'),
(2788, 27, 296, 'grossistes', 0, '2026-02-27 20:35:23', '2026-02-27 20:35:23'),
(2789, 27, 297, 'grossistes', 0, '2026-02-27 20:35:23', '2026-02-27 20:35:23'),
(2790, 27, 298, 'grossistes', 0, '2026-02-27 20:35:23', '2026-02-27 20:35:23'),
(2791, 27, 299, 'grossistes', 0, '2026-02-27 20:35:23', '2026-02-27 20:35:23'),
(2792, 27, 300, 'grossistes', 0, '2026-02-27 20:35:23', '2026-02-27 20:35:23'),
(2793, 27, 301, 'grossistes', 0, '2026-02-27 20:35:23', '2026-02-27 20:35:23'),
(2794, 27, 302, 'grossistes', 0, '2026-02-27 20:35:23', '2026-02-27 20:35:23'),
(2795, 27, 303, 'grossistes', 0, '2026-02-27 20:35:23', '2026-02-27 20:35:23'),
(2796, 27, 304, 'grossistes', 0, '2026-02-27 20:35:23', '2026-02-27 20:35:23'),
(2797, 27, 305, 'grossistes', 0, '2026-02-27 20:35:23', '2026-02-27 20:35:23'),
(2798, 27, 306, 'grossistes', 0, '2026-02-27 20:35:23', '2026-02-27 20:35:23'),
(2799, 27, 307, 'grossistes', 0, '2026-02-27 20:35:23', '2026-02-27 20:35:23'),
(2800, 27, 308, 'grossistes', 0, '2026-02-27 20:35:23', '2026-02-27 20:35:23'),
(2948, 27, 309, 'pharmacies', 0, '2026-02-27 20:35:32', '2026-02-27 20:35:32'),
(2949, 27, 310, 'pharmacies', 0, '2026-02-27 20:35:32', '2026-02-27 20:35:32'),
(2950, 27, 311, 'pharmacies', 0, '2026-02-27 20:35:32', '2026-02-27 20:35:32'),
(2951, 27, 312, 'pharmacies', 0, '2026-02-27 20:35:32', '2026-02-27 20:35:32'),
(2952, 27, 313, 'pharmacies', 0, '2026-02-27 20:35:32', '2026-02-27 20:35:32'),
(2953, 27, 314, 'pharmacies', 0, '2026-02-27 20:35:32', '2026-02-27 20:35:32'),
(2954, 27, 315, 'pharmacies', 0, '2026-02-27 20:35:32', '2026-02-27 20:35:32'),
(2955, 27, 316, 'pharmacies', 0, '2026-02-27 20:35:32', '2026-02-27 20:35:32'),
(2956, 27, 317, 'pharmacies', 0, '2026-02-27 20:35:32', '2026-02-27 20:35:32'),
(2957, 27, 318, 'pharmacies', 0, '2026-02-27 20:35:32', '2026-02-27 20:35:32'),
(2958, 27, 319, 'pharmacies', 0, '2026-02-27 20:35:32', '2026-02-27 20:35:32'),
(2959, 27, 320, 'pharmacies', 0, '2026-02-27 20:35:32', '2026-02-27 20:35:32'),
(2960, 27, 321, 'pharmacies', 0, '2026-02-27 20:35:32', '2026-02-27 20:35:32'),
(2961, 27, 322, 'pharmacies', 0, '2026-02-27 20:35:32', '2026-02-27 20:35:32'),
(2962, 27, 323, 'pharmacies', 0, '2026-02-27 20:35:32', '2026-02-27 20:35:32'),
(2963, 27, 324, 'pharmacies', 0, '2026-02-27 20:35:32', '2026-02-27 20:35:32'),
(2964, 27, 325, 'pharmacies', 0, '2026-02-27 20:35:32', '2026-02-27 20:35:32'),
(2965, 27, 326, 'pharmacies', 0, '2026-02-27 20:35:32', '2026-02-27 20:35:32'),
(2966, 27, 327, 'pharmacies', 0, '2026-02-27 20:35:32', '2026-02-27 20:35:32'),
(2967, 27, 328, 'pharmacies', 0, '2026-02-27 20:35:32', '2026-02-27 20:35:32'),
(2968, 27, 329, 'pharmacies', 0, '2026-02-27 20:35:32', '2026-02-27 20:35:32'),
(2969, 27, 330, 'pharmacies', 0, '2026-02-27 20:35:32', '2026-02-27 20:35:32'),
(2970, 27, 331, 'pharmacies', 0, '2026-02-27 20:35:32', '2026-02-27 20:35:32'),
(2971, 27, 332, 'pharmacies', 0, '2026-02-27 20:35:32', '2026-02-27 20:35:32'),
(2972, 27, 333, 'pharmacies', 0, '2026-02-27 20:35:32', '2026-02-27 20:35:32'),
(2973, 27, 334, 'pharmacies', 0, '2026-02-27 20:35:32', '2026-02-27 20:35:32'),
(2974, 27, 335, 'pharmacies', 0, '2026-02-27 20:35:32', '2026-02-27 20:35:32'),
(2975, 27, 336, 'pharmacies', 0, '2026-02-27 20:35:32', '2026-02-27 20:35:32'),
(2976, 27, 337, 'pharmacies', 0, '2026-02-27 20:35:32', '2026-02-27 20:35:32'),
(2977, 27, 338, 'pharmacies', 0, '2026-02-27 20:35:32', '2026-02-27 20:35:32'),
(2978, 27, 339, 'pharmacies', 0, '2026-02-27 20:35:32', '2026-02-27 20:35:32'),
(2979, 27, 340, 'pharmacies', 0, '2026-02-27 20:35:32', '2026-02-27 20:35:32'),
(2980, 27, 341, 'pharmacies', 0, '2026-02-27 20:35:32', '2026-02-27 20:35:32'),
(2981, 27, 342, 'pharmacies', 0, '2026-02-27 20:35:32', '2026-02-27 20:35:32'),
(2982, 27, 343, 'pharmacies', 0, '2026-02-27 20:35:32', '2026-02-27 20:35:32'),
(2983, 27, 344, 'pharmacies', 0, '2026-02-27 20:35:32', '2026-02-27 20:35:32'),
(2984, 27, 345, 'pharmacies', 0, '2026-02-27 20:35:32', '2026-02-27 20:35:32'),
(2985, 27, 346, 'pharmacies', 0, '2026-02-27 20:35:32', '2026-02-27 20:35:32'),
(2986, 27, 347, 'pharmacies', 0, '2026-02-27 20:35:32', '2026-02-27 20:35:32'),
(2987, 27, 348, 'pharmacies', 0, '2026-02-27 20:35:32', '2026-02-27 20:35:32'),
(2988, 27, 349, 'pharmacies', 0, '2026-02-27 20:35:32', '2026-02-27 20:35:32'),
(2989, 27, 350, 'pharmacies', 0, '2026-02-27 20:35:32', '2026-02-27 20:35:32'),
(2990, 27, 351, 'pharmacies', 0, '2026-02-27 20:35:32', '2026-02-27 20:35:32'),
(2991, 27, 352, 'pharmacies', 0, '2026-02-27 20:35:32', '2026-02-27 20:35:32'),
(2992, 27, 353, 'pharmacies', 0, '2026-02-27 20:35:32', '2026-02-27 20:35:32'),
(2993, 27, 309, 'grossistes', 0, '2026-02-27 20:35:32', '2026-02-27 20:35:32'),
(2994, 27, 310, 'grossistes', 0, '2026-02-27 20:35:32', '2026-02-27 20:35:32'),
(2995, 27, 311, 'grossistes', 0, '2026-02-27 20:35:32', '2026-02-27 20:35:32'),
(2996, 27, 312, 'grossistes', 0, '2026-02-27 20:35:32', '2026-02-27 20:35:32'),
(2997, 27, 313, 'grossistes', 0, '2026-02-27 20:35:32', '2026-02-27 20:35:32'),
(2998, 27, 314, 'grossistes', 0, '2026-02-27 20:35:32', '2026-02-27 20:35:32'),
(2999, 27, 315, 'grossistes', 0, '2026-02-27 20:35:32', '2026-02-27 20:35:32'),
(3000, 27, 316, 'grossistes', 0, '2026-02-27 20:35:32', '2026-02-27 20:35:32'),
(3001, 27, 317, 'grossistes', 0, '2026-02-27 20:35:32', '2026-02-27 20:35:32'),
(3002, 27, 318, 'grossistes', 0, '2026-02-27 20:35:32', '2026-02-27 20:35:32'),
(3003, 27, 319, 'grossistes', 0, '2026-02-27 20:35:32', '2026-02-27 20:35:32'),
(3004, 27, 320, 'grossistes', 0, '2026-02-27 20:35:32', '2026-02-27 20:35:32'),
(3005, 27, 321, 'grossistes', 0, '2026-02-27 20:35:32', '2026-02-27 20:35:32'),
(3006, 27, 322, 'grossistes', 0, '2026-02-27 20:35:32', '2026-02-27 20:35:32'),
(3007, 27, 323, 'grossistes', 0, '2026-02-27 20:35:32', '2026-02-27 20:35:32'),
(3008, 27, 324, 'grossistes', 0, '2026-02-27 20:35:32', '2026-02-27 20:35:32'),
(3009, 27, 325, 'grossistes', 0, '2026-02-27 20:35:32', '2026-02-27 20:35:32'),
(3010, 27, 326, 'grossistes', 0, '2026-02-27 20:35:32', '2026-02-27 20:35:32'),
(3011, 27, 327, 'grossistes', 0, '2026-02-27 20:35:32', '2026-02-27 20:35:32'),
(3012, 27, 328, 'grossistes', 0, '2026-02-27 20:35:32', '2026-02-27 20:35:32'),
(3013, 27, 329, 'grossistes', 0, '2026-02-27 20:35:32', '2026-02-27 20:35:32'),
(3014, 27, 330, 'grossistes', 0, '2026-02-27 20:35:32', '2026-02-27 20:35:32'),
(3015, 27, 331, 'grossistes', 0, '2026-02-27 20:35:32', '2026-02-27 20:35:32'),
(3016, 27, 332, 'grossistes', 0, '2026-02-27 20:35:32', '2026-02-27 20:35:32'),
(3017, 27, 333, 'grossistes', 0, '2026-02-27 20:35:32', '2026-02-27 20:35:32'),
(3018, 27, 334, 'grossistes', 0, '2026-02-27 20:35:32', '2026-02-27 20:35:32'),
(3019, 27, 335, 'grossistes', 0, '2026-02-27 20:35:32', '2026-02-27 20:35:32'),
(3020, 27, 336, 'grossistes', 0, '2026-02-27 20:35:32', '2026-02-27 20:35:32'),
(3021, 27, 337, 'grossistes', 0, '2026-02-27 20:35:32', '2026-02-27 20:35:32'),
(3022, 27, 338, 'grossistes', 0, '2026-02-27 20:35:32', '2026-02-27 20:35:32'),
(3023, 27, 339, 'grossistes', 0, '2026-02-27 20:35:32', '2026-02-27 20:35:32'),
(3024, 27, 340, 'grossistes', 0, '2026-02-27 20:35:32', '2026-02-27 20:35:32'),
(3025, 27, 341, 'grossistes', 0, '2026-02-27 20:35:32', '2026-02-27 20:35:32'),
(3026, 27, 342, 'grossistes', 0, '2026-02-27 20:35:32', '2026-02-27 20:35:32'),
(3027, 27, 343, 'grossistes', 0, '2026-02-27 20:35:32', '2026-02-27 20:35:32'),
(3028, 27, 344, 'grossistes', 0, '2026-02-27 20:35:32', '2026-02-27 20:35:32'),
(3029, 27, 345, 'grossistes', 0, '2026-02-27 20:35:32', '2026-02-27 20:35:32'),
(3030, 27, 346, 'grossistes', 0, '2026-02-27 20:35:32', '2026-02-27 20:35:32'),
(3031, 27, 347, 'grossistes', 0, '2026-02-27 20:35:32', '2026-02-27 20:35:32'),
(3032, 27, 348, 'grossistes', 0, '2026-02-27 20:35:32', '2026-02-27 20:35:32'),
(3033, 27, 349, 'grossistes', 0, '2026-02-27 20:35:32', '2026-02-27 20:35:32'),
(3034, 27, 350, 'grossistes', 0, '2026-02-27 20:35:32', '2026-02-27 20:35:32'),
(3035, 27, 351, 'grossistes', 0, '2026-02-27 20:35:32', '2026-02-27 20:35:32'),
(3036, 27, 352, 'grossistes', 0, '2026-02-27 20:35:33', '2026-02-27 20:35:33'),
(3037, 27, 353, 'grossistes', 0, '2026-02-27 20:35:33', '2026-02-27 20:35:33'),
(3311, 28, 887, 'pharmacies', 0, '2026-02-27 20:35:50', '2026-02-27 20:35:50'),
(3312, 28, 888, 'pharmacies', 0, '2026-02-27 20:35:50', '2026-02-27 20:35:50'),
(3313, 28, 889, 'pharmacies', 0, '2026-02-27 20:35:50', '2026-02-27 20:35:50'),
(3314, 28, 890, 'pharmacies', 0, '2026-02-27 20:35:50', '2026-02-27 20:35:50'),
(3315, 28, 891, 'pharmacies', 0, '2026-02-27 20:35:50', '2026-02-27 20:35:50'),
(3316, 28, 892, 'pharmacies', 0, '2026-02-27 20:35:50', '2026-02-27 20:35:50'),
(3317, 28, 893, 'pharmacies', 0, '2026-02-27 20:35:50', '2026-02-27 20:35:50'),
(3318, 28, 894, 'pharmacies', 0, '2026-02-27 20:35:50', '2026-02-27 20:35:50'),
(3319, 28, 895, 'pharmacies', 0, '2026-02-27 20:35:50', '2026-02-27 20:35:50'),
(3320, 28, 896, 'pharmacies', 0, '2026-02-27 20:35:50', '2026-02-27 20:35:50'),
(3321, 28, 897, 'pharmacies', 0, '2026-02-27 20:35:50', '2026-02-27 20:35:50'),
(3322, 28, 898, 'pharmacies', 0, '2026-02-27 20:35:50', '2026-02-27 20:35:50'),
(3323, 28, 887, 'grossistes', 0, '2026-02-27 20:35:50', '2026-02-27 20:35:50'),
(3324, 28, 888, 'grossistes', 0, '2026-02-27 20:35:50', '2026-02-27 20:35:50'),
(3325, 28, 889, 'grossistes', 0, '2026-02-27 20:35:50', '2026-02-27 20:35:50'),
(3326, 28, 890, 'grossistes', 0, '2026-02-27 20:35:50', '2026-02-27 20:35:50'),
(3327, 28, 891, 'grossistes', 0, '2026-02-27 20:35:50', '2026-02-27 20:35:50'),
(3328, 28, 892, 'grossistes', 0, '2026-02-27 20:35:50', '2026-02-27 20:35:50'),
(3329, 28, 893, 'grossistes', 0, '2026-02-27 20:35:50', '2026-02-27 20:35:50'),
(3330, 28, 894, 'grossistes', 0, '2026-02-27 20:35:50', '2026-02-27 20:35:50'),
(3331, 28, 895, 'grossistes', 0, '2026-02-27 20:35:50', '2026-02-27 20:35:50'),
(3332, 28, 896, 'grossistes', 0, '2026-02-27 20:35:50', '2026-02-27 20:35:50'),
(3333, 28, 897, 'grossistes', 0, '2026-02-27 20:35:50', '2026-02-27 20:35:50'),
(3334, 28, 898, 'grossistes', 0, '2026-02-27 20:35:50', '2026-02-27 20:35:50'),
(3361, 26, 1110, 'pharmacies', 0, '2026-02-27 20:36:22', '2026-02-27 20:36:22'),
(3362, 26, 1111, 'pharmacies', 0, '2026-02-27 20:36:22', '2026-02-27 20:36:22'),
(3363, 26, 1112, 'pharmacies', 0, '2026-02-27 20:36:22', '2026-02-27 20:36:22'),
(3364, 26, 1113, 'pharmacies', 0, '2026-02-27 20:36:22', '2026-02-27 20:36:22'),
(3365, 26, 1114, 'pharmacies', 0, '2026-02-27 20:36:22', '2026-02-27 20:36:22'),
(3366, 26, 1115, 'pharmacies', 0, '2026-02-27 20:36:22', '2026-02-27 20:36:22'),
(3367, 26, 1116, 'pharmacies', 0, '2026-02-27 20:36:22', '2026-02-27 20:36:22'),
(3368, 26, 1117, 'pharmacies', 0, '2026-02-27 20:36:22', '2026-02-27 20:36:22'),
(3369, 26, 1118, 'pharmacies', 0, '2026-02-27 20:36:22', '2026-02-27 20:36:22'),
(3370, 26, 1119, 'pharmacies', 0, '2026-02-27 20:36:22', '2026-02-27 20:36:22'),
(3371, 26, 1120, 'pharmacies', 0, '2026-02-27 20:36:22', '2026-02-27 20:36:22'),
(3372, 26, 1121, 'pharmacies', 0, '2026-02-27 20:36:22', '2026-02-27 20:36:22'),
(3373, 26, 1122, 'pharmacies', 0, '2026-02-27 20:36:22', '2026-02-27 20:36:22'),
(3374, 26, 1123, 'pharmacies', 0, '2026-02-27 20:36:22', '2026-02-27 20:36:22'),
(3375, 26, 1124, 'pharmacies', 0, '2026-02-27 20:36:22', '2026-02-27 20:36:22'),
(3376, 26, 1125, 'pharmacies', 0, '2026-02-27 20:36:22', '2026-02-27 20:36:22'),
(3377, 26, 1126, 'pharmacies', 0, '2026-02-27 20:36:22', '2026-02-27 20:36:22'),
(3378, 26, 1127, 'pharmacies', 0, '2026-02-27 20:36:22', '2026-02-27 20:36:22'),
(3379, 26, 1128, 'pharmacies', 0, '2026-02-27 20:36:22', '2026-02-27 20:36:22'),
(3380, 26, 1129, 'pharmacies', 0, '2026-02-27 20:36:22', '2026-02-27 20:36:22'),
(3381, 26, 1130, 'pharmacies', 0, '2026-02-27 20:36:22', '2026-02-27 20:36:22'),
(3382, 26, 1131, 'pharmacies', 0, '2026-02-27 20:36:22', '2026-02-27 20:36:22'),
(3383, 26, 1132, 'pharmacies', 0, '2026-02-27 20:36:22', '2026-02-27 20:36:22'),
(3384, 26, 1133, 'pharmacies', 0, '2026-02-27 20:36:22', '2026-02-27 20:36:22'),
(3385, 26, 1134, 'pharmacies', 0, '2026-02-27 20:36:22', '2026-02-27 20:36:22'),
(3386, 26, 1135, 'pharmacies', 0, '2026-02-27 20:36:22', '2026-02-27 20:36:22'),
(3387, 26, 1110, 'grossistes', 0, '2026-02-27 20:36:22', '2026-02-27 20:36:22'),
(3388, 26, 1111, 'grossistes', 0, '2026-02-27 20:36:22', '2026-02-27 20:36:22'),
(3389, 26, 1112, 'grossistes', 0, '2026-02-27 20:36:22', '2026-02-27 20:36:22'),
(3390, 26, 1113, 'grossistes', 0, '2026-02-27 20:36:22', '2026-02-27 20:36:22'),
(3391, 26, 1114, 'grossistes', 0, '2026-02-27 20:36:22', '2026-02-27 20:36:22'),
(3392, 26, 1115, 'grossistes', 0, '2026-02-27 20:36:22', '2026-02-27 20:36:22'),
(3393, 26, 1116, 'grossistes', 0, '2026-02-27 20:36:22', '2026-02-27 20:36:22'),
(3394, 26, 1117, 'grossistes', 0, '2026-02-27 20:36:22', '2026-02-27 20:36:22'),
(3395, 26, 1118, 'grossistes', 0, '2026-02-27 20:36:22', '2026-02-27 20:36:22'),
(3396, 26, 1119, 'grossistes', 0, '2026-02-27 20:36:22', '2026-02-27 20:36:22'),
(3397, 26, 1120, 'grossistes', 0, '2026-02-27 20:36:22', '2026-02-27 20:36:22'),
(3398, 26, 1121, 'grossistes', 0, '2026-02-27 20:36:22', '2026-02-27 20:36:22'),
(3399, 26, 1122, 'grossistes', 0, '2026-02-27 20:36:22', '2026-02-27 20:36:22'),
(3400, 26, 1123, 'grossistes', 0, '2026-02-27 20:36:22', '2026-02-27 20:36:22'),
(3401, 26, 1124, 'grossistes', 0, '2026-02-27 20:36:22', '2026-02-27 20:36:22'),
(3402, 26, 1125, 'grossistes', 0, '2026-02-27 20:36:22', '2026-02-27 20:36:22'),
(3403, 26, 1126, 'grossistes', 0, '2026-02-27 20:36:22', '2026-02-27 20:36:22'),
(3404, 26, 1127, 'grossistes', 0, '2026-02-27 20:36:22', '2026-02-27 20:36:22'),
(3405, 26, 1128, 'grossistes', 0, '2026-02-27 20:36:22', '2026-02-27 20:36:22'),
(3406, 26, 1129, 'grossistes', 0, '2026-02-27 20:36:22', '2026-02-27 20:36:22'),
(3407, 26, 1130, 'grossistes', 0, '2026-02-27 20:36:22', '2026-02-27 20:36:22'),
(3408, 26, 1131, 'grossistes', 0, '2026-02-27 20:36:22', '2026-02-27 20:36:22'),
(3409, 26, 1132, 'grossistes', 0, '2026-02-27 20:36:22', '2026-02-27 20:36:22'),
(3410, 26, 1133, 'grossistes', 0, '2026-02-27 20:36:22', '2026-02-27 20:36:22'),
(3411, 26, 1134, 'grossistes', 0, '2026-02-27 20:36:22', '2026-02-27 20:36:22'),
(3412, 26, 1135, 'grossistes', 0, '2026-02-27 20:36:22', '2026-02-27 20:36:22'),
(3840, 26, 735, 'pharmacies', 0, '2026-02-27 20:37:38', '2026-02-27 20:37:38'),
(3841, 26, 736, 'pharmacies', 0, '2026-02-27 20:37:38', '2026-02-27 20:37:38'),
(3842, 26, 737, 'pharmacies', 0, '2026-02-27 20:37:38', '2026-02-27 20:37:38'),
(3843, 26, 738, 'pharmacies', 0, '2026-02-27 20:37:38', '2026-02-27 20:37:38'),
(3844, 26, 739, 'pharmacies', 0, '2026-02-27 20:37:38', '2026-02-27 20:37:38'),
(3845, 26, 740, 'pharmacies', 0, '2026-02-27 20:37:38', '2026-02-27 20:37:38'),
(3846, 26, 741, 'pharmacies', 0, '2026-02-27 20:37:38', '2026-02-27 20:37:38'),
(3847, 26, 742, 'pharmacies', 0, '2026-02-27 20:37:38', '2026-02-27 20:37:38'),
(3848, 26, 743, 'pharmacies', 0, '2026-02-27 20:37:38', '2026-02-27 20:37:38'),
(3849, 26, 744, 'pharmacies', 0, '2026-02-27 20:37:38', '2026-02-27 20:37:38'),
(3850, 26, 745, 'pharmacies', 0, '2026-02-27 20:37:38', '2026-02-27 20:37:38'),
(3851, 26, 746, 'pharmacies', 0, '2026-02-27 20:37:38', '2026-02-27 20:37:38'),
(3852, 26, 747, 'pharmacies', 0, '2026-02-27 20:37:38', '2026-02-27 20:37:38'),
(3853, 26, 748, 'pharmacies', 0, '2026-02-27 20:37:38', '2026-02-27 20:37:38'),
(3854, 26, 749, 'pharmacies', 0, '2026-02-27 20:37:38', '2026-02-27 20:37:38'),
(3855, 26, 750, 'pharmacies', 0, '2026-02-27 20:37:38', '2026-02-27 20:37:38'),
(3856, 26, 735, 'grossistes', 0, '2026-02-27 20:37:38', '2026-02-27 20:37:38'),
(3857, 26, 736, 'grossistes', 0, '2026-02-27 20:37:38', '2026-02-27 20:37:38'),
(3858, 26, 737, 'grossistes', 0, '2026-02-27 20:37:38', '2026-02-27 20:37:38'),
(3859, 26, 738, 'grossistes', 0, '2026-02-27 20:37:38', '2026-02-27 20:37:38'),
(3860, 26, 739, 'grossistes', 0, '2026-02-27 20:37:38', '2026-02-27 20:37:38'),
(3861, 26, 740, 'grossistes', 0, '2026-02-27 20:37:38', '2026-02-27 20:37:38'),
(3862, 26, 741, 'grossistes', 0, '2026-02-27 20:37:38', '2026-02-27 20:37:38'),
(3863, 26, 742, 'grossistes', 0, '2026-02-27 20:37:38', '2026-02-27 20:37:38'),
(3864, 26, 743, 'grossistes', 0, '2026-02-27 20:37:38', '2026-02-27 20:37:38'),
(3865, 26, 744, 'grossistes', 0, '2026-02-27 20:37:38', '2026-02-27 20:37:38'),
(3866, 26, 745, 'grossistes', 0, '2026-02-27 20:37:38', '2026-02-27 20:37:38'),
(3867, 26, 746, 'grossistes', 0, '2026-02-27 20:37:38', '2026-02-27 20:37:38'),
(3868, 26, 747, 'grossistes', 0, '2026-02-27 20:37:38', '2026-02-27 20:37:38'),
(3869, 26, 748, 'grossistes', 0, '2026-02-27 20:37:38', '2026-02-27 20:37:38'),
(3870, 26, 749, 'grossistes', 0, '2026-02-27 20:37:38', '2026-02-27 20:37:38'),
(3871, 26, 750, 'grossistes', 0, '2026-02-27 20:37:38', '2026-02-27 20:37:38'),
(3904, 26, 963, 'pharmacies', 0, '2026-02-27 20:37:49', '2026-02-27 20:37:49'),
(3905, 26, 964, 'pharmacies', 0, '2026-02-27 20:37:49', '2026-02-27 20:37:49'),
(3906, 26, 965, 'pharmacies', 0, '2026-02-27 20:37:49', '2026-02-27 20:37:49'),
(3907, 26, 966, 'pharmacies', 0, '2026-02-27 20:37:49', '2026-02-27 20:37:49'),
(3908, 26, 967, 'pharmacies', 0, '2026-02-27 20:37:49', '2026-02-27 20:37:49'),
(3909, 26, 968, 'pharmacies', 0, '2026-02-27 20:37:49', '2026-02-27 20:37:49'),
(3910, 26, 969, 'pharmacies', 0, '2026-02-27 20:37:49', '2026-02-27 20:37:49'),
(3911, 26, 970, 'pharmacies', 0, '2026-02-27 20:37:49', '2026-02-27 20:37:49'),
(3912, 26, 971, 'pharmacies', 0, '2026-02-27 20:37:49', '2026-02-27 20:37:49'),
(3913, 26, 972, 'pharmacies', 0, '2026-02-27 20:37:49', '2026-02-27 20:37:49'),
(3914, 26, 973, 'pharmacies', 0, '2026-02-27 20:37:49', '2026-02-27 20:37:49'),
(3915, 26, 974, 'pharmacies', 0, '2026-02-27 20:37:49', '2026-02-27 20:37:49'),
(3916, 26, 975, 'pharmacies', 0, '2026-02-27 20:37:49', '2026-02-27 20:37:49'),
(3917, 26, 976, 'pharmacies', 0, '2026-02-27 20:37:49', '2026-02-27 20:37:49'),
(3918, 26, 977, 'pharmacies', 0, '2026-02-27 20:37:49', '2026-02-27 20:37:49'),
(3919, 26, 978, 'pharmacies', 0, '2026-02-27 20:37:49', '2026-02-27 20:37:49'),
(3920, 26, 979, 'pharmacies', 0, '2026-02-27 20:37:49', '2026-02-27 20:37:49'),
(3921, 26, 980, 'pharmacies', 0, '2026-02-27 20:37:49', '2026-02-27 20:37:49'),
(3922, 26, 981, 'pharmacies', 0, '2026-02-27 20:37:49', '2026-02-27 20:37:49'),
(3923, 26, 982, 'pharmacies', 0, '2026-02-27 20:37:49', '2026-02-27 20:37:49'),
(3924, 26, 983, 'pharmacies', 0, '2026-02-27 20:37:49', '2026-02-27 20:37:49'),
(3925, 26, 984, 'pharmacies', 0, '2026-02-27 20:37:49', '2026-02-27 20:37:49'),
(3926, 26, 985, 'pharmacies', 0, '2026-02-27 20:37:49', '2026-02-27 20:37:49'),
(3927, 26, 986, 'pharmacies', 0, '2026-02-27 20:37:49', '2026-02-27 20:37:49'),
(3928, 26, 987, 'pharmacies', 0, '2026-02-27 20:37:49', '2026-02-27 20:37:49'),
(3929, 26, 988, 'pharmacies', 0, '2026-02-27 20:37:49', '2026-02-27 20:37:49'),
(3930, 26, 989, 'pharmacies', 0, '2026-02-27 20:37:49', '2026-02-27 20:37:49'),
(3931, 26, 990, 'pharmacies', 0, '2026-02-27 20:37:49', '2026-02-27 20:37:49'),
(3932, 26, 991, 'pharmacies', 0, '2026-02-27 20:37:49', '2026-02-27 20:37:49'),
(3933, 26, 992, 'pharmacies', 0, '2026-02-27 20:37:49', '2026-02-27 20:37:49'),
(3934, 26, 993, 'pharmacies', 0, '2026-02-27 20:37:49', '2026-02-27 20:37:49'),
(3935, 26, 994, 'pharmacies', 0, '2026-02-27 20:37:49', '2026-02-27 20:37:49'),
(3936, 26, 963, 'grossistes', 0, '2026-02-27 20:37:49', '2026-02-27 20:37:49'),
(3937, 26, 964, 'grossistes', 0, '2026-02-27 20:37:49', '2026-02-27 20:37:49'),
(3938, 26, 965, 'grossistes', 0, '2026-02-27 20:37:49', '2026-02-27 20:37:49'),
(3939, 26, 966, 'grossistes', 0, '2026-02-27 20:37:49', '2026-02-27 20:37:49'),
(3940, 26, 967, 'grossistes', 0, '2026-02-27 20:37:49', '2026-02-27 20:37:49'),
(3941, 26, 968, 'grossistes', 0, '2026-02-27 20:37:49', '2026-02-27 20:37:49'),
(3942, 26, 969, 'grossistes', 0, '2026-02-27 20:37:49', '2026-02-27 20:37:49'),
(3943, 26, 970, 'grossistes', 0, '2026-02-27 20:37:49', '2026-02-27 20:37:49'),
(3944, 26, 971, 'grossistes', 0, '2026-02-27 20:37:49', '2026-02-27 20:37:49'),
(3945, 26, 972, 'grossistes', 0, '2026-02-27 20:37:49', '2026-02-27 20:37:49'),
(3946, 26, 973, 'grossistes', 0, '2026-02-27 20:37:49', '2026-02-27 20:37:49'),
(3947, 26, 974, 'grossistes', 0, '2026-02-27 20:37:49', '2026-02-27 20:37:49'),
(3948, 26, 975, 'grossistes', 0, '2026-02-27 20:37:49', '2026-02-27 20:37:49'),
(3949, 26, 976, 'grossistes', 0, '2026-02-27 20:37:49', '2026-02-27 20:37:49'),
(3950, 26, 977, 'grossistes', 0, '2026-02-27 20:37:49', '2026-02-27 20:37:49'),
(3951, 26, 978, 'grossistes', 0, '2026-02-27 20:37:49', '2026-02-27 20:37:49'),
(3952, 26, 979, 'grossistes', 0, '2026-02-27 20:37:49', '2026-02-27 20:37:49'),
(3953, 26, 980, 'grossistes', 0, '2026-02-27 20:37:49', '2026-02-27 20:37:49'),
(3954, 26, 981, 'grossistes', 0, '2026-02-27 20:37:49', '2026-02-27 20:37:49'),
(3955, 26, 982, 'grossistes', 0, '2026-02-27 20:37:49', '2026-02-27 20:37:49'),
(3956, 26, 983, 'grossistes', 0, '2026-02-27 20:37:49', '2026-02-27 20:37:49'),
(3957, 26, 984, 'grossistes', 0, '2026-02-27 20:37:49', '2026-02-27 20:37:49'),
(3958, 26, 985, 'grossistes', 0, '2026-02-27 20:37:49', '2026-02-27 20:37:49'),
(3959, 26, 986, 'grossistes', 0, '2026-02-27 20:37:49', '2026-02-27 20:37:49'),
(3960, 26, 987, 'grossistes', 0, '2026-02-27 20:37:49', '2026-02-27 20:37:49'),
(3961, 26, 988, 'grossistes', 0, '2026-02-27 20:37:49', '2026-02-27 20:37:49'),
(3962, 26, 989, 'grossistes', 0, '2026-02-27 20:37:49', '2026-02-27 20:37:49'),
(3963, 26, 990, 'grossistes', 0, '2026-02-27 20:37:49', '2026-02-27 20:37:49'),
(3964, 26, 991, 'grossistes', 0, '2026-02-27 20:37:49', '2026-02-27 20:37:49'),
(3965, 26, 992, 'grossistes', 0, '2026-02-27 20:37:49', '2026-02-27 20:37:49'),
(3966, 26, 993, 'grossistes', 0, '2026-02-27 20:37:49', '2026-02-27 20:37:49'),
(3967, 26, 994, 'grossistes', 0, '2026-02-27 20:37:49', '2026-02-27 20:37:49'),
(3992, 28, 1230, 'pharmacies', 0, '2026-02-27 20:38:15', '2026-02-27 20:38:15'),
(3993, 28, 1231, 'pharmacies', 0, '2026-02-27 20:38:15', '2026-02-27 20:38:15'),
(3994, 28, 1232, 'pharmacies', 0, '2026-02-27 20:38:15', '2026-02-27 20:38:15'),
(3995, 28, 1233, 'pharmacies', 0, '2026-02-27 20:38:15', '2026-02-27 20:38:15'),
(3996, 28, 1234, 'pharmacies', 0, '2026-02-27 20:38:15', '2026-02-27 20:38:15'),
(3997, 28, 1235, 'pharmacies', 0, '2026-02-27 20:38:15', '2026-02-27 20:38:15'),
(3998, 28, 1236, 'pharmacies', 0, '2026-02-27 20:38:15', '2026-02-27 20:38:15'),
(3999, 28, 1237, 'pharmacies', 0, '2026-02-27 20:38:15', '2026-02-27 20:38:15'),
(4000, 28, 1238, 'pharmacies', 0, '2026-02-27 20:38:15', '2026-02-27 20:38:15'),
(4001, 28, 1239, 'pharmacies', 0, '2026-02-27 20:38:15', '2026-02-27 20:38:15'),
(4002, 28, 1240, 'pharmacies', 0, '2026-02-27 20:38:15', '2026-02-27 20:38:15'),
(4003, 28, 1241, 'pharmacies', 0, '2026-02-27 20:38:15', '2026-02-27 20:38:15'),
(4004, 28, 1242, 'pharmacies', 0, '2026-02-27 20:38:15', '2026-02-27 20:38:15'),
(4005, 28, 1243, 'pharmacies', 0, '2026-02-27 20:38:15', '2026-02-27 20:38:15'),
(4006, 28, 1244, 'pharmacies', 0, '2026-02-27 20:38:15', '2026-02-27 20:38:15'),
(4007, 28, 1245, 'pharmacies', 0, '2026-02-27 20:38:15', '2026-02-27 20:38:15'),
(4008, 28, 1246, 'pharmacies', 0, '2026-02-27 20:38:15', '2026-02-27 20:38:15'),
(4009, 28, 1247, 'pharmacies', 0, '2026-02-27 20:38:15', '2026-02-27 20:38:15'),
(4010, 28, 1248, 'pharmacies', 0, '2026-02-27 20:38:15', '2026-02-27 20:38:15'),
(4011, 28, 1249, 'pharmacies', 0, '2026-02-27 20:38:15', '2026-02-27 20:38:15'),
(4012, 28, 1250, 'pharmacies', 0, '2026-02-27 20:38:15', '2026-02-27 20:38:15'),
(4013, 28, 1251, 'pharmacies', 0, '2026-02-27 20:38:15', '2026-02-27 20:38:15'),
(4014, 28, 1252, 'pharmacies', 0, '2026-02-27 20:38:15', '2026-02-27 20:38:15'),
(4015, 28, 1253, 'pharmacies', 0, '2026-02-27 20:38:15', '2026-02-27 20:38:15'),
(4016, 28, 1230, 'grossistes', 0, '2026-02-27 20:38:15', '2026-02-27 20:38:15'),
(4017, 28, 1231, 'grossistes', 0, '2026-02-27 20:38:15', '2026-02-27 20:38:15'),
(4018, 28, 1232, 'grossistes', 0, '2026-02-27 20:38:15', '2026-02-27 20:38:15'),
(4019, 28, 1233, 'grossistes', 0, '2026-02-27 20:38:15', '2026-02-27 20:38:15'),
(4020, 28, 1234, 'grossistes', 0, '2026-02-27 20:38:15', '2026-02-27 20:38:15'),
(4021, 28, 1235, 'grossistes', 0, '2026-02-27 20:38:15', '2026-02-27 20:38:15'),
(4022, 28, 1236, 'grossistes', 0, '2026-02-27 20:38:15', '2026-02-27 20:38:15'),
(4023, 28, 1237, 'grossistes', 0, '2026-02-27 20:38:15', '2026-02-27 20:38:15'),
(4024, 28, 1238, 'grossistes', 0, '2026-02-27 20:38:15', '2026-02-27 20:38:15'),
(4025, 28, 1239, 'grossistes', 0, '2026-02-27 20:38:15', '2026-02-27 20:38:15'),
(4026, 28, 1240, 'grossistes', 0, '2026-02-27 20:38:15', '2026-02-27 20:38:15'),
(4027, 28, 1241, 'grossistes', 0, '2026-02-27 20:38:15', '2026-02-27 20:38:15'),
(4028, 28, 1242, 'grossistes', 0, '2026-02-27 20:38:15', '2026-02-27 20:38:15'),
(4029, 28, 1243, 'grossistes', 0, '2026-02-27 20:38:15', '2026-02-27 20:38:15'),
(4030, 28, 1244, 'grossistes', 0, '2026-02-27 20:38:15', '2026-02-27 20:38:15'),
(4031, 28, 1245, 'grossistes', 0, '2026-02-27 20:38:15', '2026-02-27 20:38:15'),
(4032, 28, 1246, 'grossistes', 0, '2026-02-27 20:38:15', '2026-02-27 20:38:15'),
(4033, 28, 1247, 'grossistes', 0, '2026-02-27 20:38:15', '2026-02-27 20:38:15'),
(4034, 28, 1248, 'grossistes', 0, '2026-02-27 20:38:15', '2026-02-27 20:38:15'),
(4035, 28, 1249, 'grossistes', 0, '2026-02-27 20:38:15', '2026-02-27 20:38:15'),
(4036, 28, 1250, 'grossistes', 0, '2026-02-27 20:38:15', '2026-02-27 20:38:15'),
(4037, 28, 1251, 'grossistes', 0, '2026-02-27 20:38:15', '2026-02-27 20:38:15'),
(4038, 28, 1252, 'grossistes', 0, '2026-02-27 20:38:15', '2026-02-27 20:38:15'),
(4039, 28, 1253, 'grossistes', 0, '2026-02-27 20:38:15', '2026-02-27 20:38:15'),
(4105, 27, 899, 'pharmacies', 0, '2026-02-27 20:38:27', '2026-02-27 20:38:27'),
(4106, 27, 900, 'pharmacies', 0, '2026-02-27 20:38:27', '2026-02-27 20:38:27'),
(4107, 27, 901, 'pharmacies', 0, '2026-02-27 20:38:27', '2026-02-27 20:38:27'),
(4108, 27, 902, 'pharmacies', 0, '2026-02-27 20:38:27', '2026-02-27 20:38:27'),
(4109, 27, 903, 'pharmacies', 0, '2026-02-27 20:38:27', '2026-02-27 20:38:27'),
(4110, 27, 904, 'pharmacies', 0, '2026-02-27 20:38:27', '2026-02-27 20:38:27'),
(4111, 27, 905, 'pharmacies', 0, '2026-02-27 20:38:27', '2026-02-27 20:38:27'),
(4112, 27, 906, 'pharmacies', 0, '2026-02-27 20:38:27', '2026-02-27 20:38:27'),
(4113, 27, 907, 'pharmacies', 0, '2026-02-27 20:38:27', '2026-02-27 20:38:27'),
(4114, 27, 908, 'pharmacies', 0, '2026-02-27 20:38:27', '2026-02-27 20:38:27'),
(4115, 27, 909, 'pharmacies', 0, '2026-02-27 20:38:27', '2026-02-27 20:38:27'),
(4116, 27, 910, 'pharmacies', 0, '2026-02-27 20:38:27', '2026-02-27 20:38:27'),
(4117, 27, 911, 'pharmacies', 0, '2026-02-27 20:38:27', '2026-02-27 20:38:27'),
(4118, 27, 912, 'pharmacies', 0, '2026-02-27 20:38:27', '2026-02-27 20:38:27'),
(4119, 27, 913, 'pharmacies', 0, '2026-02-27 20:38:27', '2026-02-27 20:38:27'),
(4120, 27, 914, 'pharmacies', 0, '2026-02-27 20:38:27', '2026-02-27 20:38:27'),
(4121, 27, 915, 'pharmacies', 0, '2026-02-27 20:38:27', '2026-02-27 20:38:27'),
(4122, 27, 916, 'pharmacies', 0, '2026-02-27 20:38:27', '2026-02-27 20:38:27'),
(4123, 27, 917, 'pharmacies', 0, '2026-02-27 20:38:27', '2026-02-27 20:38:27'),
(4124, 27, 918, 'pharmacies', 0, '2026-02-27 20:38:27', '2026-02-27 20:38:27'),
(4125, 27, 919, 'pharmacies', 0, '2026-02-27 20:38:27', '2026-02-27 20:38:27'),
(4126, 27, 920, 'pharmacies', 0, '2026-02-27 20:38:27', '2026-02-27 20:38:27'),
(4127, 27, 921, 'pharmacies', 0, '2026-02-27 20:38:27', '2026-02-27 20:38:27'),
(4128, 27, 922, 'pharmacies', 0, '2026-02-27 20:38:27', '2026-02-27 20:38:27'),
(4129, 27, 923, 'pharmacies', 0, '2026-02-27 20:38:27', '2026-02-27 20:38:27'),
(4130, 27, 924, 'pharmacies', 0, '2026-02-27 20:38:27', '2026-02-27 20:38:27'),
(4131, 27, 925, 'pharmacies', 0, '2026-02-27 20:38:27', '2026-02-27 20:38:27'),
(4132, 27, 926, 'pharmacies', 0, '2026-02-27 20:38:27', '2026-02-27 20:38:27'),
(4133, 27, 927, 'pharmacies', 0, '2026-02-27 20:38:27', '2026-02-27 20:38:27'),
(4134, 27, 928, 'pharmacies', 0, '2026-02-27 20:38:27', '2026-02-27 20:38:27'),
(4135, 27, 929, 'pharmacies', 0, '2026-02-27 20:38:27', '2026-02-27 20:38:27'),
(4136, 27, 930, 'pharmacies', 0, '2026-02-27 20:38:27', '2026-02-27 20:38:27'),
(4137, 27, 931, 'pharmacies', 0, '2026-02-27 20:38:27', '2026-02-27 20:38:27'),
(4138, 27, 932, 'pharmacies', 0, '2026-02-27 20:38:27', '2026-02-27 20:38:27'),
(4139, 27, 933, 'pharmacies', 0, '2026-02-27 20:38:27', '2026-02-27 20:38:27'),
(4140, 27, 934, 'pharmacies', 0, '2026-02-27 20:38:27', '2026-02-27 20:38:27'),
(4141, 27, 935, 'pharmacies', 0, '2026-02-27 20:38:27', '2026-02-27 20:38:27'),
(4142, 27, 936, 'pharmacies', 0, '2026-02-27 20:38:27', '2026-02-27 20:38:27'),
(4143, 27, 937, 'pharmacies', 0, '2026-02-27 20:38:27', '2026-02-27 20:38:27'),
(4144, 27, 938, 'pharmacies', 0, '2026-02-27 20:38:27', '2026-02-27 20:38:27'),
(4145, 27, 939, 'pharmacies', 0, '2026-02-27 20:38:27', '2026-02-27 20:38:27'),
(4146, 27, 940, 'pharmacies', 0, '2026-02-27 20:38:27', '2026-02-27 20:38:27'),
(4147, 27, 941, 'pharmacies', 0, '2026-02-27 20:38:27', '2026-02-27 20:38:27'),
(4148, 27, 942, 'pharmacies', 0, '2026-02-27 20:38:27', '2026-02-27 20:38:27'),
(4149, 27, 943, 'pharmacies', 0, '2026-02-27 20:38:27', '2026-02-27 20:38:27'),
(4150, 27, 944, 'pharmacies', 0, '2026-02-27 20:38:27', '2026-02-27 20:38:27'),
(4151, 27, 945, 'pharmacies', 0, '2026-02-27 20:38:27', '2026-02-27 20:38:27'),
(4152, 27, 946, 'pharmacies', 0, '2026-02-27 20:38:27', '2026-02-27 20:38:27'),
(4153, 27, 947, 'pharmacies', 0, '2026-02-27 20:38:27', '2026-02-27 20:38:27'),
(4154, 27, 948, 'pharmacies', 0, '2026-02-27 20:38:27', '2026-02-27 20:38:27'),
(4155, 27, 949, 'pharmacies', 0, '2026-02-27 20:38:27', '2026-02-27 20:38:27'),
(4156, 27, 950, 'pharmacies', 0, '2026-02-27 20:38:27', '2026-02-27 20:38:27'),
(4157, 27, 951, 'pharmacies', 0, '2026-02-27 20:38:27', '2026-02-27 20:38:27'),
(4158, 27, 952, 'pharmacies', 0, '2026-02-27 20:38:27', '2026-02-27 20:38:27'),
(4159, 27, 953, 'pharmacies', 0, '2026-02-27 20:38:27', '2026-02-27 20:38:27'),
(4160, 27, 954, 'pharmacies', 0, '2026-02-27 20:38:27', '2026-02-27 20:38:27'),
(4161, 27, 955, 'pharmacies', 0, '2026-02-27 20:38:27', '2026-02-27 20:38:27'),
(4162, 27, 956, 'pharmacies', 0, '2026-02-27 20:38:27', '2026-02-27 20:38:27'),
(4163, 27, 957, 'pharmacies', 0, '2026-02-27 20:38:27', '2026-02-27 20:38:27'),
(4164, 27, 958, 'pharmacies', 0, '2026-02-27 20:38:27', '2026-02-27 20:38:27'),
(4165, 27, 959, 'pharmacies', 0, '2026-02-27 20:38:27', '2026-02-27 20:38:27'),
(4166, 27, 960, 'pharmacies', 0, '2026-02-27 20:38:27', '2026-02-27 20:38:27'),
(4167, 27, 961, 'pharmacies', 0, '2026-02-27 20:38:27', '2026-02-27 20:38:27'),
(4168, 27, 962, 'pharmacies', 0, '2026-02-27 20:38:27', '2026-02-27 20:38:27'),
(4169, 27, 1609, 'pharmacies', 0, '2026-02-27 20:38:27', '2026-02-27 20:38:27'),
(4170, 27, 899, 'grossistes', 0, '2026-02-27 20:38:27', '2026-02-27 20:38:27'),
(4171, 27, 900, 'grossistes', 0, '2026-02-27 20:38:27', '2026-02-27 20:38:27'),
(4172, 27, 901, 'grossistes', 0, '2026-02-27 20:38:27', '2026-02-27 20:38:27'),
(4173, 27, 902, 'grossistes', 0, '2026-02-27 20:38:27', '2026-02-27 20:38:27'),
(4174, 27, 903, 'grossistes', 0, '2026-02-27 20:38:27', '2026-02-27 20:38:27'),
(4175, 27, 904, 'grossistes', 0, '2026-02-27 20:38:27', '2026-02-27 20:38:27'),
(4176, 27, 905, 'grossistes', 0, '2026-02-27 20:38:27', '2026-02-27 20:38:27'),
(4177, 27, 906, 'grossistes', 0, '2026-02-27 20:38:27', '2026-02-27 20:38:27'),
(4178, 27, 907, 'grossistes', 0, '2026-02-27 20:38:27', '2026-02-27 20:38:27'),
(4179, 27, 908, 'grossistes', 0, '2026-02-27 20:38:27', '2026-02-27 20:38:27'),
(4180, 27, 909, 'grossistes', 0, '2026-02-27 20:38:27', '2026-02-27 20:38:27'),
(4181, 27, 910, 'grossistes', 0, '2026-02-27 20:38:27', '2026-02-27 20:38:27'),
(4182, 27, 911, 'grossistes', 0, '2026-02-27 20:38:27', '2026-02-27 20:38:27'),
(4183, 27, 912, 'grossistes', 0, '2026-02-27 20:38:27', '2026-02-27 20:38:27'),
(4184, 27, 913, 'grossistes', 0, '2026-02-27 20:38:27', '2026-02-27 20:38:27'),
(4185, 27, 914, 'grossistes', 0, '2026-02-27 20:38:27', '2026-02-27 20:38:27'),
(4186, 27, 915, 'grossistes', 0, '2026-02-27 20:38:27', '2026-02-27 20:38:27'),
(4187, 27, 916, 'grossistes', 0, '2026-02-27 20:38:27', '2026-02-27 20:38:27'),
(4188, 27, 917, 'grossistes', 0, '2026-02-27 20:38:27', '2026-02-27 20:38:27'),
(4189, 27, 918, 'grossistes', 0, '2026-02-27 20:38:27', '2026-02-27 20:38:27'),
(4190, 27, 919, 'grossistes', 0, '2026-02-27 20:38:27', '2026-02-27 20:38:27'),
(4191, 27, 920, 'grossistes', 0, '2026-02-27 20:38:27', '2026-02-27 20:38:27'),
(4192, 27, 921, 'grossistes', 0, '2026-02-27 20:38:27', '2026-02-27 20:38:27'),
(4193, 27, 922, 'grossistes', 0, '2026-02-27 20:38:27', '2026-02-27 20:38:27'),
(4194, 27, 923, 'grossistes', 0, '2026-02-27 20:38:27', '2026-02-27 20:38:27'),
(4195, 27, 924, 'grossistes', 0, '2026-02-27 20:38:27', '2026-02-27 20:38:27'),
(4196, 27, 925, 'grossistes', 0, '2026-02-27 20:38:27', '2026-02-27 20:38:27'),
(4197, 27, 926, 'grossistes', 0, '2026-02-27 20:38:27', '2026-02-27 20:38:27'),
(4198, 27, 927, 'grossistes', 0, '2026-02-27 20:38:27', '2026-02-27 20:38:27'),
(4199, 27, 928, 'grossistes', 0, '2026-02-27 20:38:27', '2026-02-27 20:38:27'),
(4200, 27, 929, 'grossistes', 0, '2026-02-27 20:38:27', '2026-02-27 20:38:27'),
(4201, 27, 930, 'grossistes', 0, '2026-02-27 20:38:27', '2026-02-27 20:38:27'),
(4202, 27, 931, 'grossistes', 0, '2026-02-27 20:38:27', '2026-02-27 20:38:27'),
(4203, 27, 932, 'grossistes', 0, '2026-02-27 20:38:27', '2026-02-27 20:38:27'),
(4204, 27, 933, 'grossistes', 0, '2026-02-27 20:38:27', '2026-02-27 20:38:27'),
(4205, 27, 934, 'grossistes', 0, '2026-02-27 20:38:27', '2026-02-27 20:38:27'),
(4206, 27, 935, 'grossistes', 0, '2026-02-27 20:38:27', '2026-02-27 20:38:27'),
(4207, 27, 936, 'grossistes', 0, '2026-02-27 20:38:27', '2026-02-27 20:38:27'),
(4208, 27, 937, 'grossistes', 0, '2026-02-27 20:38:27', '2026-02-27 20:38:27'),
(4209, 27, 938, 'grossistes', 0, '2026-02-27 20:38:27', '2026-02-27 20:38:27'),
(4210, 27, 939, 'grossistes', 0, '2026-02-27 20:38:27', '2026-02-27 20:38:27'),
(4211, 27, 940, 'grossistes', 0, '2026-02-27 20:38:27', '2026-02-27 20:38:27'),
(4212, 27, 941, 'grossistes', 0, '2026-02-27 20:38:27', '2026-02-27 20:38:27'),
(4213, 27, 942, 'grossistes', 0, '2026-02-27 20:38:27', '2026-02-27 20:38:27'),
(4214, 27, 943, 'grossistes', 0, '2026-02-27 20:38:27', '2026-02-27 20:38:27'),
(4215, 27, 944, 'grossistes', 0, '2026-02-27 20:38:27', '2026-02-27 20:38:27'),
(4216, 27, 945, 'grossistes', 0, '2026-02-27 20:38:27', '2026-02-27 20:38:27'),
(4217, 27, 946, 'grossistes', 0, '2026-02-27 20:38:27', '2026-02-27 20:38:27'),
(4218, 27, 947, 'grossistes', 0, '2026-02-27 20:38:27', '2026-02-27 20:38:27'),
(4219, 27, 948, 'grossistes', 0, '2026-02-27 20:38:27', '2026-02-27 20:38:27'),
(4220, 27, 949, 'grossistes', 0, '2026-02-27 20:38:27', '2026-02-27 20:38:27'),
(4221, 27, 950, 'grossistes', 0, '2026-02-27 20:38:27', '2026-02-27 20:38:27'),
(4222, 27, 951, 'grossistes', 0, '2026-02-27 20:38:27', '2026-02-27 20:38:27'),
(4223, 27, 952, 'grossistes', 0, '2026-02-27 20:38:27', '2026-02-27 20:38:27'),
(4224, 27, 953, 'grossistes', 0, '2026-02-27 20:38:27', '2026-02-27 20:38:27'),
(4225, 27, 954, 'grossistes', 0, '2026-02-27 20:38:27', '2026-02-27 20:38:27');
INSERT INTO `organisation_node_unit_territories` (`id`, `organisation_node_unit_id`, `commune_id`, `cible`, `is_suggested`, `created_at`, `updated_at`) VALUES
(4226, 27, 955, 'grossistes', 0, '2026-02-27 20:38:27', '2026-02-27 20:38:27'),
(4227, 27, 956, 'grossistes', 0, '2026-02-27 20:38:27', '2026-02-27 20:38:27'),
(4228, 27, 957, 'grossistes', 0, '2026-02-27 20:38:27', '2026-02-27 20:38:27'),
(4229, 27, 958, 'grossistes', 0, '2026-02-27 20:38:27', '2026-02-27 20:38:27'),
(4230, 27, 959, 'grossistes', 0, '2026-02-27 20:38:27', '2026-02-27 20:38:27'),
(4231, 27, 960, 'grossistes', 0, '2026-02-27 20:38:27', '2026-02-27 20:38:27'),
(4232, 27, 961, 'grossistes', 0, '2026-02-27 20:38:27', '2026-02-27 20:38:27'),
(4233, 27, 962, 'grossistes', 0, '2026-02-27 20:38:27', '2026-02-27 20:38:27'),
(4234, 27, 1609, 'grossistes', 0, '2026-02-27 20:38:27', '2026-02-27 20:38:27'),
(4667, 28, 675, 'pharmacies', 0, '2026-02-27 20:42:32', '2026-02-27 20:42:32'),
(4668, 28, 676, 'pharmacies', 0, '2026-02-27 20:42:32', '2026-02-27 20:42:32'),
(4669, 28, 677, 'pharmacies', 0, '2026-02-27 20:42:32', '2026-02-27 20:42:32'),
(4670, 28, 678, 'pharmacies', 0, '2026-02-27 20:42:32', '2026-02-27 20:42:32'),
(4671, 28, 679, 'pharmacies', 0, '2026-02-27 20:42:32', '2026-02-27 20:42:32'),
(4672, 28, 680, 'pharmacies', 0, '2026-02-27 20:42:32', '2026-02-27 20:42:32'),
(4673, 28, 681, 'pharmacies', 0, '2026-02-27 20:42:32', '2026-02-27 20:42:32'),
(4674, 28, 682, 'pharmacies', 0, '2026-02-27 20:42:32', '2026-02-27 20:42:32'),
(4675, 28, 683, 'pharmacies', 0, '2026-02-27 20:42:32', '2026-02-27 20:42:32'),
(4676, 28, 684, 'pharmacies', 0, '2026-02-27 20:42:32', '2026-02-27 20:42:32'),
(4677, 28, 685, 'pharmacies', 0, '2026-02-27 20:42:32', '2026-02-27 20:42:32'),
(4678, 28, 686, 'pharmacies', 0, '2026-02-27 20:42:32', '2026-02-27 20:42:32'),
(4679, 28, 687, 'pharmacies', 0, '2026-02-27 20:42:32', '2026-02-27 20:42:32'),
(4680, 28, 688, 'pharmacies', 0, '2026-02-27 20:42:32', '2026-02-27 20:42:32'),
(4681, 28, 689, 'pharmacies', 0, '2026-02-27 20:42:32', '2026-02-27 20:42:32'),
(4682, 28, 690, 'pharmacies', 0, '2026-02-27 20:42:32', '2026-02-27 20:42:32'),
(4683, 28, 691, 'pharmacies', 0, '2026-02-27 20:42:32', '2026-02-27 20:42:32'),
(4684, 28, 692, 'pharmacies', 0, '2026-02-27 20:42:32', '2026-02-27 20:42:32'),
(4685, 28, 693, 'pharmacies', 0, '2026-02-27 20:42:32', '2026-02-27 20:42:32'),
(4686, 28, 694, 'pharmacies', 0, '2026-02-27 20:42:32', '2026-02-27 20:42:32'),
(4687, 28, 695, 'pharmacies', 0, '2026-02-27 20:42:32', '2026-02-27 20:42:32'),
(4688, 28, 696, 'pharmacies', 0, '2026-02-27 20:42:32', '2026-02-27 20:42:32'),
(4689, 28, 697, 'pharmacies', 0, '2026-02-27 20:42:32', '2026-02-27 20:42:32'),
(4690, 28, 698, 'pharmacies', 0, '2026-02-27 20:42:32', '2026-02-27 20:42:32'),
(4691, 28, 699, 'pharmacies', 0, '2026-02-27 20:42:32', '2026-02-27 20:42:32'),
(4692, 28, 700, 'pharmacies', 0, '2026-02-27 20:42:32', '2026-02-27 20:42:32'),
(4693, 28, 701, 'pharmacies', 0, '2026-02-27 20:42:32', '2026-02-27 20:42:32'),
(4694, 28, 702, 'pharmacies', 0, '2026-02-27 20:42:32', '2026-02-27 20:42:32'),
(4695, 28, 703, 'pharmacies', 0, '2026-02-27 20:42:32', '2026-02-27 20:42:32'),
(4696, 28, 704, 'pharmacies', 0, '2026-02-27 20:42:32', '2026-02-27 20:42:32'),
(4697, 28, 705, 'pharmacies', 0, '2026-02-27 20:42:32', '2026-02-27 20:42:32'),
(4698, 28, 706, 'pharmacies', 0, '2026-02-27 20:42:32', '2026-02-27 20:42:32'),
(4699, 28, 707, 'pharmacies', 0, '2026-02-27 20:42:32', '2026-02-27 20:42:32'),
(4700, 28, 708, 'pharmacies', 0, '2026-02-27 20:42:32', '2026-02-27 20:42:32'),
(4701, 28, 709, 'pharmacies', 0, '2026-02-27 20:42:32', '2026-02-27 20:42:32'),
(4702, 28, 710, 'pharmacies', 0, '2026-02-27 20:42:32', '2026-02-27 20:42:32'),
(4703, 28, 711, 'pharmacies', 0, '2026-02-27 20:42:32', '2026-02-27 20:42:32'),
(4704, 28, 712, 'pharmacies', 0, '2026-02-27 20:42:32', '2026-02-27 20:42:32'),
(4705, 28, 713, 'pharmacies', 0, '2026-02-27 20:42:32', '2026-02-27 20:42:32'),
(4706, 28, 714, 'pharmacies', 0, '2026-02-27 20:42:32', '2026-02-27 20:42:32'),
(4707, 28, 715, 'pharmacies', 0, '2026-02-27 20:42:32', '2026-02-27 20:42:32'),
(4708, 28, 716, 'pharmacies', 0, '2026-02-27 20:42:32', '2026-02-27 20:42:32'),
(4709, 28, 717, 'pharmacies', 0, '2026-02-27 20:42:32', '2026-02-27 20:42:32'),
(4710, 28, 718, 'pharmacies', 0, '2026-02-27 20:42:32', '2026-02-27 20:42:32'),
(4711, 28, 719, 'pharmacies', 0, '2026-02-27 20:42:32', '2026-02-27 20:42:32'),
(4712, 28, 720, 'pharmacies', 0, '2026-02-27 20:42:32', '2026-02-27 20:42:32'),
(4713, 28, 721, 'pharmacies', 0, '2026-02-27 20:42:32', '2026-02-27 20:42:32'),
(4714, 28, 722, 'pharmacies', 0, '2026-02-27 20:42:32', '2026-02-27 20:42:32'),
(4715, 28, 723, 'pharmacies', 0, '2026-02-27 20:42:32', '2026-02-27 20:42:32'),
(4716, 28, 724, 'pharmacies', 0, '2026-02-27 20:42:32', '2026-02-27 20:42:32'),
(4717, 28, 725, 'pharmacies', 0, '2026-02-27 20:42:32', '2026-02-27 20:42:32'),
(4718, 28, 726, 'pharmacies', 0, '2026-02-27 20:42:33', '2026-02-27 20:42:33'),
(4719, 28, 727, 'pharmacies', 0, '2026-02-27 20:42:33', '2026-02-27 20:42:33'),
(4720, 28, 728, 'pharmacies', 0, '2026-02-27 20:42:33', '2026-02-27 20:42:33'),
(4721, 28, 729, 'pharmacies', 0, '2026-02-27 20:42:33', '2026-02-27 20:42:33'),
(4722, 28, 730, 'pharmacies', 0, '2026-02-27 20:42:33', '2026-02-27 20:42:33'),
(4723, 28, 731, 'pharmacies', 0, '2026-02-27 20:42:33', '2026-02-27 20:42:33'),
(4724, 28, 732, 'pharmacies', 0, '2026-02-27 20:42:33', '2026-02-27 20:42:33'),
(4725, 28, 733, 'pharmacies', 0, '2026-02-27 20:42:33', '2026-02-27 20:42:33'),
(4726, 28, 734, 'pharmacies', 0, '2026-02-27 20:42:33', '2026-02-27 20:42:33'),
(4727, 28, 675, 'grossistes', 0, '2026-02-27 20:42:33', '2026-02-27 20:42:33'),
(4728, 28, 676, 'grossistes', 0, '2026-02-27 20:42:33', '2026-02-27 20:42:33'),
(4729, 28, 677, 'grossistes', 0, '2026-02-27 20:42:33', '2026-02-27 20:42:33'),
(4730, 28, 678, 'grossistes', 0, '2026-02-27 20:42:33', '2026-02-27 20:42:33'),
(4731, 28, 679, 'grossistes', 0, '2026-02-27 20:42:33', '2026-02-27 20:42:33'),
(4732, 28, 680, 'grossistes', 0, '2026-02-27 20:42:33', '2026-02-27 20:42:33'),
(4733, 28, 681, 'grossistes', 0, '2026-02-27 20:42:33', '2026-02-27 20:42:33'),
(4734, 28, 682, 'grossistes', 0, '2026-02-27 20:42:33', '2026-02-27 20:42:33'),
(4735, 28, 683, 'grossistes', 0, '2026-02-27 20:42:33', '2026-02-27 20:42:33'),
(4736, 28, 684, 'grossistes', 0, '2026-02-27 20:42:33', '2026-02-27 20:42:33'),
(4737, 28, 685, 'grossistes', 0, '2026-02-27 20:42:33', '2026-02-27 20:42:33'),
(4738, 28, 686, 'grossistes', 0, '2026-02-27 20:42:33', '2026-02-27 20:42:33'),
(4739, 28, 687, 'grossistes', 0, '2026-02-27 20:42:33', '2026-02-27 20:42:33'),
(4740, 28, 688, 'grossistes', 0, '2026-02-27 20:42:33', '2026-02-27 20:42:33'),
(4741, 28, 689, 'grossistes', 0, '2026-02-27 20:42:33', '2026-02-27 20:42:33'),
(4742, 28, 690, 'grossistes', 0, '2026-02-27 20:42:33', '2026-02-27 20:42:33'),
(4743, 28, 691, 'grossistes', 0, '2026-02-27 20:42:33', '2026-02-27 20:42:33'),
(4744, 28, 692, 'grossistes', 0, '2026-02-27 20:42:33', '2026-02-27 20:42:33'),
(4745, 28, 693, 'grossistes', 0, '2026-02-27 20:42:33', '2026-02-27 20:42:33'),
(4746, 28, 694, 'grossistes', 0, '2026-02-27 20:42:33', '2026-02-27 20:42:33'),
(4747, 28, 695, 'grossistes', 0, '2026-02-27 20:42:33', '2026-02-27 20:42:33'),
(4748, 28, 696, 'grossistes', 0, '2026-02-27 20:42:33', '2026-02-27 20:42:33'),
(4749, 28, 697, 'grossistes', 0, '2026-02-27 20:42:33', '2026-02-27 20:42:33'),
(4750, 28, 698, 'grossistes', 0, '2026-02-27 20:42:33', '2026-02-27 20:42:33'),
(4751, 28, 699, 'grossistes', 0, '2026-02-27 20:42:33', '2026-02-27 20:42:33'),
(4752, 28, 700, 'grossistes', 0, '2026-02-27 20:42:33', '2026-02-27 20:42:33'),
(4753, 28, 701, 'grossistes', 0, '2026-02-27 20:42:33', '2026-02-27 20:42:33'),
(4754, 28, 702, 'grossistes', 0, '2026-02-27 20:42:33', '2026-02-27 20:42:33'),
(4755, 28, 703, 'grossistes', 0, '2026-02-27 20:42:33', '2026-02-27 20:42:33'),
(4756, 28, 704, 'grossistes', 0, '2026-02-27 20:42:33', '2026-02-27 20:42:33'),
(4757, 28, 705, 'grossistes', 0, '2026-02-27 20:42:33', '2026-02-27 20:42:33'),
(4758, 28, 706, 'grossistes', 0, '2026-02-27 20:42:33', '2026-02-27 20:42:33'),
(4759, 28, 707, 'grossistes', 0, '2026-02-27 20:42:33', '2026-02-27 20:42:33'),
(4760, 28, 708, 'grossistes', 0, '2026-02-27 20:42:33', '2026-02-27 20:42:33'),
(4761, 28, 709, 'grossistes', 0, '2026-02-27 20:42:33', '2026-02-27 20:42:33'),
(4762, 28, 710, 'grossistes', 0, '2026-02-27 20:42:33', '2026-02-27 20:42:33'),
(4763, 28, 711, 'grossistes', 0, '2026-02-27 20:42:33', '2026-02-27 20:42:33'),
(4764, 28, 712, 'grossistes', 0, '2026-02-27 20:42:33', '2026-02-27 20:42:33'),
(4765, 28, 713, 'grossistes', 0, '2026-02-27 20:42:33', '2026-02-27 20:42:33'),
(4766, 28, 714, 'grossistes', 0, '2026-02-27 20:42:33', '2026-02-27 20:42:33'),
(4767, 28, 715, 'grossistes', 0, '2026-02-27 20:42:33', '2026-02-27 20:42:33'),
(4768, 28, 716, 'grossistes', 0, '2026-02-27 20:42:33', '2026-02-27 20:42:33'),
(4769, 28, 717, 'grossistes', 0, '2026-02-27 20:42:33', '2026-02-27 20:42:33'),
(4770, 28, 718, 'grossistes', 0, '2026-02-27 20:42:33', '2026-02-27 20:42:33'),
(4771, 28, 719, 'grossistes', 0, '2026-02-27 20:42:33', '2026-02-27 20:42:33'),
(4772, 28, 720, 'grossistes', 0, '2026-02-27 20:42:33', '2026-02-27 20:42:33'),
(4773, 28, 721, 'grossistes', 0, '2026-02-27 20:42:33', '2026-02-27 20:42:33'),
(4774, 28, 722, 'grossistes', 0, '2026-02-27 20:42:33', '2026-02-27 20:42:33'),
(4775, 28, 723, 'grossistes', 0, '2026-02-27 20:42:33', '2026-02-27 20:42:33'),
(4776, 28, 724, 'grossistes', 0, '2026-02-27 20:42:33', '2026-02-27 20:42:33'),
(4777, 28, 725, 'grossistes', 0, '2026-02-27 20:42:33', '2026-02-27 20:42:33'),
(4778, 28, 726, 'grossistes', 0, '2026-02-27 20:42:33', '2026-02-27 20:42:33'),
(4779, 28, 727, 'grossistes', 0, '2026-02-27 20:42:33', '2026-02-27 20:42:33'),
(4780, 28, 728, 'grossistes', 0, '2026-02-27 20:42:33', '2026-02-27 20:42:33'),
(4781, 28, 729, 'grossistes', 0, '2026-02-27 20:42:33', '2026-02-27 20:42:33'),
(4782, 28, 730, 'grossistes', 0, '2026-02-27 20:42:33', '2026-02-27 20:42:33'),
(4783, 28, 731, 'grossistes', 0, '2026-02-27 20:42:33', '2026-02-27 20:42:33'),
(4784, 28, 732, 'grossistes', 0, '2026-02-27 20:42:33', '2026-02-27 20:42:33'),
(4785, 28, 733, 'grossistes', 0, '2026-02-27 20:42:33', '2026-02-27 20:42:33'),
(4786, 28, 734, 'grossistes', 0, '2026-02-27 20:42:33', '2026-02-27 20:42:33'),
(4821, 28, 1164, 'pharmacies', 0, '2026-02-27 20:42:41', '2026-02-27 20:42:41'),
(4822, 28, 1165, 'pharmacies', 0, '2026-02-27 20:42:41', '2026-02-27 20:42:41'),
(4823, 28, 1166, 'pharmacies', 0, '2026-02-27 20:42:41', '2026-02-27 20:42:41'),
(4824, 28, 1167, 'pharmacies', 0, '2026-02-27 20:42:41', '2026-02-27 20:42:41'),
(4825, 28, 1168, 'pharmacies', 0, '2026-02-27 20:42:41', '2026-02-27 20:42:41'),
(4826, 28, 1169, 'pharmacies', 0, '2026-02-27 20:42:41', '2026-02-27 20:42:41'),
(4827, 28, 1170, 'pharmacies', 0, '2026-02-27 20:42:41', '2026-02-27 20:42:41'),
(4828, 28, 1171, 'pharmacies', 0, '2026-02-27 20:42:41', '2026-02-27 20:42:41'),
(4829, 28, 1172, 'pharmacies', 0, '2026-02-27 20:42:41', '2026-02-27 20:42:41'),
(4830, 28, 1173, 'pharmacies', 0, '2026-02-27 20:42:41', '2026-02-27 20:42:41'),
(4831, 28, 1174, 'pharmacies', 0, '2026-02-27 20:42:41', '2026-02-27 20:42:41'),
(4832, 28, 1175, 'pharmacies', 0, '2026-02-27 20:42:41', '2026-02-27 20:42:41'),
(4833, 28, 1176, 'pharmacies', 0, '2026-02-27 20:42:41', '2026-02-27 20:42:41'),
(4834, 28, 1177, 'pharmacies', 0, '2026-02-27 20:42:41', '2026-02-27 20:42:41'),
(4835, 28, 1178, 'pharmacies', 0, '2026-02-27 20:42:41', '2026-02-27 20:42:41'),
(4836, 28, 1179, 'pharmacies', 0, '2026-02-27 20:42:41', '2026-02-27 20:42:41'),
(4837, 28, 1180, 'pharmacies', 0, '2026-02-27 20:42:41', '2026-02-27 20:42:41'),
(4838, 28, 1181, 'pharmacies', 0, '2026-02-27 20:42:41', '2026-02-27 20:42:41'),
(4839, 28, 1182, 'pharmacies', 0, '2026-02-27 20:42:41', '2026-02-27 20:42:41'),
(4840, 28, 1183, 'pharmacies', 0, '2026-02-27 20:42:41', '2026-02-27 20:42:41'),
(4841, 28, 1184, 'pharmacies', 0, '2026-02-27 20:42:41', '2026-02-27 20:42:41'),
(4842, 28, 1185, 'pharmacies', 0, '2026-02-27 20:42:41', '2026-02-27 20:42:41'),
(4843, 28, 1186, 'pharmacies', 0, '2026-02-27 20:42:41', '2026-02-27 20:42:41'),
(4844, 28, 1187, 'pharmacies', 0, '2026-02-27 20:42:41', '2026-02-27 20:42:41'),
(4845, 28, 1188, 'pharmacies', 0, '2026-02-27 20:42:41', '2026-02-27 20:42:41'),
(4846, 28, 1189, 'pharmacies', 0, '2026-02-27 20:42:41', '2026-02-27 20:42:41'),
(4847, 28, 1190, 'pharmacies', 0, '2026-02-27 20:42:41', '2026-02-27 20:42:41'),
(4848, 28, 1191, 'pharmacies', 0, '2026-02-27 20:42:41', '2026-02-27 20:42:41'),
(4849, 28, 1192, 'pharmacies', 0, '2026-02-27 20:42:41', '2026-02-27 20:42:41'),
(4850, 28, 1193, 'pharmacies', 0, '2026-02-27 20:42:41', '2026-02-27 20:42:41'),
(4851, 28, 1194, 'pharmacies', 0, '2026-02-27 20:42:41', '2026-02-27 20:42:41'),
(4852, 28, 1195, 'pharmacies', 0, '2026-02-27 20:42:41', '2026-02-27 20:42:41'),
(4853, 28, 1196, 'pharmacies', 0, '2026-02-27 20:42:41', '2026-02-27 20:42:41'),
(4854, 28, 1197, 'pharmacies', 0, '2026-02-27 20:42:41', '2026-02-27 20:42:41'),
(4855, 28, 1164, 'grossistes', 0, '2026-02-27 20:42:41', '2026-02-27 20:42:41'),
(4856, 28, 1165, 'grossistes', 0, '2026-02-27 20:42:41', '2026-02-27 20:42:41'),
(4857, 28, 1166, 'grossistes', 0, '2026-02-27 20:42:41', '2026-02-27 20:42:41'),
(4858, 28, 1167, 'grossistes', 0, '2026-02-27 20:42:41', '2026-02-27 20:42:41'),
(4859, 28, 1168, 'grossistes', 0, '2026-02-27 20:42:41', '2026-02-27 20:42:41'),
(4860, 28, 1169, 'grossistes', 0, '2026-02-27 20:42:41', '2026-02-27 20:42:41'),
(4861, 28, 1170, 'grossistes', 0, '2026-02-27 20:42:41', '2026-02-27 20:42:41'),
(4862, 28, 1171, 'grossistes', 0, '2026-02-27 20:42:41', '2026-02-27 20:42:41'),
(4863, 28, 1172, 'grossistes', 0, '2026-02-27 20:42:41', '2026-02-27 20:42:41'),
(4864, 28, 1173, 'grossistes', 0, '2026-02-27 20:42:41', '2026-02-27 20:42:41'),
(4865, 28, 1174, 'grossistes', 0, '2026-02-27 20:42:41', '2026-02-27 20:42:41'),
(4866, 28, 1175, 'grossistes', 0, '2026-02-27 20:42:41', '2026-02-27 20:42:41'),
(4867, 28, 1176, 'grossistes', 0, '2026-02-27 20:42:41', '2026-02-27 20:42:41'),
(4868, 28, 1177, 'grossistes', 0, '2026-02-27 20:42:41', '2026-02-27 20:42:41'),
(4869, 28, 1178, 'grossistes', 0, '2026-02-27 20:42:41', '2026-02-27 20:42:41'),
(4870, 28, 1179, 'grossistes', 0, '2026-02-27 20:42:41', '2026-02-27 20:42:41'),
(4871, 28, 1180, 'grossistes', 0, '2026-02-27 20:42:41', '2026-02-27 20:42:41'),
(4872, 28, 1181, 'grossistes', 0, '2026-02-27 20:42:41', '2026-02-27 20:42:41'),
(4873, 28, 1182, 'grossistes', 0, '2026-02-27 20:42:41', '2026-02-27 20:42:41'),
(4874, 28, 1183, 'grossistes', 0, '2026-02-27 20:42:41', '2026-02-27 20:42:41'),
(4875, 28, 1184, 'grossistes', 0, '2026-02-27 20:42:41', '2026-02-27 20:42:41'),
(4876, 28, 1185, 'grossistes', 0, '2026-02-27 20:42:41', '2026-02-27 20:42:41'),
(4877, 28, 1186, 'grossistes', 0, '2026-02-27 20:42:41', '2026-02-27 20:42:41'),
(4878, 28, 1187, 'grossistes', 0, '2026-02-27 20:42:41', '2026-02-27 20:42:41'),
(4879, 28, 1188, 'grossistes', 0, '2026-02-27 20:42:41', '2026-02-27 20:42:41'),
(4880, 28, 1189, 'grossistes', 0, '2026-02-27 20:42:41', '2026-02-27 20:42:41'),
(4881, 28, 1190, 'grossistes', 0, '2026-02-27 20:42:41', '2026-02-27 20:42:41'),
(4882, 28, 1191, 'grossistes', 0, '2026-02-27 20:42:41', '2026-02-27 20:42:41'),
(4883, 28, 1192, 'grossistes', 0, '2026-02-27 20:42:41', '2026-02-27 20:42:41'),
(4884, 28, 1193, 'grossistes', 0, '2026-02-27 20:42:41', '2026-02-27 20:42:41'),
(4885, 28, 1194, 'grossistes', 0, '2026-02-27 20:42:41', '2026-02-27 20:42:41'),
(4886, 28, 1195, 'grossistes', 0, '2026-02-27 20:42:41', '2026-02-27 20:42:41'),
(4887, 28, 1196, 'grossistes', 0, '2026-02-27 20:42:41', '2026-02-27 20:42:41'),
(4888, 28, 1197, 'grossistes', 0, '2026-02-27 20:42:41', '2026-02-27 20:42:41'),
(4936, 28, 995, 'pharmacies', 0, '2026-02-27 20:42:48', '2026-02-27 20:42:48'),
(4937, 28, 996, 'pharmacies', 0, '2026-02-27 20:42:48', '2026-02-27 20:42:48'),
(4938, 28, 997, 'pharmacies', 0, '2026-02-27 20:42:48', '2026-02-27 20:42:48'),
(4939, 28, 998, 'pharmacies', 0, '2026-02-27 20:42:48', '2026-02-27 20:42:48'),
(4940, 28, 999, 'pharmacies', 0, '2026-02-27 20:42:48', '2026-02-27 20:42:48'),
(4941, 28, 1000, 'pharmacies', 0, '2026-02-27 20:42:48', '2026-02-27 20:42:48'),
(4942, 28, 1001, 'pharmacies', 0, '2026-02-27 20:42:48', '2026-02-27 20:42:48'),
(4943, 28, 1002, 'pharmacies', 0, '2026-02-27 20:42:48', '2026-02-27 20:42:48'),
(4944, 28, 1003, 'pharmacies', 0, '2026-02-27 20:42:48', '2026-02-27 20:42:48'),
(4945, 28, 1004, 'pharmacies', 0, '2026-02-27 20:42:48', '2026-02-27 20:42:48'),
(4946, 28, 1005, 'pharmacies', 0, '2026-02-27 20:42:48', '2026-02-27 20:42:48'),
(4947, 28, 1006, 'pharmacies', 0, '2026-02-27 20:42:48', '2026-02-27 20:42:48'),
(4948, 28, 1007, 'pharmacies', 0, '2026-02-27 20:42:48', '2026-02-27 20:42:48'),
(4949, 28, 1008, 'pharmacies', 0, '2026-02-27 20:42:48', '2026-02-27 20:42:48'),
(4950, 28, 1009, 'pharmacies', 0, '2026-02-27 20:42:48', '2026-02-27 20:42:48'),
(4951, 28, 1010, 'pharmacies', 0, '2026-02-27 20:42:48', '2026-02-27 20:42:48'),
(4952, 28, 1011, 'pharmacies', 0, '2026-02-27 20:42:48', '2026-02-27 20:42:48'),
(4953, 28, 1012, 'pharmacies', 0, '2026-02-27 20:42:48', '2026-02-27 20:42:48'),
(4954, 28, 1013, 'pharmacies', 0, '2026-02-27 20:42:48', '2026-02-27 20:42:48'),
(4955, 28, 1014, 'pharmacies', 0, '2026-02-27 20:42:48', '2026-02-27 20:42:48'),
(4956, 28, 1015, 'pharmacies', 0, '2026-02-27 20:42:48', '2026-02-27 20:42:48'),
(4957, 28, 1016, 'pharmacies', 0, '2026-02-27 20:42:48', '2026-02-27 20:42:48'),
(4958, 28, 1017, 'pharmacies', 0, '2026-02-27 20:42:48', '2026-02-27 20:42:48'),
(4959, 28, 1018, 'pharmacies', 0, '2026-02-27 20:42:48', '2026-02-27 20:42:48'),
(4960, 28, 1019, 'pharmacies', 0, '2026-02-27 20:42:48', '2026-02-27 20:42:48'),
(4961, 28, 1020, 'pharmacies', 0, '2026-02-27 20:42:48', '2026-02-27 20:42:48'),
(4962, 28, 1021, 'pharmacies', 0, '2026-02-27 20:42:48', '2026-02-27 20:42:48'),
(4963, 28, 1022, 'pharmacies', 0, '2026-02-27 20:42:48', '2026-02-27 20:42:48'),
(4964, 28, 1023, 'pharmacies', 0, '2026-02-27 20:42:48', '2026-02-27 20:42:48'),
(4965, 28, 1024, 'pharmacies', 0, '2026-02-27 20:42:48', '2026-02-27 20:42:48'),
(4966, 28, 1025, 'pharmacies', 0, '2026-02-27 20:42:48', '2026-02-27 20:42:48'),
(4967, 28, 1026, 'pharmacies', 0, '2026-02-27 20:42:48', '2026-02-27 20:42:48'),
(4968, 28, 1027, 'pharmacies', 0, '2026-02-27 20:42:48', '2026-02-27 20:42:48'),
(4969, 28, 1028, 'pharmacies', 0, '2026-02-27 20:42:48', '2026-02-27 20:42:48'),
(4970, 28, 1029, 'pharmacies', 0, '2026-02-27 20:42:48', '2026-02-27 20:42:48'),
(4971, 28, 1030, 'pharmacies', 0, '2026-02-27 20:42:48', '2026-02-27 20:42:48'),
(4972, 28, 1031, 'pharmacies', 0, '2026-02-27 20:42:48', '2026-02-27 20:42:48'),
(4973, 28, 1032, 'pharmacies', 0, '2026-02-27 20:42:48', '2026-02-27 20:42:48'),
(4974, 28, 1033, 'pharmacies', 0, '2026-02-27 20:42:48', '2026-02-27 20:42:48'),
(4975, 28, 1034, 'pharmacies', 0, '2026-02-27 20:42:48', '2026-02-27 20:42:48'),
(4976, 28, 1035, 'pharmacies', 0, '2026-02-27 20:42:48', '2026-02-27 20:42:48'),
(4977, 28, 1036, 'pharmacies', 0, '2026-02-27 20:42:48', '2026-02-27 20:42:48'),
(4978, 28, 1037, 'pharmacies', 0, '2026-02-27 20:42:48', '2026-02-27 20:42:48'),
(4979, 28, 1038, 'pharmacies', 0, '2026-02-27 20:42:48', '2026-02-27 20:42:48'),
(4980, 28, 1039, 'pharmacies', 0, '2026-02-27 20:42:48', '2026-02-27 20:42:48'),
(4981, 28, 1040, 'pharmacies', 0, '2026-02-27 20:42:48', '2026-02-27 20:42:48'),
(4982, 28, 1041, 'pharmacies', 0, '2026-02-27 20:42:48', '2026-02-27 20:42:48'),
(4983, 28, 995, 'grossistes', 0, '2026-02-27 20:42:48', '2026-02-27 20:42:48'),
(4984, 28, 996, 'grossistes', 0, '2026-02-27 20:42:48', '2026-02-27 20:42:48'),
(4985, 28, 997, 'grossistes', 0, '2026-02-27 20:42:48', '2026-02-27 20:42:48'),
(4986, 28, 998, 'grossistes', 0, '2026-02-27 20:42:48', '2026-02-27 20:42:48'),
(4987, 28, 999, 'grossistes', 0, '2026-02-27 20:42:48', '2026-02-27 20:42:48'),
(4988, 28, 1000, 'grossistes', 0, '2026-02-27 20:42:48', '2026-02-27 20:42:48'),
(4989, 28, 1001, 'grossistes', 0, '2026-02-27 20:42:48', '2026-02-27 20:42:48'),
(4990, 28, 1002, 'grossistes', 0, '2026-02-27 20:42:48', '2026-02-27 20:42:48'),
(4991, 28, 1003, 'grossistes', 0, '2026-02-27 20:42:48', '2026-02-27 20:42:48'),
(4992, 28, 1004, 'grossistes', 0, '2026-02-27 20:42:48', '2026-02-27 20:42:48'),
(4993, 28, 1005, 'grossistes', 0, '2026-02-27 20:42:48', '2026-02-27 20:42:48'),
(4994, 28, 1006, 'grossistes', 0, '2026-02-27 20:42:48', '2026-02-27 20:42:48'),
(4995, 28, 1007, 'grossistes', 0, '2026-02-27 20:42:48', '2026-02-27 20:42:48'),
(4996, 28, 1008, 'grossistes', 0, '2026-02-27 20:42:48', '2026-02-27 20:42:48'),
(4997, 28, 1009, 'grossistes', 0, '2026-02-27 20:42:48', '2026-02-27 20:42:48'),
(4998, 28, 1010, 'grossistes', 0, '2026-02-27 20:42:48', '2026-02-27 20:42:48'),
(4999, 28, 1011, 'grossistes', 0, '2026-02-27 20:42:48', '2026-02-27 20:42:48'),
(5000, 28, 1012, 'grossistes', 0, '2026-02-27 20:42:48', '2026-02-27 20:42:48'),
(5001, 28, 1013, 'grossistes', 0, '2026-02-27 20:42:48', '2026-02-27 20:42:48'),
(5002, 28, 1014, 'grossistes', 0, '2026-02-27 20:42:48', '2026-02-27 20:42:48'),
(5003, 28, 1015, 'grossistes', 0, '2026-02-27 20:42:48', '2026-02-27 20:42:48'),
(5004, 28, 1016, 'grossistes', 0, '2026-02-27 20:42:48', '2026-02-27 20:42:48'),
(5005, 28, 1017, 'grossistes', 0, '2026-02-27 20:42:48', '2026-02-27 20:42:48'),
(5006, 28, 1018, 'grossistes', 0, '2026-02-27 20:42:48', '2026-02-27 20:42:48'),
(5007, 28, 1019, 'grossistes', 0, '2026-02-27 20:42:48', '2026-02-27 20:42:48'),
(5008, 28, 1020, 'grossistes', 0, '2026-02-27 20:42:48', '2026-02-27 20:42:48'),
(5009, 28, 1021, 'grossistes', 0, '2026-02-27 20:42:48', '2026-02-27 20:42:48'),
(5010, 28, 1022, 'grossistes', 0, '2026-02-27 20:42:48', '2026-02-27 20:42:48'),
(5011, 28, 1023, 'grossistes', 0, '2026-02-27 20:42:48', '2026-02-27 20:42:48'),
(5012, 28, 1024, 'grossistes', 0, '2026-02-27 20:42:48', '2026-02-27 20:42:48'),
(5013, 28, 1025, 'grossistes', 0, '2026-02-27 20:42:48', '2026-02-27 20:42:48'),
(5014, 28, 1026, 'grossistes', 0, '2026-02-27 20:42:48', '2026-02-27 20:42:48'),
(5015, 28, 1027, 'grossistes', 0, '2026-02-27 20:42:48', '2026-02-27 20:42:48'),
(5016, 28, 1028, 'grossistes', 0, '2026-02-27 20:42:48', '2026-02-27 20:42:48'),
(5017, 28, 1029, 'grossistes', 0, '2026-02-27 20:42:48', '2026-02-27 20:42:48'),
(5018, 28, 1030, 'grossistes', 0, '2026-02-27 20:42:48', '2026-02-27 20:42:48'),
(5019, 28, 1031, 'grossistes', 0, '2026-02-27 20:42:48', '2026-02-27 20:42:48'),
(5020, 28, 1032, 'grossistes', 0, '2026-02-27 20:42:48', '2026-02-27 20:42:48'),
(5021, 28, 1033, 'grossistes', 0, '2026-02-27 20:42:48', '2026-02-27 20:42:48'),
(5022, 28, 1034, 'grossistes', 0, '2026-02-27 20:42:48', '2026-02-27 20:42:48'),
(5023, 28, 1035, 'grossistes', 0, '2026-02-27 20:42:48', '2026-02-27 20:42:48'),
(5024, 28, 1036, 'grossistes', 0, '2026-02-27 20:42:48', '2026-02-27 20:42:48'),
(5025, 28, 1037, 'grossistes', 0, '2026-02-27 20:42:48', '2026-02-27 20:42:48'),
(5026, 28, 1038, 'grossistes', 0, '2026-02-27 20:42:48', '2026-02-27 20:42:48'),
(5027, 28, 1039, 'grossistes', 0, '2026-02-27 20:42:48', '2026-02-27 20:42:48'),
(5028, 28, 1040, 'grossistes', 0, '2026-02-27 20:42:48', '2026-02-27 20:42:48'),
(5029, 28, 1041, 'grossistes', 0, '2026-02-27 20:42:48', '2026-02-27 20:42:48'),
(5062, 28, 1383, 'pharmacies', 0, '2026-02-27 20:43:09', '2026-02-27 20:43:09'),
(5063, 28, 1384, 'pharmacies', 0, '2026-02-27 20:43:09', '2026-02-27 20:43:09'),
(5064, 28, 1385, 'pharmacies', 0, '2026-02-27 20:43:09', '2026-02-27 20:43:09'),
(5065, 28, 1386, 'pharmacies', 0, '2026-02-27 20:43:09', '2026-02-27 20:43:09'),
(5066, 28, 1387, 'pharmacies', 0, '2026-02-27 20:43:09', '2026-02-27 20:43:09'),
(5067, 28, 1388, 'pharmacies', 0, '2026-02-27 20:43:09', '2026-02-27 20:43:09'),
(5068, 28, 1389, 'pharmacies', 0, '2026-02-27 20:43:09', '2026-02-27 20:43:09'),
(5069, 28, 1390, 'pharmacies', 0, '2026-02-27 20:43:09', '2026-02-27 20:43:09'),
(5070, 28, 1391, 'pharmacies', 0, '2026-02-27 20:43:09', '2026-02-27 20:43:09'),
(5071, 28, 1392, 'pharmacies', 0, '2026-02-27 20:43:09', '2026-02-27 20:43:09'),
(5072, 28, 1393, 'pharmacies', 0, '2026-02-27 20:43:09', '2026-02-27 20:43:09'),
(5073, 28, 1394, 'pharmacies', 0, '2026-02-27 20:43:09', '2026-02-27 20:43:09'),
(5074, 28, 1395, 'pharmacies', 0, '2026-02-27 20:43:09', '2026-02-27 20:43:09'),
(5075, 28, 1396, 'pharmacies', 0, '2026-02-27 20:43:09', '2026-02-27 20:43:09'),
(5076, 28, 1397, 'pharmacies', 0, '2026-02-27 20:43:09', '2026-02-27 20:43:09'),
(5077, 28, 1398, 'pharmacies', 0, '2026-02-27 20:43:09', '2026-02-27 20:43:09'),
(5078, 28, 1399, 'pharmacies', 0, '2026-02-27 20:43:09', '2026-02-27 20:43:09'),
(5079, 28, 1400, 'pharmacies', 0, '2026-02-27 20:43:09', '2026-02-27 20:43:09'),
(5080, 28, 1401, 'pharmacies', 0, '2026-02-27 20:43:09', '2026-02-27 20:43:09'),
(5081, 28, 1402, 'pharmacies', 0, '2026-02-27 20:43:09', '2026-02-27 20:43:09'),
(5082, 28, 1403, 'pharmacies', 0, '2026-02-27 20:43:09', '2026-02-27 20:43:09'),
(5083, 28, 1404, 'pharmacies', 0, '2026-02-27 20:43:09', '2026-02-27 20:43:09'),
(5084, 28, 1405, 'pharmacies', 0, '2026-02-27 20:43:09', '2026-02-27 20:43:09'),
(5085, 28, 1406, 'pharmacies', 0, '2026-02-27 20:43:09', '2026-02-27 20:43:09'),
(5086, 28, 1407, 'pharmacies', 0, '2026-02-27 20:43:09', '2026-02-27 20:43:09'),
(5087, 28, 1408, 'pharmacies', 0, '2026-02-27 20:43:09', '2026-02-27 20:43:09'),
(5088, 28, 1409, 'pharmacies', 0, '2026-02-27 20:43:09', '2026-02-27 20:43:09'),
(5089, 28, 1410, 'pharmacies', 0, '2026-02-27 20:43:09', '2026-02-27 20:43:09'),
(5090, 28, 1411, 'pharmacies', 0, '2026-02-27 20:43:09', '2026-02-27 20:43:09'),
(5091, 28, 1412, 'pharmacies', 0, '2026-02-27 20:43:09', '2026-02-27 20:43:09'),
(5092, 28, 1413, 'pharmacies', 0, '2026-02-27 20:43:09', '2026-02-27 20:43:09'),
(5093, 28, 1414, 'pharmacies', 0, '2026-02-27 20:43:09', '2026-02-27 20:43:09'),
(5094, 28, 1383, 'grossistes', 0, '2026-02-27 20:43:09', '2026-02-27 20:43:09'),
(5095, 28, 1384, 'grossistes', 0, '2026-02-27 20:43:09', '2026-02-27 20:43:09'),
(5096, 28, 1385, 'grossistes', 0, '2026-02-27 20:43:09', '2026-02-27 20:43:09'),
(5097, 28, 1386, 'grossistes', 0, '2026-02-27 20:43:09', '2026-02-27 20:43:09'),
(5098, 28, 1387, 'grossistes', 0, '2026-02-27 20:43:09', '2026-02-27 20:43:09'),
(5099, 28, 1388, 'grossistes', 0, '2026-02-27 20:43:09', '2026-02-27 20:43:09'),
(5100, 28, 1389, 'grossistes', 0, '2026-02-27 20:43:09', '2026-02-27 20:43:09'),
(5101, 28, 1390, 'grossistes', 0, '2026-02-27 20:43:09', '2026-02-27 20:43:09'),
(5102, 28, 1391, 'grossistes', 0, '2026-02-27 20:43:09', '2026-02-27 20:43:09'),
(5103, 28, 1392, 'grossistes', 0, '2026-02-27 20:43:09', '2026-02-27 20:43:09'),
(5104, 28, 1393, 'grossistes', 0, '2026-02-27 20:43:09', '2026-02-27 20:43:09'),
(5105, 28, 1394, 'grossistes', 0, '2026-02-27 20:43:09', '2026-02-27 20:43:09'),
(5106, 28, 1395, 'grossistes', 0, '2026-02-27 20:43:09', '2026-02-27 20:43:09'),
(5107, 28, 1396, 'grossistes', 0, '2026-02-27 20:43:09', '2026-02-27 20:43:09'),
(5108, 28, 1397, 'grossistes', 0, '2026-02-27 20:43:09', '2026-02-27 20:43:09'),
(5109, 28, 1398, 'grossistes', 0, '2026-02-27 20:43:09', '2026-02-27 20:43:09'),
(5110, 28, 1399, 'grossistes', 0, '2026-02-27 20:43:09', '2026-02-27 20:43:09'),
(5111, 28, 1400, 'grossistes', 0, '2026-02-27 20:43:09', '2026-02-27 20:43:09'),
(5112, 28, 1401, 'grossistes', 0, '2026-02-27 20:43:09', '2026-02-27 20:43:09'),
(5113, 28, 1402, 'grossistes', 0, '2026-02-27 20:43:09', '2026-02-27 20:43:09'),
(5114, 28, 1403, 'grossistes', 0, '2026-02-27 20:43:09', '2026-02-27 20:43:09'),
(5115, 28, 1404, 'grossistes', 0, '2026-02-27 20:43:09', '2026-02-27 20:43:09'),
(5116, 28, 1405, 'grossistes', 0, '2026-02-27 20:43:09', '2026-02-27 20:43:09'),
(5117, 28, 1406, 'grossistes', 0, '2026-02-27 20:43:09', '2026-02-27 20:43:09'),
(5118, 28, 1407, 'grossistes', 0, '2026-02-27 20:43:09', '2026-02-27 20:43:09'),
(5119, 28, 1408, 'grossistes', 0, '2026-02-27 20:43:09', '2026-02-27 20:43:09'),
(5120, 28, 1409, 'grossistes', 0, '2026-02-27 20:43:09', '2026-02-27 20:43:09'),
(5121, 28, 1410, 'grossistes', 0, '2026-02-27 20:43:09', '2026-02-27 20:43:09'),
(5122, 28, 1411, 'grossistes', 0, '2026-02-27 20:43:09', '2026-02-27 20:43:09'),
(5123, 28, 1412, 'grossistes', 0, '2026-02-27 20:43:09', '2026-02-27 20:43:09'),
(5124, 28, 1413, 'grossistes', 0, '2026-02-27 20:43:09', '2026-02-27 20:43:09'),
(5125, 28, 1414, 'grossistes', 0, '2026-02-27 20:43:09', '2026-02-27 20:43:09'),
(5154, 28, 647, 'pharmacies', 0, '2026-02-27 20:43:11', '2026-02-27 20:43:11'),
(5155, 28, 648, 'pharmacies', 0, '2026-02-27 20:43:11', '2026-02-27 20:43:11'),
(5156, 28, 649, 'pharmacies', 0, '2026-02-27 20:43:11', '2026-02-27 20:43:11'),
(5157, 28, 650, 'pharmacies', 0, '2026-02-27 20:43:11', '2026-02-27 20:43:11'),
(5158, 28, 651, 'pharmacies', 0, '2026-02-27 20:43:11', '2026-02-27 20:43:11'),
(5159, 28, 652, 'pharmacies', 0, '2026-02-27 20:43:11', '2026-02-27 20:43:11'),
(5160, 28, 653, 'pharmacies', 0, '2026-02-27 20:43:11', '2026-02-27 20:43:11'),
(5161, 28, 654, 'pharmacies', 0, '2026-02-27 20:43:11', '2026-02-27 20:43:11'),
(5162, 28, 655, 'pharmacies', 0, '2026-02-27 20:43:11', '2026-02-27 20:43:11'),
(5163, 28, 656, 'pharmacies', 0, '2026-02-27 20:43:11', '2026-02-27 20:43:11'),
(5164, 28, 657, 'pharmacies', 0, '2026-02-27 20:43:11', '2026-02-27 20:43:11'),
(5165, 28, 658, 'pharmacies', 0, '2026-02-27 20:43:11', '2026-02-27 20:43:11'),
(5166, 28, 659, 'pharmacies', 0, '2026-02-27 20:43:11', '2026-02-27 20:43:11'),
(5167, 28, 660, 'pharmacies', 0, '2026-02-27 20:43:11', '2026-02-27 20:43:11'),
(5168, 28, 661, 'pharmacies', 0, '2026-02-27 20:43:11', '2026-02-27 20:43:11'),
(5169, 28, 662, 'pharmacies', 0, '2026-02-27 20:43:11', '2026-02-27 20:43:11'),
(5170, 28, 663, 'pharmacies', 0, '2026-02-27 20:43:11', '2026-02-27 20:43:11'),
(5171, 28, 664, 'pharmacies', 0, '2026-02-27 20:43:11', '2026-02-27 20:43:11'),
(5172, 28, 665, 'pharmacies', 0, '2026-02-27 20:43:11', '2026-02-27 20:43:11'),
(5173, 28, 666, 'pharmacies', 0, '2026-02-27 20:43:11', '2026-02-27 20:43:11'),
(5174, 28, 667, 'pharmacies', 0, '2026-02-27 20:43:11', '2026-02-27 20:43:11'),
(5175, 28, 668, 'pharmacies', 0, '2026-02-27 20:43:11', '2026-02-27 20:43:11'),
(5176, 28, 669, 'pharmacies', 0, '2026-02-27 20:43:11', '2026-02-27 20:43:11'),
(5177, 28, 670, 'pharmacies', 0, '2026-02-27 20:43:11', '2026-02-27 20:43:11'),
(5178, 28, 671, 'pharmacies', 0, '2026-02-27 20:43:11', '2026-02-27 20:43:11'),
(5179, 28, 672, 'pharmacies', 0, '2026-02-27 20:43:11', '2026-02-27 20:43:11'),
(5180, 28, 673, 'pharmacies', 0, '2026-02-27 20:43:11', '2026-02-27 20:43:11'),
(5181, 28, 674, 'pharmacies', 0, '2026-02-27 20:43:11', '2026-02-27 20:43:11'),
(5182, 28, 647, 'grossistes', 0, '2026-02-27 20:43:12', '2026-02-27 20:43:12'),
(5183, 28, 648, 'grossistes', 0, '2026-02-27 20:43:12', '2026-02-27 20:43:12'),
(5184, 28, 649, 'grossistes', 0, '2026-02-27 20:43:12', '2026-02-27 20:43:12'),
(5185, 28, 650, 'grossistes', 0, '2026-02-27 20:43:12', '2026-02-27 20:43:12'),
(5186, 28, 651, 'grossistes', 0, '2026-02-27 20:43:12', '2026-02-27 20:43:12'),
(5187, 28, 652, 'grossistes', 0, '2026-02-27 20:43:12', '2026-02-27 20:43:12'),
(5188, 28, 653, 'grossistes', 0, '2026-02-27 20:43:12', '2026-02-27 20:43:12'),
(5189, 28, 654, 'grossistes', 0, '2026-02-27 20:43:12', '2026-02-27 20:43:12'),
(5190, 28, 655, 'grossistes', 0, '2026-02-27 20:43:12', '2026-02-27 20:43:12'),
(5191, 28, 656, 'grossistes', 0, '2026-02-27 20:43:12', '2026-02-27 20:43:12'),
(5192, 28, 657, 'grossistes', 0, '2026-02-27 20:43:12', '2026-02-27 20:43:12'),
(5193, 28, 658, 'grossistes', 0, '2026-02-27 20:43:12', '2026-02-27 20:43:12'),
(5194, 28, 659, 'grossistes', 0, '2026-02-27 20:43:12', '2026-02-27 20:43:12'),
(5195, 28, 660, 'grossistes', 0, '2026-02-27 20:43:12', '2026-02-27 20:43:12'),
(5196, 28, 661, 'grossistes', 0, '2026-02-27 20:43:12', '2026-02-27 20:43:12'),
(5197, 28, 662, 'grossistes', 0, '2026-02-27 20:43:12', '2026-02-27 20:43:12'),
(5198, 28, 663, 'grossistes', 0, '2026-02-27 20:43:12', '2026-02-27 20:43:12'),
(5199, 28, 664, 'grossistes', 0, '2026-02-27 20:43:12', '2026-02-27 20:43:12'),
(5200, 28, 665, 'grossistes', 0, '2026-02-27 20:43:12', '2026-02-27 20:43:12'),
(5201, 28, 666, 'grossistes', 0, '2026-02-27 20:43:12', '2026-02-27 20:43:12'),
(5202, 28, 667, 'grossistes', 0, '2026-02-27 20:43:12', '2026-02-27 20:43:12'),
(5203, 28, 668, 'grossistes', 0, '2026-02-27 20:43:12', '2026-02-27 20:43:12'),
(5204, 28, 669, 'grossistes', 0, '2026-02-27 20:43:12', '2026-02-27 20:43:12'),
(5205, 28, 670, 'grossistes', 0, '2026-02-27 20:43:12', '2026-02-27 20:43:12'),
(5206, 28, 671, 'grossistes', 0, '2026-02-27 20:43:12', '2026-02-27 20:43:12'),
(5207, 28, 672, 'grossistes', 0, '2026-02-27 20:43:12', '2026-02-27 20:43:12'),
(5208, 28, 673, 'grossistes', 0, '2026-02-27 20:43:12', '2026-02-27 20:43:12'),
(5209, 28, 674, 'grossistes', 0, '2026-02-27 20:43:12', '2026-02-27 20:43:12'),
(5553, 28, 853, 'pharmacies', 0, '2026-02-27 21:21:19', '2026-02-27 21:21:19'),
(5554, 28, 854, 'pharmacies', 0, '2026-02-27 21:21:19', '2026-02-27 21:21:19'),
(5555, 28, 855, 'pharmacies', 0, '2026-02-27 21:21:19', '2026-02-27 21:21:19'),
(5556, 28, 856, 'pharmacies', 0, '2026-02-27 21:21:19', '2026-02-27 21:21:19'),
(5557, 28, 857, 'pharmacies', 0, '2026-02-27 21:21:19', '2026-02-27 21:21:19'),
(5558, 28, 858, 'pharmacies', 0, '2026-02-27 21:21:19', '2026-02-27 21:21:19'),
(5559, 28, 859, 'pharmacies', 0, '2026-02-27 21:21:19', '2026-02-27 21:21:19'),
(5560, 28, 860, 'pharmacies', 0, '2026-02-27 21:21:19', '2026-02-27 21:21:19'),
(5561, 28, 861, 'pharmacies', 0, '2026-02-27 21:21:19', '2026-02-27 21:21:19'),
(5562, 28, 862, 'pharmacies', 0, '2026-02-27 21:21:19', '2026-02-27 21:21:19'),
(5563, 28, 863, 'pharmacies', 0, '2026-02-27 21:21:19', '2026-02-27 21:21:19'),
(5564, 28, 864, 'pharmacies', 0, '2026-02-27 21:21:19', '2026-02-27 21:21:19'),
(5565, 28, 865, 'pharmacies', 0, '2026-02-27 21:21:19', '2026-02-27 21:21:19'),
(5566, 28, 866, 'pharmacies', 0, '2026-02-27 21:21:19', '2026-02-27 21:21:19'),
(5567, 28, 867, 'pharmacies', 0, '2026-02-27 21:21:19', '2026-02-27 21:21:19'),
(5568, 28, 868, 'pharmacies', 0, '2026-02-27 21:21:19', '2026-02-27 21:21:19'),
(5569, 28, 869, 'pharmacies', 0, '2026-02-27 21:21:19', '2026-02-27 21:21:19'),
(5570, 28, 870, 'pharmacies', 0, '2026-02-27 21:21:19', '2026-02-27 21:21:19'),
(5571, 28, 871, 'pharmacies', 0, '2026-02-27 21:21:19', '2026-02-27 21:21:19'),
(5572, 28, 872, 'pharmacies', 0, '2026-02-27 21:21:19', '2026-02-27 21:21:19'),
(5573, 28, 873, 'pharmacies', 0, '2026-02-27 21:21:19', '2026-02-27 21:21:19'),
(5574, 28, 874, 'pharmacies', 0, '2026-02-27 21:21:19', '2026-02-27 21:21:19'),
(5575, 28, 875, 'pharmacies', 0, '2026-02-27 21:21:19', '2026-02-27 21:21:19'),
(5576, 28, 876, 'pharmacies', 0, '2026-02-27 21:21:19', '2026-02-27 21:21:19'),
(5577, 28, 877, 'pharmacies', 0, '2026-02-27 21:21:19', '2026-02-27 21:21:19'),
(5578, 28, 878, 'pharmacies', 0, '2026-02-27 21:21:19', '2026-02-27 21:21:19'),
(5579, 28, 879, 'pharmacies', 0, '2026-02-27 21:21:19', '2026-02-27 21:21:19'),
(5580, 28, 880, 'pharmacies', 0, '2026-02-27 21:21:19', '2026-02-27 21:21:19'),
(5581, 28, 881, 'pharmacies', 0, '2026-02-27 21:21:19', '2026-02-27 21:21:19'),
(5582, 28, 882, 'pharmacies', 0, '2026-02-27 21:21:19', '2026-02-27 21:21:19'),
(5583, 28, 883, 'pharmacies', 0, '2026-02-27 21:21:19', '2026-02-27 21:21:19'),
(5584, 28, 884, 'pharmacies', 0, '2026-02-27 21:21:19', '2026-02-27 21:21:19'),
(5585, 28, 885, 'pharmacies', 0, '2026-02-27 21:21:19', '2026-02-27 21:21:19'),
(5586, 28, 886, 'pharmacies', 0, '2026-02-27 21:21:19', '2026-02-27 21:21:19'),
(5587, 28, 853, 'grossistes', 0, '2026-02-27 21:21:19', '2026-02-27 21:21:19'),
(5588, 28, 854, 'grossistes', 0, '2026-02-27 21:21:19', '2026-02-27 21:21:19'),
(5589, 28, 855, 'grossistes', 0, '2026-02-27 21:21:19', '2026-02-27 21:21:19'),
(5590, 28, 856, 'grossistes', 0, '2026-02-27 21:21:19', '2026-02-27 21:21:19'),
(5591, 28, 857, 'grossistes', 0, '2026-02-27 21:21:19', '2026-02-27 21:21:19'),
(5592, 28, 858, 'grossistes', 0, '2026-02-27 21:21:19', '2026-02-27 21:21:19'),
(5593, 28, 859, 'grossistes', 0, '2026-02-27 21:21:19', '2026-02-27 21:21:19'),
(5594, 28, 860, 'grossistes', 0, '2026-02-27 21:21:19', '2026-02-27 21:21:19'),
(5595, 28, 861, 'grossistes', 0, '2026-02-27 21:21:19', '2026-02-27 21:21:19'),
(5596, 28, 862, 'grossistes', 0, '2026-02-27 21:21:19', '2026-02-27 21:21:19'),
(5597, 28, 863, 'grossistes', 0, '2026-02-27 21:21:19', '2026-02-27 21:21:19'),
(5598, 28, 864, 'grossistes', 0, '2026-02-27 21:21:19', '2026-02-27 21:21:19'),
(5599, 28, 865, 'grossistes', 0, '2026-02-27 21:21:19', '2026-02-27 21:21:19'),
(5600, 28, 866, 'grossistes', 0, '2026-02-27 21:21:19', '2026-02-27 21:21:19'),
(5601, 28, 867, 'grossistes', 0, '2026-02-27 21:21:19', '2026-02-27 21:21:19'),
(5602, 28, 868, 'grossistes', 0, '2026-02-27 21:21:19', '2026-02-27 21:21:19'),
(5603, 28, 869, 'grossistes', 0, '2026-02-27 21:21:19', '2026-02-27 21:21:19'),
(5604, 28, 870, 'grossistes', 0, '2026-02-27 21:21:19', '2026-02-27 21:21:19'),
(5605, 28, 871, 'grossistes', 0, '2026-02-27 21:21:19', '2026-02-27 21:21:19'),
(5606, 28, 872, 'grossistes', 0, '2026-02-27 21:21:19', '2026-02-27 21:21:19'),
(5607, 28, 873, 'grossistes', 0, '2026-02-27 21:21:19', '2026-02-27 21:21:19'),
(5608, 28, 874, 'grossistes', 0, '2026-02-27 21:21:19', '2026-02-27 21:21:19'),
(5609, 28, 875, 'grossistes', 0, '2026-02-27 21:21:19', '2026-02-27 21:21:19'),
(5610, 28, 876, 'grossistes', 0, '2026-02-27 21:21:19', '2026-02-27 21:21:19'),
(5611, 28, 877, 'grossistes', 0, '2026-02-27 21:21:19', '2026-02-27 21:21:19'),
(5612, 28, 878, 'grossistes', 0, '2026-02-27 21:21:19', '2026-02-27 21:21:19'),
(5613, 28, 879, 'grossistes', 0, '2026-02-27 21:21:19', '2026-02-27 21:21:19'),
(5614, 28, 880, 'grossistes', 0, '2026-02-27 21:21:19', '2026-02-27 21:21:19'),
(5615, 28, 881, 'grossistes', 0, '2026-02-27 21:21:19', '2026-02-27 21:21:19'),
(5616, 28, 882, 'grossistes', 0, '2026-02-27 21:21:19', '2026-02-27 21:21:19'),
(5617, 28, 883, 'grossistes', 0, '2026-02-27 21:21:19', '2026-02-27 21:21:19'),
(5618, 28, 884, 'grossistes', 0, '2026-02-27 21:21:19', '2026-02-27 21:21:19'),
(5619, 28, 885, 'grossistes', 0, '2026-02-27 21:21:19', '2026-02-27 21:21:19'),
(5620, 28, 886, 'grossistes', 0, '2026-02-27 21:21:19', '2026-02-27 21:21:19'),
(5659, 28, 751, 'pharmacies', 0, '2026-02-27 21:21:23', '2026-02-27 21:21:23'),
(5660, 28, 752, 'pharmacies', 0, '2026-02-27 21:21:23', '2026-02-27 21:21:23'),
(5661, 28, 753, 'pharmacies', 0, '2026-02-27 21:21:23', '2026-02-27 21:21:23'),
(5662, 28, 754, 'pharmacies', 0, '2026-02-27 21:21:23', '2026-02-27 21:21:23'),
(5663, 28, 755, 'pharmacies', 0, '2026-02-27 21:21:23', '2026-02-27 21:21:23'),
(5664, 28, 756, 'pharmacies', 0, '2026-02-27 21:21:23', '2026-02-27 21:21:23'),
(5665, 28, 757, 'pharmacies', 0, '2026-02-27 21:21:23', '2026-02-27 21:21:23'),
(5666, 28, 758, 'pharmacies', 0, '2026-02-27 21:21:23', '2026-02-27 21:21:23'),
(5667, 28, 759, 'pharmacies', 0, '2026-02-27 21:21:23', '2026-02-27 21:21:23'),
(5668, 28, 760, 'pharmacies', 0, '2026-02-27 21:21:23', '2026-02-27 21:21:23'),
(5669, 28, 761, 'pharmacies', 0, '2026-02-27 21:21:23', '2026-02-27 21:21:23'),
(5670, 28, 762, 'pharmacies', 0, '2026-02-27 21:21:23', '2026-02-27 21:21:23'),
(5671, 28, 763, 'pharmacies', 0, '2026-02-27 21:21:23', '2026-02-27 21:21:23'),
(5672, 28, 764, 'pharmacies', 0, '2026-02-27 21:21:23', '2026-02-27 21:21:23'),
(5673, 28, 765, 'pharmacies', 0, '2026-02-27 21:21:23', '2026-02-27 21:21:23'),
(5674, 28, 766, 'pharmacies', 0, '2026-02-27 21:21:23', '2026-02-27 21:21:23'),
(5675, 28, 767, 'pharmacies', 0, '2026-02-27 21:21:23', '2026-02-27 21:21:23'),
(5676, 28, 768, 'pharmacies', 0, '2026-02-27 21:21:23', '2026-02-27 21:21:23'),
(5677, 28, 769, 'pharmacies', 0, '2026-02-27 21:21:23', '2026-02-27 21:21:23'),
(5678, 28, 770, 'pharmacies', 0, '2026-02-27 21:21:23', '2026-02-27 21:21:23'),
(5679, 28, 771, 'pharmacies', 0, '2026-02-27 21:21:23', '2026-02-27 21:21:23'),
(5680, 28, 772, 'pharmacies', 0, '2026-02-27 21:21:23', '2026-02-27 21:21:23'),
(5681, 28, 773, 'pharmacies', 0, '2026-02-27 21:21:23', '2026-02-27 21:21:23'),
(5682, 28, 774, 'pharmacies', 0, '2026-02-27 21:21:23', '2026-02-27 21:21:23'),
(5683, 28, 775, 'pharmacies', 0, '2026-02-27 21:21:23', '2026-02-27 21:21:23'),
(5684, 28, 776, 'pharmacies', 0, '2026-02-27 21:21:23', '2026-02-27 21:21:23'),
(5685, 28, 777, 'pharmacies', 0, '2026-02-27 21:21:23', '2026-02-27 21:21:23'),
(5686, 28, 778, 'pharmacies', 0, '2026-02-27 21:21:23', '2026-02-27 21:21:23'),
(5687, 28, 779, 'pharmacies', 0, '2026-02-27 21:21:23', '2026-02-27 21:21:23'),
(5688, 28, 780, 'pharmacies', 0, '2026-02-27 21:21:23', '2026-02-27 21:21:23'),
(5689, 28, 781, 'pharmacies', 0, '2026-02-27 21:21:23', '2026-02-27 21:21:23'),
(5690, 28, 782, 'pharmacies', 0, '2026-02-27 21:21:23', '2026-02-27 21:21:23'),
(5691, 28, 783, 'pharmacies', 0, '2026-02-27 21:21:23', '2026-02-27 21:21:23'),
(5692, 28, 784, 'pharmacies', 0, '2026-02-27 21:21:23', '2026-02-27 21:21:23'),
(5693, 28, 785, 'pharmacies', 0, '2026-02-27 21:21:23', '2026-02-27 21:21:23'),
(5694, 28, 786, 'pharmacies', 0, '2026-02-27 21:21:23', '2026-02-27 21:21:23'),
(5695, 28, 787, 'pharmacies', 0, '2026-02-27 21:21:23', '2026-02-27 21:21:23'),
(5696, 28, 788, 'pharmacies', 0, '2026-02-27 21:21:23', '2026-02-27 21:21:23'),
(5697, 28, 751, 'grossistes', 0, '2026-02-27 21:21:23', '2026-02-27 21:21:23'),
(5698, 28, 752, 'grossistes', 0, '2026-02-27 21:21:23', '2026-02-27 21:21:23'),
(5699, 28, 753, 'grossistes', 0, '2026-02-27 21:21:23', '2026-02-27 21:21:23'),
(5700, 28, 754, 'grossistes', 0, '2026-02-27 21:21:23', '2026-02-27 21:21:23'),
(5701, 28, 755, 'grossistes', 0, '2026-02-27 21:21:23', '2026-02-27 21:21:23'),
(5702, 28, 756, 'grossistes', 0, '2026-02-27 21:21:23', '2026-02-27 21:21:23'),
(5703, 28, 757, 'grossistes', 0, '2026-02-27 21:21:23', '2026-02-27 21:21:23'),
(5704, 28, 758, 'grossistes', 0, '2026-02-27 21:21:23', '2026-02-27 21:21:23'),
(5705, 28, 759, 'grossistes', 0, '2026-02-27 21:21:23', '2026-02-27 21:21:23'),
(5706, 28, 760, 'grossistes', 0, '2026-02-27 21:21:23', '2026-02-27 21:21:23'),
(5707, 28, 761, 'grossistes', 0, '2026-02-27 21:21:23', '2026-02-27 21:21:23'),
(5708, 28, 762, 'grossistes', 0, '2026-02-27 21:21:23', '2026-02-27 21:21:23'),
(5709, 28, 763, 'grossistes', 0, '2026-02-27 21:21:23', '2026-02-27 21:21:23'),
(5710, 28, 764, 'grossistes', 0, '2026-02-27 21:21:23', '2026-02-27 21:21:23'),
(5711, 28, 765, 'grossistes', 0, '2026-02-27 21:21:23', '2026-02-27 21:21:23'),
(5712, 28, 766, 'grossistes', 0, '2026-02-27 21:21:23', '2026-02-27 21:21:23'),
(5713, 28, 767, 'grossistes', 0, '2026-02-27 21:21:23', '2026-02-27 21:21:23'),
(5714, 28, 768, 'grossistes', 0, '2026-02-27 21:21:23', '2026-02-27 21:21:23'),
(5715, 28, 769, 'grossistes', 0, '2026-02-27 21:21:23', '2026-02-27 21:21:23'),
(5716, 28, 770, 'grossistes', 0, '2026-02-27 21:21:23', '2026-02-27 21:21:23'),
(5717, 28, 771, 'grossistes', 0, '2026-02-27 21:21:23', '2026-02-27 21:21:23'),
(5718, 28, 772, 'grossistes', 0, '2026-02-27 21:21:23', '2026-02-27 21:21:23'),
(5719, 28, 773, 'grossistes', 0, '2026-02-27 21:21:23', '2026-02-27 21:21:23'),
(5720, 28, 774, 'grossistes', 0, '2026-02-27 21:21:23', '2026-02-27 21:21:23'),
(5721, 28, 775, 'grossistes', 0, '2026-02-27 21:21:23', '2026-02-27 21:21:23'),
(5722, 28, 776, 'grossistes', 0, '2026-02-27 21:21:23', '2026-02-27 21:21:23'),
(5723, 28, 777, 'grossistes', 0, '2026-02-27 21:21:23', '2026-02-27 21:21:23'),
(5724, 28, 778, 'grossistes', 0, '2026-02-27 21:21:23', '2026-02-27 21:21:23'),
(5725, 28, 779, 'grossistes', 0, '2026-02-27 21:21:23', '2026-02-27 21:21:23'),
(5726, 28, 780, 'grossistes', 0, '2026-02-27 21:21:23', '2026-02-27 21:21:23'),
(5727, 28, 781, 'grossistes', 0, '2026-02-27 21:21:23', '2026-02-27 21:21:23'),
(5728, 28, 782, 'grossistes', 0, '2026-02-27 21:21:23', '2026-02-27 21:21:23'),
(5729, 28, 783, 'grossistes', 0, '2026-02-27 21:21:23', '2026-02-27 21:21:23'),
(5730, 28, 784, 'grossistes', 0, '2026-02-27 21:21:23', '2026-02-27 21:21:23'),
(5731, 28, 785, 'grossistes', 0, '2026-02-27 21:21:23', '2026-02-27 21:21:23'),
(5732, 28, 786, 'grossistes', 0, '2026-02-27 21:21:23', '2026-02-27 21:21:23'),
(5733, 28, 787, 'grossistes', 0, '2026-02-27 21:21:23', '2026-02-27 21:21:23'),
(5734, 28, 788, 'grossistes', 0, '2026-02-27 21:21:23', '2026-02-27 21:21:23'),
(5761, 28, 1329, 'pharmacies', 0, '2026-02-27 21:21:28', '2026-02-27 21:21:28'),
(5762, 28, 1330, 'pharmacies', 0, '2026-02-27 21:21:28', '2026-02-27 21:21:28'),
(5763, 28, 1331, 'pharmacies', 0, '2026-02-27 21:21:28', '2026-02-27 21:21:28'),
(5764, 28, 1332, 'pharmacies', 0, '2026-02-27 21:21:28', '2026-02-27 21:21:28'),
(5765, 28, 1333, 'pharmacies', 0, '2026-02-27 21:21:28', '2026-02-27 21:21:28'),
(5766, 28, 1334, 'pharmacies', 0, '2026-02-27 21:21:28', '2026-02-27 21:21:28'),
(5767, 28, 1335, 'pharmacies', 0, '2026-02-27 21:21:28', '2026-02-27 21:21:28'),
(5768, 28, 1336, 'pharmacies', 0, '2026-02-27 21:21:28', '2026-02-27 21:21:28'),
(5769, 28, 1337, 'pharmacies', 0, '2026-02-27 21:21:28', '2026-02-27 21:21:28'),
(5770, 28, 1338, 'pharmacies', 0, '2026-02-27 21:21:28', '2026-02-27 21:21:28'),
(5771, 28, 1339, 'pharmacies', 0, '2026-02-27 21:21:28', '2026-02-27 21:21:28'),
(5772, 28, 1340, 'pharmacies', 0, '2026-02-27 21:21:28', '2026-02-27 21:21:28'),
(5773, 28, 1341, 'pharmacies', 0, '2026-02-27 21:21:28', '2026-02-27 21:21:28'),
(5774, 28, 1342, 'pharmacies', 0, '2026-02-27 21:21:28', '2026-02-27 21:21:28'),
(5775, 28, 1343, 'pharmacies', 0, '2026-02-27 21:21:28', '2026-02-27 21:21:28'),
(5776, 28, 1344, 'pharmacies', 0, '2026-02-27 21:21:28', '2026-02-27 21:21:28'),
(5777, 28, 1345, 'pharmacies', 0, '2026-02-27 21:21:28', '2026-02-27 21:21:28'),
(5778, 28, 1346, 'pharmacies', 0, '2026-02-27 21:21:28', '2026-02-27 21:21:28'),
(5779, 28, 1347, 'pharmacies', 0, '2026-02-27 21:21:28', '2026-02-27 21:21:28'),
(5780, 28, 1348, 'pharmacies', 0, '2026-02-27 21:21:28', '2026-02-27 21:21:28'),
(5781, 28, 1349, 'pharmacies', 0, '2026-02-27 21:21:28', '2026-02-27 21:21:28'),
(5782, 28, 1350, 'pharmacies', 0, '2026-02-27 21:21:28', '2026-02-27 21:21:28'),
(5783, 28, 1351, 'pharmacies', 0, '2026-02-27 21:21:28', '2026-02-27 21:21:28'),
(5784, 28, 1352, 'pharmacies', 0, '2026-02-27 21:21:28', '2026-02-27 21:21:28'),
(5785, 28, 1353, 'pharmacies', 0, '2026-02-27 21:21:28', '2026-02-27 21:21:28'),
(5786, 28, 1354, 'pharmacies', 0, '2026-02-27 21:21:28', '2026-02-27 21:21:28'),
(5787, 28, 1329, 'grossistes', 0, '2026-02-27 21:21:28', '2026-02-27 21:21:28'),
(5788, 28, 1330, 'grossistes', 0, '2026-02-27 21:21:28', '2026-02-27 21:21:28'),
(5789, 28, 1331, 'grossistes', 0, '2026-02-27 21:21:28', '2026-02-27 21:21:28'),
(5790, 28, 1332, 'grossistes', 0, '2026-02-27 21:21:28', '2026-02-27 21:21:28'),
(5791, 28, 1333, 'grossistes', 0, '2026-02-27 21:21:28', '2026-02-27 21:21:28'),
(5792, 28, 1334, 'grossistes', 0, '2026-02-27 21:21:28', '2026-02-27 21:21:28'),
(5793, 28, 1335, 'grossistes', 0, '2026-02-27 21:21:28', '2026-02-27 21:21:28'),
(5794, 28, 1336, 'grossistes', 0, '2026-02-27 21:21:28', '2026-02-27 21:21:28'),
(5795, 28, 1337, 'grossistes', 0, '2026-02-27 21:21:28', '2026-02-27 21:21:28'),
(5796, 28, 1338, 'grossistes', 0, '2026-02-27 21:21:28', '2026-02-27 21:21:28'),
(5797, 28, 1339, 'grossistes', 0, '2026-02-27 21:21:28', '2026-02-27 21:21:28'),
(5798, 28, 1340, 'grossistes', 0, '2026-02-27 21:21:28', '2026-02-27 21:21:28'),
(5799, 28, 1341, 'grossistes', 0, '2026-02-27 21:21:28', '2026-02-27 21:21:28'),
(5800, 28, 1342, 'grossistes', 0, '2026-02-27 21:21:28', '2026-02-27 21:21:28'),
(5801, 28, 1343, 'grossistes', 0, '2026-02-27 21:21:28', '2026-02-27 21:21:28'),
(5802, 28, 1344, 'grossistes', 0, '2026-02-27 21:21:28', '2026-02-27 21:21:28'),
(5803, 28, 1345, 'grossistes', 0, '2026-02-27 21:21:28', '2026-02-27 21:21:28'),
(5804, 28, 1346, 'grossistes', 0, '2026-02-27 21:21:28', '2026-02-27 21:21:28'),
(5805, 28, 1347, 'grossistes', 0, '2026-02-27 21:21:28', '2026-02-27 21:21:28'),
(5806, 28, 1348, 'grossistes', 0, '2026-02-27 21:21:28', '2026-02-27 21:21:28'),
(5807, 28, 1349, 'grossistes', 0, '2026-02-27 21:21:28', '2026-02-27 21:21:28'),
(5808, 28, 1350, 'grossistes', 0, '2026-02-27 21:21:28', '2026-02-27 21:21:28'),
(5809, 28, 1351, 'grossistes', 0, '2026-02-27 21:21:28', '2026-02-27 21:21:28'),
(5810, 28, 1352, 'grossistes', 0, '2026-02-27 21:21:28', '2026-02-27 21:21:28'),
(5811, 28, 1353, 'grossistes', 0, '2026-02-27 21:21:28', '2026-02-27 21:21:28'),
(5812, 28, 1354, 'grossistes', 0, '2026-02-27 21:21:28', '2026-02-27 21:21:28'),
(6201, 28, 364, 'pharmacies', 0, '2026-02-27 21:21:51', '2026-02-27 21:21:51'),
(6202, 28, 365, 'pharmacies', 0, '2026-02-27 21:21:51', '2026-02-27 21:21:51'),
(6203, 28, 366, 'pharmacies', 0, '2026-02-27 21:21:51', '2026-02-27 21:21:51'),
(6204, 28, 367, 'pharmacies', 0, '2026-02-27 21:21:51', '2026-02-27 21:21:51'),
(6205, 28, 368, 'pharmacies', 0, '2026-02-27 21:21:51', '2026-02-27 21:21:51'),
(6206, 28, 369, 'pharmacies', 0, '2026-02-27 21:21:51', '2026-02-27 21:21:51'),
(6207, 28, 370, 'pharmacies', 0, '2026-02-27 21:21:51', '2026-02-27 21:21:51'),
(6208, 28, 371, 'pharmacies', 0, '2026-02-27 21:21:51', '2026-02-27 21:21:51'),
(6209, 28, 372, 'pharmacies', 0, '2026-02-27 21:21:51', '2026-02-27 21:21:51'),
(6210, 28, 373, 'pharmacies', 0, '2026-02-27 21:21:51', '2026-02-27 21:21:51'),
(6211, 28, 374, 'pharmacies', 0, '2026-02-27 21:21:51', '2026-02-27 21:21:51'),
(6212, 28, 375, 'pharmacies', 0, '2026-02-27 21:21:51', '2026-02-27 21:21:51'),
(6213, 28, 376, 'pharmacies', 0, '2026-02-27 21:21:51', '2026-02-27 21:21:51'),
(6214, 28, 377, 'pharmacies', 0, '2026-02-27 21:21:51', '2026-02-27 21:21:51'),
(6215, 28, 378, 'pharmacies', 0, '2026-02-27 21:21:51', '2026-02-27 21:21:51'),
(6216, 28, 379, 'pharmacies', 0, '2026-02-27 21:21:51', '2026-02-27 21:21:51'),
(6217, 28, 380, 'pharmacies', 0, '2026-02-27 21:21:51', '2026-02-27 21:21:51'),
(6218, 28, 381, 'pharmacies', 0, '2026-02-27 21:21:51', '2026-02-27 21:21:51'),
(6219, 28, 382, 'pharmacies', 0, '2026-02-27 21:21:51', '2026-02-27 21:21:51'),
(6220, 28, 383, 'pharmacies', 0, '2026-02-27 21:21:51', '2026-02-27 21:21:51'),
(6221, 28, 384, 'pharmacies', 0, '2026-02-27 21:21:51', '2026-02-27 21:21:51'),
(6222, 28, 385, 'pharmacies', 0, '2026-02-27 21:21:51', '2026-02-27 21:21:51'),
(6223, 28, 386, 'pharmacies', 0, '2026-02-27 21:21:51', '2026-02-27 21:21:51'),
(6224, 28, 387, 'pharmacies', 0, '2026-02-27 21:21:51', '2026-02-27 21:21:51'),
(6225, 28, 388, 'pharmacies', 0, '2026-02-27 21:21:51', '2026-02-27 21:21:51'),
(6226, 28, 389, 'pharmacies', 0, '2026-02-27 21:21:51', '2026-02-27 21:21:51'),
(6227, 28, 390, 'pharmacies', 0, '2026-02-27 21:21:51', '2026-02-27 21:21:51'),
(6228, 28, 391, 'pharmacies', 0, '2026-02-27 21:21:51', '2026-02-27 21:21:51');
INSERT INTO `organisation_node_unit_territories` (`id`, `organisation_node_unit_id`, `commune_id`, `cible`, `is_suggested`, `created_at`, `updated_at`) VALUES
(6229, 28, 364, 'grossistes', 0, '2026-02-27 21:21:51', '2026-02-27 21:21:51'),
(6230, 28, 365, 'grossistes', 0, '2026-02-27 21:21:51', '2026-02-27 21:21:51'),
(6231, 28, 366, 'grossistes', 0, '2026-02-27 21:21:51', '2026-02-27 21:21:51'),
(6232, 28, 367, 'grossistes', 0, '2026-02-27 21:21:51', '2026-02-27 21:21:51'),
(6233, 28, 368, 'grossistes', 0, '2026-02-27 21:21:51', '2026-02-27 21:21:51'),
(6234, 28, 369, 'grossistes', 0, '2026-02-27 21:21:51', '2026-02-27 21:21:51'),
(6235, 28, 370, 'grossistes', 0, '2026-02-27 21:21:51', '2026-02-27 21:21:51'),
(6236, 28, 371, 'grossistes', 0, '2026-02-27 21:21:51', '2026-02-27 21:21:51'),
(6237, 28, 372, 'grossistes', 0, '2026-02-27 21:21:51', '2026-02-27 21:21:51'),
(6238, 28, 373, 'grossistes', 0, '2026-02-27 21:21:51', '2026-02-27 21:21:51'),
(6239, 28, 374, 'grossistes', 0, '2026-02-27 21:21:51', '2026-02-27 21:21:51'),
(6240, 28, 375, 'grossistes', 0, '2026-02-27 21:21:51', '2026-02-27 21:21:51'),
(6241, 28, 376, 'grossistes', 0, '2026-02-27 21:21:51', '2026-02-27 21:21:51'),
(6242, 28, 377, 'grossistes', 0, '2026-02-27 21:21:51', '2026-02-27 21:21:51'),
(6243, 28, 378, 'grossistes', 0, '2026-02-27 21:21:51', '2026-02-27 21:21:51'),
(6244, 28, 379, 'grossistes', 0, '2026-02-27 21:21:51', '2026-02-27 21:21:51'),
(6245, 28, 380, 'grossistes', 0, '2026-02-27 21:21:51', '2026-02-27 21:21:51'),
(6246, 28, 381, 'grossistes', 0, '2026-02-27 21:21:51', '2026-02-27 21:21:51'),
(6247, 28, 382, 'grossistes', 0, '2026-02-27 21:21:51', '2026-02-27 21:21:51'),
(6248, 28, 383, 'grossistes', 0, '2026-02-27 21:21:51', '2026-02-27 21:21:51'),
(6249, 28, 384, 'grossistes', 0, '2026-02-27 21:21:51', '2026-02-27 21:21:51'),
(6250, 28, 385, 'grossistes', 0, '2026-02-27 21:21:51', '2026-02-27 21:21:51'),
(6251, 28, 386, 'grossistes', 0, '2026-02-27 21:21:51', '2026-02-27 21:21:51'),
(6252, 28, 387, 'grossistes', 0, '2026-02-27 21:21:51', '2026-02-27 21:21:51'),
(6253, 28, 388, 'grossistes', 0, '2026-02-27 21:21:51', '2026-02-27 21:21:51'),
(6254, 28, 389, 'grossistes', 0, '2026-02-27 21:21:51', '2026-02-27 21:21:51'),
(6255, 28, 390, 'grossistes', 0, '2026-02-27 21:21:51', '2026-02-27 21:21:51'),
(6256, 28, 391, 'grossistes', 0, '2026-02-27 21:21:51', '2026-02-27 21:21:51'),
(7170, 46, 392, 'medecins', 0, '2026-02-27 22:25:13', '2026-02-27 22:25:13'),
(7171, 46, 393, 'medecins', 0, '2026-02-27 22:25:13', '2026-02-27 22:25:13'),
(7172, 46, 394, 'medecins', 0, '2026-02-27 22:25:13', '2026-02-27 22:25:13'),
(7173, 46, 395, 'medecins', 0, '2026-02-27 22:25:13', '2026-02-27 22:25:13'),
(7174, 46, 396, 'medecins', 0, '2026-02-27 22:25:13', '2026-02-27 22:25:13'),
(7175, 46, 397, 'medecins', 0, '2026-02-27 22:25:13', '2026-02-27 22:25:13'),
(7176, 46, 398, 'medecins', 0, '2026-02-27 22:25:13', '2026-02-27 22:25:13'),
(7177, 46, 399, 'medecins', 0, '2026-02-27 22:25:13', '2026-02-27 22:25:13'),
(7178, 46, 400, 'medecins', 0, '2026-02-27 22:25:13', '2026-02-27 22:25:13'),
(7179, 46, 401, 'medecins', 0, '2026-02-27 22:25:13', '2026-02-27 22:25:13'),
(7180, 46, 402, 'medecins', 0, '2026-02-27 22:25:13', '2026-02-27 22:25:13'),
(7181, 46, 403, 'medecins', 0, '2026-02-27 22:25:13', '2026-02-27 22:25:13'),
(7182, 46, 404, 'medecins', 0, '2026-02-27 22:25:13', '2026-02-27 22:25:13'),
(7183, 46, 405, 'medecins', 0, '2026-02-27 22:25:13', '2026-02-27 22:25:13'),
(7184, 46, 406, 'medecins', 0, '2026-02-27 22:25:13', '2026-02-27 22:25:13'),
(7185, 46, 407, 'medecins', 0, '2026-02-27 22:25:13', '2026-02-27 22:25:13'),
(7186, 46, 408, 'medecins', 0, '2026-02-27 22:25:13', '2026-02-27 22:25:13'),
(7187, 46, 409, 'medecins', 0, '2026-02-27 22:25:13', '2026-02-27 22:25:13'),
(7188, 46, 410, 'medecins', 0, '2026-02-27 22:25:13', '2026-02-27 22:25:13'),
(7189, 46, 411, 'medecins', 0, '2026-02-27 22:25:13', '2026-02-27 22:25:13'),
(7190, 46, 412, 'medecins', 0, '2026-02-27 22:25:13', '2026-02-27 22:25:13'),
(7191, 46, 413, 'medecins', 0, '2026-02-27 22:25:13', '2026-02-27 22:25:13'),
(7192, 46, 414, 'medecins', 0, '2026-02-27 22:25:13', '2026-02-27 22:25:13'),
(7193, 46, 415, 'medecins', 0, '2026-02-27 22:25:13', '2026-02-27 22:25:13'),
(7194, 46, 416, 'medecins', 0, '2026-02-27 22:25:13', '2026-02-27 22:25:13'),
(7195, 46, 417, 'medecins', 0, '2026-02-27 22:25:13', '2026-02-27 22:25:13'),
(7196, 46, 418, 'medecins', 0, '2026-02-27 22:25:13', '2026-02-27 22:25:13'),
(7197, 46, 419, 'medecins', 0, '2026-02-27 22:25:13', '2026-02-27 22:25:13'),
(7198, 46, 420, 'medecins', 0, '2026-02-27 22:25:13', '2026-02-27 22:25:13'),
(7199, 46, 421, 'medecins', 0, '2026-02-27 22:25:13', '2026-02-27 22:25:13'),
(7200, 46, 422, 'medecins', 0, '2026-02-27 22:25:13', '2026-02-27 22:25:13'),
(7201, 46, 423, 'medecins', 0, '2026-02-27 22:25:13', '2026-02-27 22:25:13'),
(7202, 46, 424, 'medecins', 0, '2026-02-27 22:25:13', '2026-02-27 22:25:13'),
(7203, 46, 425, 'medecins', 0, '2026-02-27 22:25:13', '2026-02-27 22:25:13'),
(7204, 46, 426, 'medecins', 0, '2026-02-27 22:25:13', '2026-02-27 22:25:13'),
(7205, 46, 427, 'medecins', 0, '2026-02-27 22:25:13', '2026-02-27 22:25:13'),
(7206, 46, 428, 'medecins', 0, '2026-02-27 22:25:13', '2026-02-27 22:25:13'),
(7207, 46, 429, 'medecins', 0, '2026-02-27 22:25:13', '2026-02-27 22:25:13'),
(7208, 46, 430, 'medecins', 0, '2026-02-27 22:25:13', '2026-02-27 22:25:13'),
(7209, 46, 431, 'medecins', 0, '2026-02-27 22:25:13', '2026-02-27 22:25:13'),
(7210, 46, 432, 'medecins', 0, '2026-02-27 22:25:13', '2026-02-27 22:25:13'),
(7211, 46, 433, 'medecins', 0, '2026-02-27 22:25:13', '2026-02-27 22:25:13'),
(7212, 46, 434, 'medecins', 0, '2026-02-27 22:25:13', '2026-02-27 22:25:13'),
(7213, 46, 435, 'medecins', 0, '2026-02-27 22:25:13', '2026-02-27 22:25:13'),
(7214, 46, 436, 'medecins', 0, '2026-02-27 22:25:13', '2026-02-27 22:25:13'),
(7215, 46, 437, 'medecins', 0, '2026-02-27 22:25:13', '2026-02-27 22:25:13'),
(7216, 46, 438, 'medecins', 0, '2026-02-27 22:25:13', '2026-02-27 22:25:13'),
(7217, 46, 439, 'medecins', 0, '2026-02-27 22:25:13', '2026-02-27 22:25:13'),
(7218, 46, 440, 'medecins', 0, '2026-02-27 22:25:13', '2026-02-27 22:25:13'),
(7219, 46, 441, 'medecins', 0, '2026-02-27 22:25:13', '2026-02-27 22:25:13'),
(7220, 46, 442, 'medecins', 0, '2026-02-27 22:25:13', '2026-02-27 22:25:13'),
(7221, 46, 443, 'medecins', 0, '2026-02-27 22:25:13', '2026-02-27 22:25:13'),
(7222, 46, 444, 'medecins', 0, '2026-02-27 22:25:13', '2026-02-27 22:25:13'),
(7223, 46, 392, 'pharmacies', 0, '2026-02-27 22:25:13', '2026-02-27 22:25:13'),
(7224, 46, 393, 'pharmacies', 0, '2026-02-27 22:25:13', '2026-02-27 22:25:13'),
(7225, 46, 394, 'pharmacies', 0, '2026-02-27 22:25:13', '2026-02-27 22:25:13'),
(7226, 46, 395, 'pharmacies', 0, '2026-02-27 22:25:13', '2026-02-27 22:25:13'),
(7227, 46, 396, 'pharmacies', 0, '2026-02-27 22:25:13', '2026-02-27 22:25:13'),
(7228, 46, 397, 'pharmacies', 0, '2026-02-27 22:25:13', '2026-02-27 22:25:13'),
(7229, 46, 398, 'pharmacies', 0, '2026-02-27 22:25:13', '2026-02-27 22:25:13'),
(7230, 46, 399, 'pharmacies', 0, '2026-02-27 22:25:13', '2026-02-27 22:25:13'),
(7231, 46, 400, 'pharmacies', 0, '2026-02-27 22:25:13', '2026-02-27 22:25:13'),
(7232, 46, 401, 'pharmacies', 0, '2026-02-27 22:25:13', '2026-02-27 22:25:13'),
(7233, 46, 402, 'pharmacies', 0, '2026-02-27 22:25:13', '2026-02-27 22:25:13'),
(7234, 46, 403, 'pharmacies', 0, '2026-02-27 22:25:13', '2026-02-27 22:25:13'),
(7235, 46, 404, 'pharmacies', 0, '2026-02-27 22:25:13', '2026-02-27 22:25:13'),
(7236, 46, 405, 'pharmacies', 0, '2026-02-27 22:25:13', '2026-02-27 22:25:13'),
(7237, 46, 406, 'pharmacies', 0, '2026-02-27 22:25:13', '2026-02-27 22:25:13'),
(7238, 46, 407, 'pharmacies', 0, '2026-02-27 22:25:13', '2026-02-27 22:25:13'),
(7239, 46, 408, 'pharmacies', 0, '2026-02-27 22:25:13', '2026-02-27 22:25:13'),
(7240, 46, 409, 'pharmacies', 0, '2026-02-27 22:25:13', '2026-02-27 22:25:13'),
(7241, 46, 410, 'pharmacies', 0, '2026-02-27 22:25:13', '2026-02-27 22:25:13'),
(7242, 46, 411, 'pharmacies', 0, '2026-02-27 22:25:13', '2026-02-27 22:25:13'),
(7243, 46, 412, 'pharmacies', 0, '2026-02-27 22:25:13', '2026-02-27 22:25:13'),
(7244, 46, 413, 'pharmacies', 0, '2026-02-27 22:25:13', '2026-02-27 22:25:13'),
(7245, 46, 414, 'pharmacies', 0, '2026-02-27 22:25:13', '2026-02-27 22:25:13'),
(7246, 46, 415, 'pharmacies', 0, '2026-02-27 22:25:13', '2026-02-27 22:25:13'),
(7247, 46, 416, 'pharmacies', 0, '2026-02-27 22:25:13', '2026-02-27 22:25:13'),
(7248, 46, 417, 'pharmacies', 0, '2026-02-27 22:25:13', '2026-02-27 22:25:13'),
(7249, 46, 418, 'pharmacies', 0, '2026-02-27 22:25:13', '2026-02-27 22:25:13'),
(7250, 46, 419, 'pharmacies', 0, '2026-02-27 22:25:13', '2026-02-27 22:25:13'),
(7251, 46, 420, 'pharmacies', 0, '2026-02-27 22:25:13', '2026-02-27 22:25:13'),
(7252, 46, 421, 'pharmacies', 0, '2026-02-27 22:25:13', '2026-02-27 22:25:13'),
(7253, 46, 422, 'pharmacies', 0, '2026-02-27 22:25:13', '2026-02-27 22:25:13'),
(7254, 46, 423, 'pharmacies', 0, '2026-02-27 22:25:13', '2026-02-27 22:25:13'),
(7255, 46, 424, 'pharmacies', 0, '2026-02-27 22:25:13', '2026-02-27 22:25:13'),
(7256, 46, 425, 'pharmacies', 0, '2026-02-27 22:25:13', '2026-02-27 22:25:13'),
(7257, 46, 426, 'pharmacies', 0, '2026-02-27 22:25:13', '2026-02-27 22:25:13'),
(7258, 46, 427, 'pharmacies', 0, '2026-02-27 22:25:13', '2026-02-27 22:25:13'),
(7259, 46, 428, 'pharmacies', 0, '2026-02-27 22:25:13', '2026-02-27 22:25:13'),
(7260, 46, 429, 'pharmacies', 0, '2026-02-27 22:25:13', '2026-02-27 22:25:13'),
(7261, 46, 430, 'pharmacies', 0, '2026-02-27 22:25:13', '2026-02-27 22:25:13'),
(7262, 46, 431, 'pharmacies', 0, '2026-02-27 22:25:13', '2026-02-27 22:25:13'),
(7263, 46, 432, 'pharmacies', 0, '2026-02-27 22:25:13', '2026-02-27 22:25:13'),
(7264, 46, 433, 'pharmacies', 0, '2026-02-27 22:25:13', '2026-02-27 22:25:13'),
(7265, 46, 434, 'pharmacies', 0, '2026-02-27 22:25:13', '2026-02-27 22:25:13'),
(7266, 46, 435, 'pharmacies', 0, '2026-02-27 22:25:13', '2026-02-27 22:25:13'),
(7267, 46, 436, 'pharmacies', 0, '2026-02-27 22:25:13', '2026-02-27 22:25:13'),
(7268, 46, 437, 'pharmacies', 0, '2026-02-27 22:25:13', '2026-02-27 22:25:13'),
(7269, 46, 438, 'pharmacies', 0, '2026-02-27 22:25:13', '2026-02-27 22:25:13'),
(7270, 46, 439, 'pharmacies', 0, '2026-02-27 22:25:13', '2026-02-27 22:25:13'),
(7271, 46, 440, 'pharmacies', 0, '2026-02-27 22:25:13', '2026-02-27 22:25:13'),
(7272, 46, 441, 'pharmacies', 0, '2026-02-27 22:25:13', '2026-02-27 22:25:13'),
(7273, 46, 442, 'pharmacies', 0, '2026-02-27 22:25:13', '2026-02-27 22:25:13'),
(7274, 46, 443, 'pharmacies', 0, '2026-02-27 22:25:13', '2026-02-27 22:25:13'),
(7275, 46, 444, 'pharmacies', 0, '2026-02-27 22:25:13', '2026-02-27 22:25:13'),
(7276, 46, 392, 'grossistes', 0, '2026-02-27 22:25:13', '2026-02-27 22:25:13'),
(7277, 46, 393, 'grossistes', 0, '2026-02-27 22:25:13', '2026-02-27 22:25:13'),
(7278, 46, 394, 'grossistes', 0, '2026-02-27 22:25:13', '2026-02-27 22:25:13'),
(7279, 46, 395, 'grossistes', 0, '2026-02-27 22:25:13', '2026-02-27 22:25:13'),
(7280, 46, 396, 'grossistes', 0, '2026-02-27 22:25:13', '2026-02-27 22:25:13'),
(7281, 46, 397, 'grossistes', 0, '2026-02-27 22:25:13', '2026-02-27 22:25:13'),
(7282, 46, 398, 'grossistes', 0, '2026-02-27 22:25:13', '2026-02-27 22:25:13'),
(7283, 46, 399, 'grossistes', 0, '2026-02-27 22:25:13', '2026-02-27 22:25:13'),
(7284, 46, 400, 'grossistes', 0, '2026-02-27 22:25:13', '2026-02-27 22:25:13'),
(7285, 46, 401, 'grossistes', 0, '2026-02-27 22:25:13', '2026-02-27 22:25:13'),
(7286, 46, 402, 'grossistes', 0, '2026-02-27 22:25:13', '2026-02-27 22:25:13'),
(7287, 46, 403, 'grossistes', 0, '2026-02-27 22:25:13', '2026-02-27 22:25:13'),
(7288, 46, 404, 'grossistes', 0, '2026-02-27 22:25:13', '2026-02-27 22:25:13'),
(7289, 46, 405, 'grossistes', 0, '2026-02-27 22:25:13', '2026-02-27 22:25:13'),
(7290, 46, 406, 'grossistes', 0, '2026-02-27 22:25:13', '2026-02-27 22:25:13'),
(7291, 46, 407, 'grossistes', 0, '2026-02-27 22:25:13', '2026-02-27 22:25:13'),
(7292, 46, 408, 'grossistes', 0, '2026-02-27 22:25:13', '2026-02-27 22:25:13'),
(7293, 46, 409, 'grossistes', 0, '2026-02-27 22:25:13', '2026-02-27 22:25:13'),
(7294, 46, 410, 'grossistes', 0, '2026-02-27 22:25:13', '2026-02-27 22:25:13'),
(7295, 46, 411, 'grossistes', 0, '2026-02-27 22:25:13', '2026-02-27 22:25:13'),
(7296, 46, 412, 'grossistes', 0, '2026-02-27 22:25:13', '2026-02-27 22:25:13'),
(7297, 46, 413, 'grossistes', 0, '2026-02-27 22:25:13', '2026-02-27 22:25:13'),
(7298, 46, 414, 'grossistes', 0, '2026-02-27 22:25:13', '2026-02-27 22:25:13'),
(7299, 46, 415, 'grossistes', 0, '2026-02-27 22:25:13', '2026-02-27 22:25:13'),
(7300, 46, 416, 'grossistes', 0, '2026-02-27 22:25:13', '2026-02-27 22:25:13'),
(7301, 46, 417, 'grossistes', 0, '2026-02-27 22:25:13', '2026-02-27 22:25:13'),
(7302, 46, 418, 'grossistes', 0, '2026-02-27 22:25:13', '2026-02-27 22:25:13'),
(7303, 46, 419, 'grossistes', 0, '2026-02-27 22:25:13', '2026-02-27 22:25:13'),
(7304, 46, 420, 'grossistes', 0, '2026-02-27 22:25:13', '2026-02-27 22:25:13'),
(7305, 46, 421, 'grossistes', 0, '2026-02-27 22:25:13', '2026-02-27 22:25:13'),
(7306, 46, 422, 'grossistes', 0, '2026-02-27 22:25:13', '2026-02-27 22:25:13'),
(7307, 46, 423, 'grossistes', 0, '2026-02-27 22:25:13', '2026-02-27 22:25:13'),
(7308, 46, 424, 'grossistes', 0, '2026-02-27 22:25:13', '2026-02-27 22:25:13'),
(7309, 46, 425, 'grossistes', 0, '2026-02-27 22:25:13', '2026-02-27 22:25:13'),
(7310, 46, 426, 'grossistes', 0, '2026-02-27 22:25:13', '2026-02-27 22:25:13'),
(7311, 46, 427, 'grossistes', 0, '2026-02-27 22:25:13', '2026-02-27 22:25:13'),
(7312, 46, 428, 'grossistes', 0, '2026-02-27 22:25:13', '2026-02-27 22:25:13'),
(7313, 46, 429, 'grossistes', 0, '2026-02-27 22:25:13', '2026-02-27 22:25:13'),
(7314, 46, 430, 'grossistes', 0, '2026-02-27 22:25:13', '2026-02-27 22:25:13'),
(7315, 46, 431, 'grossistes', 0, '2026-02-27 22:25:13', '2026-02-27 22:25:13'),
(7316, 46, 432, 'grossistes', 0, '2026-02-27 22:25:13', '2026-02-27 22:25:13'),
(7317, 46, 433, 'grossistes', 0, '2026-02-27 22:25:13', '2026-02-27 22:25:13'),
(7318, 46, 434, 'grossistes', 0, '2026-02-27 22:25:13', '2026-02-27 22:25:13'),
(7319, 46, 435, 'grossistes', 0, '2026-02-27 22:25:13', '2026-02-27 22:25:13'),
(7320, 46, 436, 'grossistes', 0, '2026-02-27 22:25:13', '2026-02-27 22:25:13'),
(7321, 46, 437, 'grossistes', 0, '2026-02-27 22:25:13', '2026-02-27 22:25:13'),
(7322, 46, 438, 'grossistes', 0, '2026-02-27 22:25:13', '2026-02-27 22:25:13'),
(7323, 46, 439, 'grossistes', 0, '2026-02-27 22:25:13', '2026-02-27 22:25:13'),
(7324, 46, 440, 'grossistes', 0, '2026-02-27 22:25:13', '2026-02-27 22:25:13'),
(7325, 46, 441, 'grossistes', 0, '2026-02-27 22:25:13', '2026-02-27 22:25:13'),
(7326, 46, 442, 'grossistes', 0, '2026-02-27 22:25:13', '2026-02-27 22:25:13'),
(7327, 46, 443, 'grossistes', 0, '2026-02-27 22:25:13', '2026-02-27 22:25:13'),
(7328, 46, 444, 'grossistes', 0, '2026-02-27 22:25:13', '2026-02-27 22:25:13'),
(7329, 46, 1042, 'medecins', 0, '2026-02-27 22:25:18', '2026-02-27 22:25:18'),
(7330, 46, 1043, 'medecins', 0, '2026-02-27 22:25:18', '2026-02-27 22:25:18'),
(7331, 46, 1044, 'medecins', 0, '2026-02-27 22:25:18', '2026-02-27 22:25:18'),
(7332, 46, 1045, 'medecins', 0, '2026-02-27 22:25:18', '2026-02-27 22:25:18'),
(7333, 46, 1046, 'medecins', 0, '2026-02-27 22:25:18', '2026-02-27 22:25:18'),
(7334, 46, 1047, 'medecins', 0, '2026-02-27 22:25:18', '2026-02-27 22:25:18'),
(7335, 46, 1048, 'medecins', 0, '2026-02-27 22:25:18', '2026-02-27 22:25:18'),
(7336, 46, 1049, 'medecins', 0, '2026-02-27 22:25:18', '2026-02-27 22:25:18'),
(7337, 46, 1050, 'medecins', 0, '2026-02-27 22:25:18', '2026-02-27 22:25:18'),
(7338, 46, 1051, 'medecins', 0, '2026-02-27 22:25:18', '2026-02-27 22:25:18'),
(7339, 46, 1052, 'medecins', 0, '2026-02-27 22:25:18', '2026-02-27 22:25:18'),
(7340, 46, 1053, 'medecins', 0, '2026-02-27 22:25:18', '2026-02-27 22:25:18'),
(7341, 46, 1054, 'medecins', 0, '2026-02-27 22:25:18', '2026-02-27 22:25:18'),
(7342, 46, 1055, 'medecins', 0, '2026-02-27 22:25:18', '2026-02-27 22:25:18'),
(7343, 46, 1056, 'medecins', 0, '2026-02-27 22:25:18', '2026-02-27 22:25:18'),
(7344, 46, 1057, 'medecins', 0, '2026-02-27 22:25:18', '2026-02-27 22:25:18'),
(7345, 46, 1058, 'medecins', 0, '2026-02-27 22:25:18', '2026-02-27 22:25:18'),
(7346, 46, 1059, 'medecins', 0, '2026-02-27 22:25:18', '2026-02-27 22:25:18'),
(7347, 46, 1060, 'medecins', 0, '2026-02-27 22:25:18', '2026-02-27 22:25:18'),
(7348, 46, 1061, 'medecins', 0, '2026-02-27 22:25:18', '2026-02-27 22:25:18'),
(7349, 46, 1062, 'medecins', 0, '2026-02-27 22:25:18', '2026-02-27 22:25:18'),
(7350, 46, 1063, 'medecins', 0, '2026-02-27 22:25:18', '2026-02-27 22:25:18'),
(7351, 46, 1064, 'medecins', 0, '2026-02-27 22:25:18', '2026-02-27 22:25:18'),
(7352, 46, 1065, 'medecins', 0, '2026-02-27 22:25:18', '2026-02-27 22:25:18'),
(7353, 46, 1066, 'medecins', 0, '2026-02-27 22:25:18', '2026-02-27 22:25:18'),
(7354, 46, 1067, 'medecins', 0, '2026-02-27 22:25:18', '2026-02-27 22:25:18'),
(7355, 46, 1068, 'medecins', 0, '2026-02-27 22:25:18', '2026-02-27 22:25:18'),
(7356, 46, 1069, 'medecins', 0, '2026-02-27 22:25:18', '2026-02-27 22:25:18'),
(7357, 46, 1070, 'medecins', 0, '2026-02-27 22:25:18', '2026-02-27 22:25:18'),
(7358, 46, 1071, 'medecins', 0, '2026-02-27 22:25:18', '2026-02-27 22:25:18'),
(7359, 46, 1072, 'medecins', 0, '2026-02-27 22:25:18', '2026-02-27 22:25:18'),
(7360, 46, 1073, 'medecins', 0, '2026-02-27 22:25:18', '2026-02-27 22:25:18'),
(7361, 46, 1074, 'medecins', 0, '2026-02-27 22:25:18', '2026-02-27 22:25:18'),
(7362, 46, 1075, 'medecins', 0, '2026-02-27 22:25:18', '2026-02-27 22:25:18'),
(7363, 46, 1076, 'medecins', 0, '2026-02-27 22:25:18', '2026-02-27 22:25:18'),
(7364, 46, 1077, 'medecins', 0, '2026-02-27 22:25:18', '2026-02-27 22:25:18'),
(7365, 46, 1078, 'medecins', 0, '2026-02-27 22:25:18', '2026-02-27 22:25:18'),
(7366, 46, 1079, 'medecins', 0, '2026-02-27 22:25:18', '2026-02-27 22:25:18'),
(7367, 46, 1080, 'medecins', 0, '2026-02-27 22:25:18', '2026-02-27 22:25:18'),
(7368, 46, 1081, 'medecins', 0, '2026-02-27 22:25:18', '2026-02-27 22:25:18'),
(7369, 46, 1082, 'medecins', 0, '2026-02-27 22:25:18', '2026-02-27 22:25:18'),
(7370, 46, 1083, 'medecins', 0, '2026-02-27 22:25:18', '2026-02-27 22:25:18'),
(7371, 46, 1084, 'medecins', 0, '2026-02-27 22:25:18', '2026-02-27 22:25:18'),
(7372, 46, 1085, 'medecins', 0, '2026-02-27 22:25:18', '2026-02-27 22:25:18'),
(7373, 46, 1086, 'medecins', 0, '2026-02-27 22:25:18', '2026-02-27 22:25:18'),
(7374, 46, 1087, 'medecins', 0, '2026-02-27 22:25:18', '2026-02-27 22:25:18'),
(7375, 46, 1088, 'medecins', 0, '2026-02-27 22:25:18', '2026-02-27 22:25:18'),
(7376, 46, 1042, 'pharmacies', 0, '2026-02-27 22:25:18', '2026-02-27 22:25:18'),
(7377, 46, 1043, 'pharmacies', 0, '2026-02-27 22:25:18', '2026-02-27 22:25:18'),
(7378, 46, 1044, 'pharmacies', 0, '2026-02-27 22:25:18', '2026-02-27 22:25:18'),
(7379, 46, 1045, 'pharmacies', 0, '2026-02-27 22:25:18', '2026-02-27 22:25:18'),
(7380, 46, 1046, 'pharmacies', 0, '2026-02-27 22:25:18', '2026-02-27 22:25:18'),
(7381, 46, 1047, 'pharmacies', 0, '2026-02-27 22:25:18', '2026-02-27 22:25:18'),
(7382, 46, 1048, 'pharmacies', 0, '2026-02-27 22:25:18', '2026-02-27 22:25:18'),
(7383, 46, 1049, 'pharmacies', 0, '2026-02-27 22:25:18', '2026-02-27 22:25:18'),
(7384, 46, 1050, 'pharmacies', 0, '2026-02-27 22:25:18', '2026-02-27 22:25:18'),
(7385, 46, 1051, 'pharmacies', 0, '2026-02-27 22:25:18', '2026-02-27 22:25:18'),
(7386, 46, 1052, 'pharmacies', 0, '2026-02-27 22:25:18', '2026-02-27 22:25:18'),
(7387, 46, 1053, 'pharmacies', 0, '2026-02-27 22:25:18', '2026-02-27 22:25:18'),
(7388, 46, 1054, 'pharmacies', 0, '2026-02-27 22:25:18', '2026-02-27 22:25:18'),
(7389, 46, 1055, 'pharmacies', 0, '2026-02-27 22:25:18', '2026-02-27 22:25:18'),
(7390, 46, 1056, 'pharmacies', 0, '2026-02-27 22:25:18', '2026-02-27 22:25:18'),
(7391, 46, 1057, 'pharmacies', 0, '2026-02-27 22:25:18', '2026-02-27 22:25:18'),
(7392, 46, 1058, 'pharmacies', 0, '2026-02-27 22:25:18', '2026-02-27 22:25:18'),
(7393, 46, 1059, 'pharmacies', 0, '2026-02-27 22:25:18', '2026-02-27 22:25:18'),
(7394, 46, 1060, 'pharmacies', 0, '2026-02-27 22:25:18', '2026-02-27 22:25:18'),
(7395, 46, 1061, 'pharmacies', 0, '2026-02-27 22:25:18', '2026-02-27 22:25:18'),
(7396, 46, 1062, 'pharmacies', 0, '2026-02-27 22:25:18', '2026-02-27 22:25:18'),
(7397, 46, 1063, 'pharmacies', 0, '2026-02-27 22:25:18', '2026-02-27 22:25:18'),
(7398, 46, 1064, 'pharmacies', 0, '2026-02-27 22:25:18', '2026-02-27 22:25:18'),
(7399, 46, 1065, 'pharmacies', 0, '2026-02-27 22:25:18', '2026-02-27 22:25:18'),
(7400, 46, 1066, 'pharmacies', 0, '2026-02-27 22:25:18', '2026-02-27 22:25:18'),
(7401, 46, 1067, 'pharmacies', 0, '2026-02-27 22:25:18', '2026-02-27 22:25:18'),
(7402, 46, 1068, 'pharmacies', 0, '2026-02-27 22:25:18', '2026-02-27 22:25:18'),
(7403, 46, 1069, 'pharmacies', 0, '2026-02-27 22:25:18', '2026-02-27 22:25:18'),
(7404, 46, 1070, 'pharmacies', 0, '2026-02-27 22:25:18', '2026-02-27 22:25:18'),
(7405, 46, 1071, 'pharmacies', 0, '2026-02-27 22:25:18', '2026-02-27 22:25:18'),
(7406, 46, 1072, 'pharmacies', 0, '2026-02-27 22:25:18', '2026-02-27 22:25:18'),
(7407, 46, 1073, 'pharmacies', 0, '2026-02-27 22:25:18', '2026-02-27 22:25:18'),
(7408, 46, 1074, 'pharmacies', 0, '2026-02-27 22:25:18', '2026-02-27 22:25:18'),
(7409, 46, 1075, 'pharmacies', 0, '2026-02-27 22:25:18', '2026-02-27 22:25:18'),
(7410, 46, 1076, 'pharmacies', 0, '2026-02-27 22:25:18', '2026-02-27 22:25:18'),
(7411, 46, 1077, 'pharmacies', 0, '2026-02-27 22:25:18', '2026-02-27 22:25:18'),
(7412, 46, 1078, 'pharmacies', 0, '2026-02-27 22:25:18', '2026-02-27 22:25:18'),
(7413, 46, 1079, 'pharmacies', 0, '2026-02-27 22:25:18', '2026-02-27 22:25:18'),
(7414, 46, 1080, 'pharmacies', 0, '2026-02-27 22:25:18', '2026-02-27 22:25:18'),
(7415, 46, 1081, 'pharmacies', 0, '2026-02-27 22:25:18', '2026-02-27 22:25:18'),
(7416, 46, 1082, 'pharmacies', 0, '2026-02-27 22:25:18', '2026-02-27 22:25:18'),
(7417, 46, 1083, 'pharmacies', 0, '2026-02-27 22:25:18', '2026-02-27 22:25:18'),
(7418, 46, 1084, 'pharmacies', 0, '2026-02-27 22:25:18', '2026-02-27 22:25:18'),
(7419, 46, 1085, 'pharmacies', 0, '2026-02-27 22:25:18', '2026-02-27 22:25:18'),
(7420, 46, 1086, 'pharmacies', 0, '2026-02-27 22:25:18', '2026-02-27 22:25:18'),
(7421, 46, 1087, 'pharmacies', 0, '2026-02-27 22:25:18', '2026-02-27 22:25:18'),
(7422, 46, 1088, 'pharmacies', 0, '2026-02-27 22:25:18', '2026-02-27 22:25:18'),
(7423, 46, 1042, 'grossistes', 0, '2026-02-27 22:25:18', '2026-02-27 22:25:18'),
(7424, 46, 1043, 'grossistes', 0, '2026-02-27 22:25:18', '2026-02-27 22:25:18'),
(7425, 46, 1044, 'grossistes', 0, '2026-02-27 22:25:18', '2026-02-27 22:25:18'),
(7426, 46, 1045, 'grossistes', 0, '2026-02-27 22:25:18', '2026-02-27 22:25:18'),
(7427, 46, 1046, 'grossistes', 0, '2026-02-27 22:25:18', '2026-02-27 22:25:18'),
(7428, 46, 1047, 'grossistes', 0, '2026-02-27 22:25:18', '2026-02-27 22:25:18'),
(7429, 46, 1048, 'grossistes', 0, '2026-02-27 22:25:18', '2026-02-27 22:25:18'),
(7430, 46, 1049, 'grossistes', 0, '2026-02-27 22:25:18', '2026-02-27 22:25:18'),
(7431, 46, 1050, 'grossistes', 0, '2026-02-27 22:25:18', '2026-02-27 22:25:18'),
(7432, 46, 1051, 'grossistes', 0, '2026-02-27 22:25:18', '2026-02-27 22:25:18'),
(7433, 46, 1052, 'grossistes', 0, '2026-02-27 22:25:18', '2026-02-27 22:25:18'),
(7434, 46, 1053, 'grossistes', 0, '2026-02-27 22:25:18', '2026-02-27 22:25:18'),
(7435, 46, 1054, 'grossistes', 0, '2026-02-27 22:25:18', '2026-02-27 22:25:18'),
(7436, 46, 1055, 'grossistes', 0, '2026-02-27 22:25:18', '2026-02-27 22:25:18'),
(7437, 46, 1056, 'grossistes', 0, '2026-02-27 22:25:18', '2026-02-27 22:25:18'),
(7438, 46, 1057, 'grossistes', 0, '2026-02-27 22:25:18', '2026-02-27 22:25:18'),
(7439, 46, 1058, 'grossistes', 0, '2026-02-27 22:25:18', '2026-02-27 22:25:18'),
(7440, 46, 1059, 'grossistes', 0, '2026-02-27 22:25:18', '2026-02-27 22:25:18'),
(7441, 46, 1060, 'grossistes', 0, '2026-02-27 22:25:18', '2026-02-27 22:25:18'),
(7442, 46, 1061, 'grossistes', 0, '2026-02-27 22:25:18', '2026-02-27 22:25:18'),
(7443, 46, 1062, 'grossistes', 0, '2026-02-27 22:25:18', '2026-02-27 22:25:18'),
(7444, 46, 1063, 'grossistes', 0, '2026-02-27 22:25:18', '2026-02-27 22:25:18'),
(7445, 46, 1064, 'grossistes', 0, '2026-02-27 22:25:18', '2026-02-27 22:25:18'),
(7446, 46, 1065, 'grossistes', 0, '2026-02-27 22:25:18', '2026-02-27 22:25:18'),
(7447, 46, 1066, 'grossistes', 0, '2026-02-27 22:25:18', '2026-02-27 22:25:18'),
(7448, 46, 1067, 'grossistes', 0, '2026-02-27 22:25:18', '2026-02-27 22:25:18'),
(7449, 46, 1068, 'grossistes', 0, '2026-02-27 22:25:18', '2026-02-27 22:25:18'),
(7450, 46, 1069, 'grossistes', 0, '2026-02-27 22:25:18', '2026-02-27 22:25:18'),
(7451, 46, 1070, 'grossistes', 0, '2026-02-27 22:25:18', '2026-02-27 22:25:18'),
(7452, 46, 1071, 'grossistes', 0, '2026-02-27 22:25:18', '2026-02-27 22:25:18'),
(7453, 46, 1072, 'grossistes', 0, '2026-02-27 22:25:18', '2026-02-27 22:25:18'),
(7454, 46, 1073, 'grossistes', 0, '2026-02-27 22:25:18', '2026-02-27 22:25:18'),
(7455, 46, 1074, 'grossistes', 0, '2026-02-27 22:25:18', '2026-02-27 22:25:18'),
(7456, 46, 1075, 'grossistes', 0, '2026-02-27 22:25:18', '2026-02-27 22:25:18'),
(7457, 46, 1076, 'grossistes', 0, '2026-02-27 22:25:18', '2026-02-27 22:25:18'),
(7458, 46, 1077, 'grossistes', 0, '2026-02-27 22:25:18', '2026-02-27 22:25:18'),
(7459, 46, 1078, 'grossistes', 0, '2026-02-27 22:25:18', '2026-02-27 22:25:18'),
(7460, 46, 1079, 'grossistes', 0, '2026-02-27 22:25:18', '2026-02-27 22:25:18'),
(7461, 46, 1080, 'grossistes', 0, '2026-02-27 22:25:18', '2026-02-27 22:25:18'),
(7462, 46, 1081, 'grossistes', 0, '2026-02-27 22:25:18', '2026-02-27 22:25:18'),
(7463, 46, 1082, 'grossistes', 0, '2026-02-27 22:25:18', '2026-02-27 22:25:18'),
(7464, 46, 1083, 'grossistes', 0, '2026-02-27 22:25:18', '2026-02-27 22:25:18'),
(7465, 46, 1084, 'grossistes', 0, '2026-02-27 22:25:18', '2026-02-27 22:25:18'),
(7466, 46, 1085, 'grossistes', 0, '2026-02-27 22:25:18', '2026-02-27 22:25:18'),
(7467, 46, 1086, 'grossistes', 0, '2026-02-27 22:25:18', '2026-02-27 22:25:18'),
(7468, 46, 1087, 'grossistes', 0, '2026-02-27 22:25:18', '2026-02-27 22:25:18'),
(7469, 46, 1088, 'grossistes', 0, '2026-02-27 22:25:18', '2026-02-27 22:25:18'),
(7470, 46, 789, 'medecins', 0, '2026-02-27 22:25:20', '2026-02-27 22:25:20'),
(7471, 46, 790, 'medecins', 0, '2026-02-27 22:25:20', '2026-02-27 22:25:20'),
(7472, 46, 791, 'medecins', 0, '2026-02-27 22:25:20', '2026-02-27 22:25:20'),
(7473, 46, 792, 'medecins', 0, '2026-02-27 22:25:20', '2026-02-27 22:25:20'),
(7474, 46, 793, 'medecins', 0, '2026-02-27 22:25:20', '2026-02-27 22:25:20'),
(7475, 46, 794, 'medecins', 0, '2026-02-27 22:25:20', '2026-02-27 22:25:20'),
(7476, 46, 795, 'medecins', 0, '2026-02-27 22:25:20', '2026-02-27 22:25:20'),
(7477, 46, 796, 'medecins', 0, '2026-02-27 22:25:20', '2026-02-27 22:25:20'),
(7478, 46, 797, 'medecins', 0, '2026-02-27 22:25:20', '2026-02-27 22:25:20'),
(7479, 46, 798, 'medecins', 0, '2026-02-27 22:25:20', '2026-02-27 22:25:20'),
(7480, 46, 799, 'medecins', 0, '2026-02-27 22:25:20', '2026-02-27 22:25:20'),
(7481, 46, 800, 'medecins', 0, '2026-02-27 22:25:20', '2026-02-27 22:25:20'),
(7482, 46, 801, 'medecins', 0, '2026-02-27 22:25:20', '2026-02-27 22:25:20'),
(7483, 46, 802, 'medecins', 0, '2026-02-27 22:25:20', '2026-02-27 22:25:20'),
(7484, 46, 803, 'medecins', 0, '2026-02-27 22:25:20', '2026-02-27 22:25:20'),
(7485, 46, 804, 'medecins', 0, '2026-02-27 22:25:20', '2026-02-27 22:25:20'),
(7486, 46, 805, 'medecins', 0, '2026-02-27 22:25:20', '2026-02-27 22:25:20'),
(7487, 46, 806, 'medecins', 0, '2026-02-27 22:25:20', '2026-02-27 22:25:20'),
(7488, 46, 807, 'medecins', 0, '2026-02-27 22:25:20', '2026-02-27 22:25:20'),
(7489, 46, 808, 'medecins', 0, '2026-02-27 22:25:20', '2026-02-27 22:25:20'),
(7490, 46, 809, 'medecins', 0, '2026-02-27 22:25:20', '2026-02-27 22:25:20'),
(7491, 46, 810, 'medecins', 0, '2026-02-27 22:25:20', '2026-02-27 22:25:20'),
(7492, 46, 811, 'medecins', 0, '2026-02-27 22:25:20', '2026-02-27 22:25:20'),
(7493, 46, 812, 'medecins', 0, '2026-02-27 22:25:20', '2026-02-27 22:25:20'),
(7494, 46, 813, 'medecins', 0, '2026-02-27 22:25:20', '2026-02-27 22:25:20'),
(7495, 46, 814, 'medecins', 0, '2026-02-27 22:25:20', '2026-02-27 22:25:20'),
(7496, 46, 815, 'medecins', 0, '2026-02-27 22:25:20', '2026-02-27 22:25:20'),
(7497, 46, 816, 'medecins', 0, '2026-02-27 22:25:20', '2026-02-27 22:25:20'),
(7498, 46, 817, 'medecins', 0, '2026-02-27 22:25:20', '2026-02-27 22:25:20'),
(7499, 46, 818, 'medecins', 0, '2026-02-27 22:25:20', '2026-02-27 22:25:20'),
(7500, 46, 819, 'medecins', 0, '2026-02-27 22:25:20', '2026-02-27 22:25:20'),
(7501, 46, 820, 'medecins', 0, '2026-02-27 22:25:20', '2026-02-27 22:25:20'),
(7502, 46, 821, 'medecins', 0, '2026-02-27 22:25:20', '2026-02-27 22:25:20'),
(7503, 46, 822, 'medecins', 0, '2026-02-27 22:25:20', '2026-02-27 22:25:20'),
(7504, 46, 823, 'medecins', 0, '2026-02-27 22:25:20', '2026-02-27 22:25:20'),
(7505, 46, 824, 'medecins', 0, '2026-02-27 22:25:20', '2026-02-27 22:25:20'),
(7506, 46, 825, 'medecins', 0, '2026-02-27 22:25:20', '2026-02-27 22:25:20'),
(7507, 46, 826, 'medecins', 0, '2026-02-27 22:25:20', '2026-02-27 22:25:20'),
(7508, 46, 827, 'medecins', 0, '2026-02-27 22:25:20', '2026-02-27 22:25:20'),
(7509, 46, 828, 'medecins', 0, '2026-02-27 22:25:20', '2026-02-27 22:25:20'),
(7510, 46, 829, 'medecins', 0, '2026-02-27 22:25:20', '2026-02-27 22:25:20'),
(7511, 46, 830, 'medecins', 0, '2026-02-27 22:25:20', '2026-02-27 22:25:20'),
(7512, 46, 831, 'medecins', 0, '2026-02-27 22:25:20', '2026-02-27 22:25:20'),
(7513, 46, 832, 'medecins', 0, '2026-02-27 22:25:20', '2026-02-27 22:25:20'),
(7514, 46, 833, 'medecins', 0, '2026-02-27 22:25:20', '2026-02-27 22:25:20'),
(7515, 46, 834, 'medecins', 0, '2026-02-27 22:25:20', '2026-02-27 22:25:20'),
(7516, 46, 835, 'medecins', 0, '2026-02-27 22:25:20', '2026-02-27 22:25:20'),
(7517, 46, 836, 'medecins', 0, '2026-02-27 22:25:20', '2026-02-27 22:25:20'),
(7518, 46, 837, 'medecins', 0, '2026-02-27 22:25:20', '2026-02-27 22:25:20'),
(7519, 46, 838, 'medecins', 0, '2026-02-27 22:25:20', '2026-02-27 22:25:20'),
(7520, 46, 839, 'medecins', 0, '2026-02-27 22:25:20', '2026-02-27 22:25:20'),
(7521, 46, 840, 'medecins', 0, '2026-02-27 22:25:20', '2026-02-27 22:25:20'),
(7522, 46, 789, 'pharmacies', 0, '2026-02-27 22:25:20', '2026-02-27 22:25:20'),
(7523, 46, 790, 'pharmacies', 0, '2026-02-27 22:25:20', '2026-02-27 22:25:20'),
(7524, 46, 791, 'pharmacies', 0, '2026-02-27 22:25:20', '2026-02-27 22:25:20'),
(7525, 46, 792, 'pharmacies', 0, '2026-02-27 22:25:20', '2026-02-27 22:25:20'),
(7526, 46, 793, 'pharmacies', 0, '2026-02-27 22:25:20', '2026-02-27 22:25:20'),
(7527, 46, 794, 'pharmacies', 0, '2026-02-27 22:25:20', '2026-02-27 22:25:20'),
(7528, 46, 795, 'pharmacies', 0, '2026-02-27 22:25:20', '2026-02-27 22:25:20'),
(7529, 46, 796, 'pharmacies', 0, '2026-02-27 22:25:20', '2026-02-27 22:25:20'),
(7530, 46, 797, 'pharmacies', 0, '2026-02-27 22:25:20', '2026-02-27 22:25:20'),
(7531, 46, 798, 'pharmacies', 0, '2026-02-27 22:25:20', '2026-02-27 22:25:20'),
(7532, 46, 799, 'pharmacies', 0, '2026-02-27 22:25:20', '2026-02-27 22:25:20'),
(7533, 46, 800, 'pharmacies', 0, '2026-02-27 22:25:20', '2026-02-27 22:25:20'),
(7534, 46, 801, 'pharmacies', 0, '2026-02-27 22:25:20', '2026-02-27 22:25:20'),
(7535, 46, 802, 'pharmacies', 0, '2026-02-27 22:25:20', '2026-02-27 22:25:20'),
(7536, 46, 803, 'pharmacies', 0, '2026-02-27 22:25:20', '2026-02-27 22:25:20'),
(7537, 46, 804, 'pharmacies', 0, '2026-02-27 22:25:20', '2026-02-27 22:25:20'),
(7538, 46, 805, 'pharmacies', 0, '2026-02-27 22:25:20', '2026-02-27 22:25:20'),
(7539, 46, 806, 'pharmacies', 0, '2026-02-27 22:25:20', '2026-02-27 22:25:20'),
(7540, 46, 807, 'pharmacies', 0, '2026-02-27 22:25:20', '2026-02-27 22:25:20'),
(7541, 46, 808, 'pharmacies', 0, '2026-02-27 22:25:20', '2026-02-27 22:25:20'),
(7542, 46, 809, 'pharmacies', 0, '2026-02-27 22:25:20', '2026-02-27 22:25:20'),
(7543, 46, 810, 'pharmacies', 0, '2026-02-27 22:25:20', '2026-02-27 22:25:20'),
(7544, 46, 811, 'pharmacies', 0, '2026-02-27 22:25:20', '2026-02-27 22:25:20'),
(7545, 46, 812, 'pharmacies', 0, '2026-02-27 22:25:20', '2026-02-27 22:25:20'),
(7546, 46, 813, 'pharmacies', 0, '2026-02-27 22:25:20', '2026-02-27 22:25:20'),
(7547, 46, 814, 'pharmacies', 0, '2026-02-27 22:25:20', '2026-02-27 22:25:20'),
(7548, 46, 815, 'pharmacies', 0, '2026-02-27 22:25:20', '2026-02-27 22:25:20'),
(7549, 46, 816, 'pharmacies', 0, '2026-02-27 22:25:20', '2026-02-27 22:25:20'),
(7550, 46, 817, 'pharmacies', 0, '2026-02-27 22:25:20', '2026-02-27 22:25:20'),
(7551, 46, 818, 'pharmacies', 0, '2026-02-27 22:25:20', '2026-02-27 22:25:20'),
(7552, 46, 819, 'pharmacies', 0, '2026-02-27 22:25:20', '2026-02-27 22:25:20'),
(7553, 46, 820, 'pharmacies', 0, '2026-02-27 22:25:20', '2026-02-27 22:25:20'),
(7554, 46, 821, 'pharmacies', 0, '2026-02-27 22:25:20', '2026-02-27 22:25:20'),
(7555, 46, 822, 'pharmacies', 0, '2026-02-27 22:25:20', '2026-02-27 22:25:20'),
(7556, 46, 823, 'pharmacies', 0, '2026-02-27 22:25:20', '2026-02-27 22:25:20'),
(7557, 46, 824, 'pharmacies', 0, '2026-02-27 22:25:20', '2026-02-27 22:25:20'),
(7558, 46, 825, 'pharmacies', 0, '2026-02-27 22:25:20', '2026-02-27 22:25:20'),
(7559, 46, 826, 'pharmacies', 0, '2026-02-27 22:25:20', '2026-02-27 22:25:20'),
(7560, 46, 827, 'pharmacies', 0, '2026-02-27 22:25:20', '2026-02-27 22:25:20'),
(7561, 46, 828, 'pharmacies', 0, '2026-02-27 22:25:20', '2026-02-27 22:25:20'),
(7562, 46, 829, 'pharmacies', 0, '2026-02-27 22:25:20', '2026-02-27 22:25:20'),
(7563, 46, 830, 'pharmacies', 0, '2026-02-27 22:25:20', '2026-02-27 22:25:20'),
(7564, 46, 831, 'pharmacies', 0, '2026-02-27 22:25:20', '2026-02-27 22:25:20'),
(7565, 46, 832, 'pharmacies', 0, '2026-02-27 22:25:20', '2026-02-27 22:25:20'),
(7566, 46, 833, 'pharmacies', 0, '2026-02-27 22:25:20', '2026-02-27 22:25:20'),
(7567, 46, 834, 'pharmacies', 0, '2026-02-27 22:25:20', '2026-02-27 22:25:20'),
(7568, 46, 835, 'pharmacies', 0, '2026-02-27 22:25:20', '2026-02-27 22:25:20'),
(7569, 46, 836, 'pharmacies', 0, '2026-02-27 22:25:20', '2026-02-27 22:25:20'),
(7570, 46, 837, 'pharmacies', 0, '2026-02-27 22:25:20', '2026-02-27 22:25:20'),
(7571, 46, 838, 'pharmacies', 0, '2026-02-27 22:25:20', '2026-02-27 22:25:20'),
(7572, 46, 839, 'pharmacies', 0, '2026-02-27 22:25:20', '2026-02-27 22:25:20'),
(7573, 46, 840, 'pharmacies', 0, '2026-02-27 22:25:20', '2026-02-27 22:25:20'),
(7574, 46, 789, 'grossistes', 0, '2026-02-27 22:25:20', '2026-02-27 22:25:20'),
(7575, 46, 790, 'grossistes', 0, '2026-02-27 22:25:20', '2026-02-27 22:25:20'),
(7576, 46, 791, 'grossistes', 0, '2026-02-27 22:25:20', '2026-02-27 22:25:20'),
(7577, 46, 792, 'grossistes', 0, '2026-02-27 22:25:20', '2026-02-27 22:25:20'),
(7578, 46, 793, 'grossistes', 0, '2026-02-27 22:25:20', '2026-02-27 22:25:20'),
(7579, 46, 794, 'grossistes', 0, '2026-02-27 22:25:20', '2026-02-27 22:25:20'),
(7580, 46, 795, 'grossistes', 0, '2026-02-27 22:25:20', '2026-02-27 22:25:20'),
(7581, 46, 796, 'grossistes', 0, '2026-02-27 22:25:20', '2026-02-27 22:25:20'),
(7582, 46, 797, 'grossistes', 0, '2026-02-27 22:25:20', '2026-02-27 22:25:20'),
(7583, 46, 798, 'grossistes', 0, '2026-02-27 22:25:20', '2026-02-27 22:25:20'),
(7584, 46, 799, 'grossistes', 0, '2026-02-27 22:25:20', '2026-02-27 22:25:20'),
(7585, 46, 800, 'grossistes', 0, '2026-02-27 22:25:20', '2026-02-27 22:25:20'),
(7586, 46, 801, 'grossistes', 0, '2026-02-27 22:25:20', '2026-02-27 22:25:20'),
(7587, 46, 802, 'grossistes', 0, '2026-02-27 22:25:20', '2026-02-27 22:25:20'),
(7588, 46, 803, 'grossistes', 0, '2026-02-27 22:25:20', '2026-02-27 22:25:20'),
(7589, 46, 804, 'grossistes', 0, '2026-02-27 22:25:20', '2026-02-27 22:25:20'),
(7590, 46, 805, 'grossistes', 0, '2026-02-27 22:25:20', '2026-02-27 22:25:20'),
(7591, 46, 806, 'grossistes', 0, '2026-02-27 22:25:20', '2026-02-27 22:25:20'),
(7592, 46, 807, 'grossistes', 0, '2026-02-27 22:25:20', '2026-02-27 22:25:20'),
(7593, 46, 808, 'grossistes', 0, '2026-02-27 22:25:20', '2026-02-27 22:25:20'),
(7594, 46, 809, 'grossistes', 0, '2026-02-27 22:25:20', '2026-02-27 22:25:20'),
(7595, 46, 810, 'grossistes', 0, '2026-02-27 22:25:20', '2026-02-27 22:25:20'),
(7596, 46, 811, 'grossistes', 0, '2026-02-27 22:25:20', '2026-02-27 22:25:20'),
(7597, 46, 812, 'grossistes', 0, '2026-02-27 22:25:20', '2026-02-27 22:25:20'),
(7598, 46, 813, 'grossistes', 0, '2026-02-27 22:25:20', '2026-02-27 22:25:20'),
(7599, 46, 814, 'grossistes', 0, '2026-02-27 22:25:20', '2026-02-27 22:25:20'),
(7600, 46, 815, 'grossistes', 0, '2026-02-27 22:25:20', '2026-02-27 22:25:20'),
(7601, 46, 816, 'grossistes', 0, '2026-02-27 22:25:20', '2026-02-27 22:25:20'),
(7602, 46, 817, 'grossistes', 0, '2026-02-27 22:25:20', '2026-02-27 22:25:20'),
(7603, 46, 818, 'grossistes', 0, '2026-02-27 22:25:20', '2026-02-27 22:25:20'),
(7604, 46, 819, 'grossistes', 0, '2026-02-27 22:25:20', '2026-02-27 22:25:20'),
(7605, 46, 820, 'grossistes', 0, '2026-02-27 22:25:20', '2026-02-27 22:25:20'),
(7606, 46, 821, 'grossistes', 0, '2026-02-27 22:25:20', '2026-02-27 22:25:20'),
(7607, 46, 822, 'grossistes', 0, '2026-02-27 22:25:20', '2026-02-27 22:25:20'),
(7608, 46, 823, 'grossistes', 0, '2026-02-27 22:25:20', '2026-02-27 22:25:20'),
(7609, 46, 824, 'grossistes', 0, '2026-02-27 22:25:20', '2026-02-27 22:25:20'),
(7610, 46, 825, 'grossistes', 0, '2026-02-27 22:25:20', '2026-02-27 22:25:20'),
(7611, 46, 826, 'grossistes', 0, '2026-02-27 22:25:20', '2026-02-27 22:25:20'),
(7612, 46, 827, 'grossistes', 0, '2026-02-27 22:25:20', '2026-02-27 22:25:20'),
(7613, 46, 828, 'grossistes', 0, '2026-02-27 22:25:20', '2026-02-27 22:25:20'),
(7614, 46, 829, 'grossistes', 0, '2026-02-27 22:25:20', '2026-02-27 22:25:20'),
(7615, 46, 830, 'grossistes', 0, '2026-02-27 22:25:20', '2026-02-27 22:25:20'),
(7616, 46, 831, 'grossistes', 0, '2026-02-27 22:25:20', '2026-02-27 22:25:20'),
(7617, 46, 832, 'grossistes', 0, '2026-02-27 22:25:20', '2026-02-27 22:25:20'),
(7618, 46, 833, 'grossistes', 0, '2026-02-27 22:25:20', '2026-02-27 22:25:20'),
(7619, 46, 834, 'grossistes', 0, '2026-02-27 22:25:20', '2026-02-27 22:25:20'),
(7620, 46, 835, 'grossistes', 0, '2026-02-27 22:25:20', '2026-02-27 22:25:20'),
(7621, 46, 836, 'grossistes', 0, '2026-02-27 22:25:20', '2026-02-27 22:25:20'),
(7622, 46, 837, 'grossistes', 0, '2026-02-27 22:25:20', '2026-02-27 22:25:20'),
(7623, 46, 838, 'grossistes', 0, '2026-02-27 22:25:20', '2026-02-27 22:25:20'),
(7624, 46, 839, 'grossistes', 0, '2026-02-27 22:25:20', '2026-02-27 22:25:20'),
(7625, 46, 840, 'grossistes', 0, '2026-02-27 22:25:20', '2026-02-27 22:25:20'),
(7661, 26, 29, 'pharmacies', 0, '2026-02-27 22:25:35', '2026-02-27 22:25:35'),
(7662, 26, 30, 'pharmacies', 0, '2026-02-27 22:25:35', '2026-02-27 22:25:35'),
(7663, 26, 31, 'pharmacies', 0, '2026-02-27 22:25:35', '2026-02-27 22:25:35'),
(7664, 26, 32, 'pharmacies', 0, '2026-02-27 22:25:35', '2026-02-27 22:25:35'),
(7665, 26, 33, 'pharmacies', 0, '2026-02-27 22:25:35', '2026-02-27 22:25:35'),
(7666, 26, 34, 'pharmacies', 0, '2026-02-27 22:25:35', '2026-02-27 22:25:35'),
(7667, 26, 35, 'pharmacies', 0, '2026-02-27 22:25:35', '2026-02-27 22:25:35'),
(7668, 26, 36, 'pharmacies', 0, '2026-02-27 22:25:35', '2026-02-27 22:25:35'),
(7669, 26, 37, 'pharmacies', 0, '2026-02-27 22:25:35', '2026-02-27 22:25:35'),
(7670, 26, 38, 'pharmacies', 0, '2026-02-27 22:25:35', '2026-02-27 22:25:35'),
(7671, 26, 39, 'pharmacies', 0, '2026-02-27 22:25:35', '2026-02-27 22:25:35'),
(7672, 26, 40, 'pharmacies', 0, '2026-02-27 22:25:35', '2026-02-27 22:25:35'),
(7673, 26, 41, 'pharmacies', 0, '2026-02-27 22:25:35', '2026-02-27 22:25:35'),
(7674, 26, 42, 'pharmacies', 0, '2026-02-27 22:25:35', '2026-02-27 22:25:35'),
(7675, 26, 43, 'pharmacies', 0, '2026-02-27 22:25:35', '2026-02-27 22:25:35'),
(7676, 26, 44, 'pharmacies', 0, '2026-02-27 22:25:35', '2026-02-27 22:25:35'),
(7677, 26, 45, 'pharmacies', 0, '2026-02-27 22:25:35', '2026-02-27 22:25:35'),
(7678, 26, 46, 'pharmacies', 0, '2026-02-27 22:25:35', '2026-02-27 22:25:35'),
(7679, 26, 47, 'pharmacies', 0, '2026-02-27 22:25:35', '2026-02-27 22:25:35'),
(7680, 26, 48, 'pharmacies', 0, '2026-02-27 22:25:35', '2026-02-27 22:25:35'),
(7681, 26, 49, 'pharmacies', 0, '2026-02-27 22:25:35', '2026-02-27 22:25:35'),
(7682, 26, 50, 'pharmacies', 0, '2026-02-27 22:25:35', '2026-02-27 22:25:35'),
(7683, 26, 51, 'pharmacies', 0, '2026-02-27 22:25:35', '2026-02-27 22:25:35'),
(7684, 26, 52, 'pharmacies', 0, '2026-02-27 22:25:35', '2026-02-27 22:25:35'),
(7685, 26, 53, 'pharmacies', 0, '2026-02-27 22:25:35', '2026-02-27 22:25:35'),
(7686, 26, 54, 'pharmacies', 0, '2026-02-27 22:25:35', '2026-02-27 22:25:35'),
(7687, 26, 55, 'pharmacies', 0, '2026-02-27 22:25:35', '2026-02-27 22:25:35'),
(7688, 26, 56, 'pharmacies', 0, '2026-02-27 22:25:35', '2026-02-27 22:25:35'),
(7689, 26, 57, 'pharmacies', 0, '2026-02-27 22:25:35', '2026-02-27 22:25:35'),
(7690, 26, 58, 'pharmacies', 0, '2026-02-27 22:25:35', '2026-02-27 22:25:35'),
(7691, 26, 59, 'pharmacies', 0, '2026-02-27 22:25:35', '2026-02-27 22:25:35'),
(7692, 26, 60, 'pharmacies', 0, '2026-02-27 22:25:35', '2026-02-27 22:25:35'),
(7693, 26, 61, 'pharmacies', 0, '2026-02-27 22:25:35', '2026-02-27 22:25:35'),
(7694, 26, 62, 'pharmacies', 0, '2026-02-27 22:25:35', '2026-02-27 22:25:35'),
(7695, 26, 63, 'pharmacies', 0, '2026-02-27 22:25:35', '2026-02-27 22:25:35'),
(7696, 26, 29, 'grossistes', 0, '2026-02-27 22:25:35', '2026-02-27 22:25:35'),
(7697, 26, 30, 'grossistes', 0, '2026-02-27 22:25:35', '2026-02-27 22:25:35'),
(7698, 26, 31, 'grossistes', 0, '2026-02-27 22:25:35', '2026-02-27 22:25:35'),
(7699, 26, 32, 'grossistes', 0, '2026-02-27 22:25:35', '2026-02-27 22:25:35'),
(7700, 26, 33, 'grossistes', 0, '2026-02-27 22:25:35', '2026-02-27 22:25:35'),
(7701, 26, 34, 'grossistes', 0, '2026-02-27 22:25:35', '2026-02-27 22:25:35'),
(7702, 26, 35, 'grossistes', 0, '2026-02-27 22:25:35', '2026-02-27 22:25:35'),
(7703, 26, 36, 'grossistes', 0, '2026-02-27 22:25:35', '2026-02-27 22:25:35'),
(7704, 26, 37, 'grossistes', 0, '2026-02-27 22:25:35', '2026-02-27 22:25:35'),
(7705, 26, 38, 'grossistes', 0, '2026-02-27 22:25:35', '2026-02-27 22:25:35'),
(7706, 26, 39, 'grossistes', 0, '2026-02-27 22:25:35', '2026-02-27 22:25:35'),
(7707, 26, 40, 'grossistes', 0, '2026-02-27 22:25:35', '2026-02-27 22:25:35'),
(7708, 26, 41, 'grossistes', 0, '2026-02-27 22:25:35', '2026-02-27 22:25:35'),
(7709, 26, 42, 'grossistes', 0, '2026-02-27 22:25:35', '2026-02-27 22:25:35'),
(7710, 26, 43, 'grossistes', 0, '2026-02-27 22:25:35', '2026-02-27 22:25:35'),
(7711, 26, 44, 'grossistes', 0, '2026-02-27 22:25:35', '2026-02-27 22:25:35'),
(7712, 26, 45, 'grossistes', 0, '2026-02-27 22:25:35', '2026-02-27 22:25:35'),
(7713, 26, 46, 'grossistes', 0, '2026-02-27 22:25:35', '2026-02-27 22:25:35'),
(7714, 26, 47, 'grossistes', 0, '2026-02-27 22:25:35', '2026-02-27 22:25:35'),
(7715, 26, 48, 'grossistes', 0, '2026-02-27 22:25:35', '2026-02-27 22:25:35'),
(7716, 26, 49, 'grossistes', 0, '2026-02-27 22:25:35', '2026-02-27 22:25:35'),
(7717, 26, 50, 'grossistes', 0, '2026-02-27 22:25:35', '2026-02-27 22:25:35'),
(7718, 26, 51, 'grossistes', 0, '2026-02-27 22:25:35', '2026-02-27 22:25:35'),
(7719, 26, 52, 'grossistes', 0, '2026-02-27 22:25:35', '2026-02-27 22:25:35'),
(7720, 26, 53, 'grossistes', 0, '2026-02-27 22:25:35', '2026-02-27 22:25:35'),
(7721, 26, 54, 'grossistes', 0, '2026-02-27 22:25:35', '2026-02-27 22:25:35'),
(7722, 26, 55, 'grossistes', 0, '2026-02-27 22:25:35', '2026-02-27 22:25:35'),
(7723, 26, 56, 'grossistes', 0, '2026-02-27 22:25:35', '2026-02-27 22:25:35'),
(7724, 26, 57, 'grossistes', 0, '2026-02-27 22:25:35', '2026-02-27 22:25:35'),
(7725, 26, 58, 'grossistes', 0, '2026-02-27 22:25:35', '2026-02-27 22:25:35'),
(7726, 26, 59, 'grossistes', 0, '2026-02-27 22:25:35', '2026-02-27 22:25:35'),
(7727, 26, 60, 'grossistes', 0, '2026-02-27 22:25:35', '2026-02-27 22:25:35'),
(7728, 26, 61, 'grossistes', 0, '2026-02-27 22:25:35', '2026-02-27 22:25:35'),
(7729, 26, 62, 'grossistes', 0, '2026-02-27 22:25:35', '2026-02-27 22:25:35'),
(7730, 26, 63, 'grossistes', 0, '2026-02-27 22:25:35', '2026-02-27 22:25:35'),
(7767, 26, 1415, 'pharmacies', 0, '2026-02-27 22:25:37', '2026-02-27 22:25:37'),
(7768, 26, 1416, 'pharmacies', 0, '2026-02-27 22:25:37', '2026-02-27 22:25:37'),
(7769, 26, 1417, 'pharmacies', 0, '2026-02-27 22:25:37', '2026-02-27 22:25:37'),
(7770, 26, 1418, 'pharmacies', 0, '2026-02-27 22:25:37', '2026-02-27 22:25:37'),
(7771, 26, 1419, 'pharmacies', 0, '2026-02-27 22:25:37', '2026-02-27 22:25:37'),
(7772, 26, 1420, 'pharmacies', 0, '2026-02-27 22:25:37', '2026-02-27 22:25:37'),
(7773, 26, 1421, 'pharmacies', 0, '2026-02-27 22:25:37', '2026-02-27 22:25:37'),
(7774, 26, 1422, 'pharmacies', 0, '2026-02-27 22:25:37', '2026-02-27 22:25:37'),
(7775, 26, 1423, 'pharmacies', 0, '2026-02-27 22:25:37', '2026-02-27 22:25:37'),
(7776, 26, 1424, 'pharmacies', 0, '2026-02-27 22:25:37', '2026-02-27 22:25:37'),
(7777, 26, 1425, 'pharmacies', 0, '2026-02-27 22:25:37', '2026-02-27 22:25:37'),
(7778, 26, 1426, 'pharmacies', 0, '2026-02-27 22:25:37', '2026-02-27 22:25:37'),
(7779, 26, 1427, 'pharmacies', 0, '2026-02-27 22:25:37', '2026-02-27 22:25:37'),
(7780, 26, 1428, 'pharmacies', 0, '2026-02-27 22:25:37', '2026-02-27 22:25:37'),
(7781, 26, 1429, 'pharmacies', 0, '2026-02-27 22:25:37', '2026-02-27 22:25:37'),
(7782, 26, 1430, 'pharmacies', 0, '2026-02-27 22:25:37', '2026-02-27 22:25:37'),
(7783, 26, 1431, 'pharmacies', 0, '2026-02-27 22:25:37', '2026-02-27 22:25:37'),
(7784, 26, 1432, 'pharmacies', 0, '2026-02-27 22:25:37', '2026-02-27 22:25:37'),
(7785, 26, 1433, 'pharmacies', 0, '2026-02-27 22:25:37', '2026-02-27 22:25:37'),
(7786, 26, 1434, 'pharmacies', 0, '2026-02-27 22:25:37', '2026-02-27 22:25:37'),
(7787, 26, 1435, 'pharmacies', 0, '2026-02-27 22:25:37', '2026-02-27 22:25:37'),
(7788, 26, 1436, 'pharmacies', 0, '2026-02-27 22:25:37', '2026-02-27 22:25:37'),
(7789, 26, 1437, 'pharmacies', 0, '2026-02-27 22:25:37', '2026-02-27 22:25:37'),
(7790, 26, 1438, 'pharmacies', 0, '2026-02-27 22:25:37', '2026-02-27 22:25:37'),
(7791, 26, 1439, 'pharmacies', 0, '2026-02-27 22:25:37', '2026-02-27 22:25:37'),
(7792, 26, 1440, 'pharmacies', 0, '2026-02-27 22:25:37', '2026-02-27 22:25:37'),
(7793, 26, 1441, 'pharmacies', 0, '2026-02-27 22:25:37', '2026-02-27 22:25:37'),
(7794, 26, 1442, 'pharmacies', 0, '2026-02-27 22:25:37', '2026-02-27 22:25:37'),
(7795, 26, 1443, 'pharmacies', 0, '2026-02-27 22:25:37', '2026-02-27 22:25:37'),
(7796, 26, 1444, 'pharmacies', 0, '2026-02-27 22:25:37', '2026-02-27 22:25:37'),
(7797, 26, 1445, 'pharmacies', 0, '2026-02-27 22:25:37', '2026-02-27 22:25:37'),
(7798, 26, 1446, 'pharmacies', 0, '2026-02-27 22:25:37', '2026-02-27 22:25:37'),
(7799, 26, 1447, 'pharmacies', 0, '2026-02-27 22:25:37', '2026-02-27 22:25:37'),
(7800, 26, 1448, 'pharmacies', 0, '2026-02-27 22:25:37', '2026-02-27 22:25:37'),
(7801, 26, 1449, 'pharmacies', 0, '2026-02-27 22:25:37', '2026-02-27 22:25:37'),
(7802, 26, 1450, 'pharmacies', 0, '2026-02-27 22:25:37', '2026-02-27 22:25:37'),
(7803, 26, 1415, 'grossistes', 0, '2026-02-27 22:25:37', '2026-02-27 22:25:37'),
(7804, 26, 1416, 'grossistes', 0, '2026-02-27 22:25:37', '2026-02-27 22:25:37'),
(7805, 26, 1417, 'grossistes', 0, '2026-02-27 22:25:37', '2026-02-27 22:25:37'),
(7806, 26, 1418, 'grossistes', 0, '2026-02-27 22:25:37', '2026-02-27 22:25:37'),
(7807, 26, 1419, 'grossistes', 0, '2026-02-27 22:25:37', '2026-02-27 22:25:37'),
(7808, 26, 1420, 'grossistes', 0, '2026-02-27 22:25:37', '2026-02-27 22:25:37'),
(7809, 26, 1421, 'grossistes', 0, '2026-02-27 22:25:37', '2026-02-27 22:25:37'),
(7810, 26, 1422, 'grossistes', 0, '2026-02-27 22:25:37', '2026-02-27 22:25:37'),
(7811, 26, 1423, 'grossistes', 0, '2026-02-27 22:25:37', '2026-02-27 22:25:37'),
(7812, 26, 1424, 'grossistes', 0, '2026-02-27 22:25:37', '2026-02-27 22:25:37'),
(7813, 26, 1425, 'grossistes', 0, '2026-02-27 22:25:37', '2026-02-27 22:25:37'),
(7814, 26, 1426, 'grossistes', 0, '2026-02-27 22:25:37', '2026-02-27 22:25:37'),
(7815, 26, 1427, 'grossistes', 0, '2026-02-27 22:25:37', '2026-02-27 22:25:37'),
(7816, 26, 1428, 'grossistes', 0, '2026-02-27 22:25:37', '2026-02-27 22:25:37'),
(7817, 26, 1429, 'grossistes', 0, '2026-02-27 22:25:37', '2026-02-27 22:25:37'),
(7818, 26, 1430, 'grossistes', 0, '2026-02-27 22:25:37', '2026-02-27 22:25:37'),
(7819, 26, 1431, 'grossistes', 0, '2026-02-27 22:25:37', '2026-02-27 22:25:37'),
(7820, 26, 1432, 'grossistes', 0, '2026-02-27 22:25:37', '2026-02-27 22:25:37'),
(7821, 26, 1433, 'grossistes', 0, '2026-02-27 22:25:37', '2026-02-27 22:25:37'),
(7822, 26, 1434, 'grossistes', 0, '2026-02-27 22:25:37', '2026-02-27 22:25:37'),
(7823, 26, 1435, 'grossistes', 0, '2026-02-27 22:25:37', '2026-02-27 22:25:37'),
(7824, 26, 1436, 'grossistes', 0, '2026-02-27 22:25:37', '2026-02-27 22:25:37'),
(7825, 26, 1437, 'grossistes', 0, '2026-02-27 22:25:37', '2026-02-27 22:25:37'),
(7826, 26, 1438, 'grossistes', 0, '2026-02-27 22:25:37', '2026-02-27 22:25:37'),
(7827, 26, 1439, 'grossistes', 0, '2026-02-27 22:25:37', '2026-02-27 22:25:37'),
(7828, 26, 1440, 'grossistes', 0, '2026-02-27 22:25:37', '2026-02-27 22:25:37'),
(7829, 26, 1441, 'grossistes', 0, '2026-02-27 22:25:37', '2026-02-27 22:25:37'),
(7830, 26, 1442, 'grossistes', 0, '2026-02-27 22:25:37', '2026-02-27 22:25:37'),
(7831, 26, 1443, 'grossistes', 0, '2026-02-27 22:25:37', '2026-02-27 22:25:37'),
(7832, 26, 1444, 'grossistes', 0, '2026-02-27 22:25:37', '2026-02-27 22:25:37'),
(7833, 26, 1445, 'grossistes', 0, '2026-02-27 22:25:37', '2026-02-27 22:25:37'),
(7834, 26, 1446, 'grossistes', 0, '2026-02-27 22:25:37', '2026-02-27 22:25:37'),
(7835, 26, 1447, 'grossistes', 0, '2026-02-27 22:25:37', '2026-02-27 22:25:37'),
(7836, 26, 1448, 'grossistes', 0, '2026-02-27 22:25:37', '2026-02-27 22:25:37'),
(7837, 26, 1449, 'grossistes', 0, '2026-02-27 22:25:37', '2026-02-27 22:25:37'),
(7838, 26, 1450, 'grossistes', 0, '2026-02-27 22:25:37', '2026-02-27 22:25:37'),
(7877, 26, 1504, 'pharmacies', 0, '2026-02-27 22:25:40', '2026-02-27 22:25:40'),
(7878, 26, 1505, 'pharmacies', 0, '2026-02-27 22:25:40', '2026-02-27 22:25:40'),
(7879, 26, 1506, 'pharmacies', 0, '2026-02-27 22:25:40', '2026-02-27 22:25:40'),
(7880, 26, 1507, 'pharmacies', 0, '2026-02-27 22:25:40', '2026-02-27 22:25:40'),
(7881, 26, 1508, 'pharmacies', 0, '2026-02-27 22:25:40', '2026-02-27 22:25:40'),
(7882, 26, 1509, 'pharmacies', 0, '2026-02-27 22:25:40', '2026-02-27 22:25:40'),
(7883, 26, 1510, 'pharmacies', 0, '2026-02-27 22:25:40', '2026-02-27 22:25:40'),
(7884, 26, 1511, 'pharmacies', 0, '2026-02-27 22:25:40', '2026-02-27 22:25:40'),
(7885, 26, 1512, 'pharmacies', 0, '2026-02-27 22:25:40', '2026-02-27 22:25:40'),
(7886, 26, 1513, 'pharmacies', 0, '2026-02-27 22:25:40', '2026-02-27 22:25:40'),
(7887, 26, 1514, 'pharmacies', 0, '2026-02-27 22:25:40', '2026-02-27 22:25:40'),
(7888, 26, 1515, 'pharmacies', 0, '2026-02-27 22:25:40', '2026-02-27 22:25:40'),
(7889, 26, 1516, 'pharmacies', 0, '2026-02-27 22:25:40', '2026-02-27 22:25:40'),
(7890, 26, 1517, 'pharmacies', 0, '2026-02-27 22:25:40', '2026-02-27 22:25:40');
INSERT INTO `organisation_node_unit_territories` (`id`, `organisation_node_unit_id`, `commune_id`, `cible`, `is_suggested`, `created_at`, `updated_at`) VALUES
(7891, 26, 1518, 'pharmacies', 0, '2026-02-27 22:25:40', '2026-02-27 22:25:40'),
(7892, 26, 1519, 'pharmacies', 0, '2026-02-27 22:25:40', '2026-02-27 22:25:40'),
(7893, 26, 1520, 'pharmacies', 0, '2026-02-27 22:25:40', '2026-02-27 22:25:40'),
(7894, 26, 1521, 'pharmacies', 0, '2026-02-27 22:25:40', '2026-02-27 22:25:40'),
(7895, 26, 1522, 'pharmacies', 0, '2026-02-27 22:25:40', '2026-02-27 22:25:40'),
(7896, 26, 1523, 'pharmacies', 0, '2026-02-27 22:25:40', '2026-02-27 22:25:40'),
(7897, 26, 1524, 'pharmacies', 0, '2026-02-27 22:25:40', '2026-02-27 22:25:40'),
(7898, 26, 1525, 'pharmacies', 0, '2026-02-27 22:25:40', '2026-02-27 22:25:40'),
(7899, 26, 1526, 'pharmacies', 0, '2026-02-27 22:25:40', '2026-02-27 22:25:40'),
(7900, 26, 1527, 'pharmacies', 0, '2026-02-27 22:25:40', '2026-02-27 22:25:40'),
(7901, 26, 1528, 'pharmacies', 0, '2026-02-27 22:25:40', '2026-02-27 22:25:40'),
(7902, 26, 1529, 'pharmacies', 0, '2026-02-27 22:25:40', '2026-02-27 22:25:40'),
(7903, 26, 1530, 'pharmacies', 0, '2026-02-27 22:25:40', '2026-02-27 22:25:40'),
(7904, 26, 1531, 'pharmacies', 0, '2026-02-27 22:25:40', '2026-02-27 22:25:40'),
(7905, 26, 1532, 'pharmacies', 0, '2026-02-27 22:25:40', '2026-02-27 22:25:40'),
(7906, 26, 1533, 'pharmacies', 0, '2026-02-27 22:25:40', '2026-02-27 22:25:40'),
(7907, 26, 1534, 'pharmacies', 0, '2026-02-27 22:25:40', '2026-02-27 22:25:40'),
(7908, 26, 1535, 'pharmacies', 0, '2026-02-27 22:25:40', '2026-02-27 22:25:40'),
(7909, 26, 1536, 'pharmacies', 0, '2026-02-27 22:25:40', '2026-02-27 22:25:40'),
(7910, 26, 1537, 'pharmacies', 0, '2026-02-27 22:25:40', '2026-02-27 22:25:40'),
(7911, 26, 1538, 'pharmacies', 0, '2026-02-27 22:25:40', '2026-02-27 22:25:40'),
(7912, 26, 1539, 'pharmacies', 0, '2026-02-27 22:25:40', '2026-02-27 22:25:40'),
(7913, 26, 1540, 'pharmacies', 0, '2026-02-27 22:25:40', '2026-02-27 22:25:40'),
(7914, 26, 1541, 'pharmacies', 0, '2026-02-27 22:25:40', '2026-02-27 22:25:40'),
(7915, 26, 1504, 'grossistes', 0, '2026-02-27 22:25:40', '2026-02-27 22:25:40'),
(7916, 26, 1505, 'grossistes', 0, '2026-02-27 22:25:40', '2026-02-27 22:25:40'),
(7917, 26, 1506, 'grossistes', 0, '2026-02-27 22:25:40', '2026-02-27 22:25:40'),
(7918, 26, 1507, 'grossistes', 0, '2026-02-27 22:25:40', '2026-02-27 22:25:40'),
(7919, 26, 1508, 'grossistes', 0, '2026-02-27 22:25:40', '2026-02-27 22:25:40'),
(7920, 26, 1509, 'grossistes', 0, '2026-02-27 22:25:40', '2026-02-27 22:25:40'),
(7921, 26, 1510, 'grossistes', 0, '2026-02-27 22:25:40', '2026-02-27 22:25:40'),
(7922, 26, 1511, 'grossistes', 0, '2026-02-27 22:25:40', '2026-02-27 22:25:40'),
(7923, 26, 1512, 'grossistes', 0, '2026-02-27 22:25:40', '2026-02-27 22:25:40'),
(7924, 26, 1513, 'grossistes', 0, '2026-02-27 22:25:40', '2026-02-27 22:25:40'),
(7925, 26, 1514, 'grossistes', 0, '2026-02-27 22:25:40', '2026-02-27 22:25:40'),
(7926, 26, 1515, 'grossistes', 0, '2026-02-27 22:25:40', '2026-02-27 22:25:40'),
(7927, 26, 1516, 'grossistes', 0, '2026-02-27 22:25:40', '2026-02-27 22:25:40'),
(7928, 26, 1517, 'grossistes', 0, '2026-02-27 22:25:40', '2026-02-27 22:25:40'),
(7929, 26, 1518, 'grossistes', 0, '2026-02-27 22:25:40', '2026-02-27 22:25:40'),
(7930, 26, 1519, 'grossistes', 0, '2026-02-27 22:25:40', '2026-02-27 22:25:40'),
(7931, 26, 1520, 'grossistes', 0, '2026-02-27 22:25:40', '2026-02-27 22:25:40'),
(7932, 26, 1521, 'grossistes', 0, '2026-02-27 22:25:40', '2026-02-27 22:25:40'),
(7933, 26, 1522, 'grossistes', 0, '2026-02-27 22:25:40', '2026-02-27 22:25:40'),
(7934, 26, 1523, 'grossistes', 0, '2026-02-27 22:25:40', '2026-02-27 22:25:40'),
(7935, 26, 1524, 'grossistes', 0, '2026-02-27 22:25:40', '2026-02-27 22:25:40'),
(7936, 26, 1525, 'grossistes', 0, '2026-02-27 22:25:40', '2026-02-27 22:25:40'),
(7937, 26, 1526, 'grossistes', 0, '2026-02-27 22:25:40', '2026-02-27 22:25:40'),
(7938, 26, 1527, 'grossistes', 0, '2026-02-27 22:25:40', '2026-02-27 22:25:40'),
(7939, 26, 1528, 'grossistes', 0, '2026-02-27 22:25:40', '2026-02-27 22:25:40'),
(7940, 26, 1529, 'grossistes', 0, '2026-02-27 22:25:40', '2026-02-27 22:25:40'),
(7941, 26, 1530, 'grossistes', 0, '2026-02-27 22:25:40', '2026-02-27 22:25:40'),
(7942, 26, 1531, 'grossistes', 0, '2026-02-27 22:25:40', '2026-02-27 22:25:40'),
(7943, 26, 1532, 'grossistes', 0, '2026-02-27 22:25:40', '2026-02-27 22:25:40'),
(7944, 26, 1533, 'grossistes', 0, '2026-02-27 22:25:40', '2026-02-27 22:25:40'),
(7945, 26, 1534, 'grossistes', 0, '2026-02-27 22:25:40', '2026-02-27 22:25:40'),
(7946, 26, 1535, 'grossistes', 0, '2026-02-27 22:25:40', '2026-02-27 22:25:40'),
(7947, 26, 1536, 'grossistes', 0, '2026-02-27 22:25:40', '2026-02-27 22:25:40'),
(7948, 26, 1537, 'grossistes', 0, '2026-02-27 22:25:40', '2026-02-27 22:25:40'),
(7949, 26, 1538, 'grossistes', 0, '2026-02-27 22:25:40', '2026-02-27 22:25:40'),
(7950, 26, 1539, 'grossistes', 0, '2026-02-27 22:25:40', '2026-02-27 22:25:40'),
(7951, 26, 1540, 'grossistes', 0, '2026-02-27 22:25:40', '2026-02-27 22:25:40'),
(7952, 26, 1541, 'grossistes', 0, '2026-02-27 22:25:40', '2026-02-27 22:25:40'),
(7953, 30, 29, 'medecins', 0, '2026-02-27 22:25:59', '2026-02-27 22:25:59'),
(7954, 30, 30, 'medecins', 0, '2026-02-27 22:25:59', '2026-02-27 22:25:59'),
(7955, 30, 31, 'medecins', 0, '2026-02-27 22:25:59', '2026-02-27 22:25:59'),
(7956, 30, 32, 'medecins', 0, '2026-02-27 22:25:59', '2026-02-27 22:25:59'),
(7957, 30, 33, 'medecins', 0, '2026-02-27 22:25:59', '2026-02-27 22:25:59'),
(7958, 30, 34, 'medecins', 0, '2026-02-27 22:25:59', '2026-02-27 22:25:59'),
(7959, 30, 35, 'medecins', 0, '2026-02-27 22:25:59', '2026-02-27 22:25:59'),
(7960, 30, 36, 'medecins', 0, '2026-02-27 22:25:59', '2026-02-27 22:25:59'),
(7961, 30, 37, 'medecins', 0, '2026-02-27 22:25:59', '2026-02-27 22:25:59'),
(7962, 30, 38, 'medecins', 0, '2026-02-27 22:25:59', '2026-02-27 22:25:59'),
(7963, 30, 39, 'medecins', 0, '2026-02-27 22:25:59', '2026-02-27 22:25:59'),
(7964, 30, 40, 'medecins', 0, '2026-02-27 22:25:59', '2026-02-27 22:25:59'),
(7965, 30, 41, 'medecins', 0, '2026-02-27 22:25:59', '2026-02-27 22:25:59'),
(7966, 30, 42, 'medecins', 0, '2026-02-27 22:25:59', '2026-02-27 22:25:59'),
(7967, 30, 43, 'medecins', 0, '2026-02-27 22:25:59', '2026-02-27 22:25:59'),
(7968, 30, 44, 'medecins', 0, '2026-02-27 22:25:59', '2026-02-27 22:25:59'),
(7969, 30, 45, 'medecins', 0, '2026-02-27 22:25:59', '2026-02-27 22:25:59'),
(7970, 30, 46, 'medecins', 0, '2026-02-27 22:25:59', '2026-02-27 22:25:59'),
(7971, 30, 47, 'medecins', 0, '2026-02-27 22:25:59', '2026-02-27 22:25:59'),
(7972, 30, 48, 'medecins', 0, '2026-02-27 22:25:59', '2026-02-27 22:25:59'),
(7973, 30, 49, 'medecins', 0, '2026-02-27 22:25:59', '2026-02-27 22:25:59'),
(7974, 30, 50, 'medecins', 0, '2026-02-27 22:25:59', '2026-02-27 22:25:59'),
(7975, 30, 51, 'medecins', 0, '2026-02-27 22:25:59', '2026-02-27 22:25:59'),
(7976, 30, 52, 'medecins', 0, '2026-02-27 22:25:59', '2026-02-27 22:25:59'),
(7977, 30, 53, 'medecins', 0, '2026-02-27 22:25:59', '2026-02-27 22:25:59'),
(7978, 30, 54, 'medecins', 0, '2026-02-27 22:25:59', '2026-02-27 22:25:59'),
(7979, 30, 55, 'medecins', 0, '2026-02-27 22:25:59', '2026-02-27 22:25:59'),
(7980, 30, 56, 'medecins', 0, '2026-02-27 22:25:59', '2026-02-27 22:25:59'),
(7981, 30, 57, 'medecins', 0, '2026-02-27 22:25:59', '2026-02-27 22:25:59'),
(7982, 30, 58, 'medecins', 0, '2026-02-27 22:25:59', '2026-02-27 22:25:59'),
(7983, 30, 59, 'medecins', 0, '2026-02-27 22:25:59', '2026-02-27 22:25:59'),
(7984, 30, 60, 'medecins', 0, '2026-02-27 22:25:59', '2026-02-27 22:25:59'),
(7985, 30, 61, 'medecins', 0, '2026-02-27 22:25:59', '2026-02-27 22:25:59'),
(7986, 30, 62, 'medecins', 0, '2026-02-27 22:25:59', '2026-02-27 22:25:59'),
(7987, 30, 63, 'medecins', 0, '2026-02-27 22:25:59', '2026-02-27 22:25:59'),
(7988, 30, 1415, 'medecins', 0, '2026-02-27 22:26:03', '2026-02-27 22:26:03'),
(7989, 30, 1416, 'medecins', 0, '2026-02-27 22:26:03', '2026-02-27 22:26:03'),
(7990, 30, 1417, 'medecins', 0, '2026-02-27 22:26:03', '2026-02-27 22:26:03'),
(7991, 30, 1418, 'medecins', 0, '2026-02-27 22:26:03', '2026-02-27 22:26:03'),
(7992, 30, 1419, 'medecins', 0, '2026-02-27 22:26:03', '2026-02-27 22:26:03'),
(7993, 30, 1420, 'medecins', 0, '2026-02-27 22:26:03', '2026-02-27 22:26:03'),
(7994, 30, 1421, 'medecins', 0, '2026-02-27 22:26:03', '2026-02-27 22:26:03'),
(7995, 30, 1422, 'medecins', 0, '2026-02-27 22:26:03', '2026-02-27 22:26:03'),
(7996, 30, 1423, 'medecins', 0, '2026-02-27 22:26:03', '2026-02-27 22:26:03'),
(7997, 30, 1424, 'medecins', 0, '2026-02-27 22:26:03', '2026-02-27 22:26:03'),
(7998, 30, 1425, 'medecins', 0, '2026-02-27 22:26:03', '2026-02-27 22:26:03'),
(7999, 30, 1426, 'medecins', 0, '2026-02-27 22:26:03', '2026-02-27 22:26:03'),
(8000, 30, 1427, 'medecins', 0, '2026-02-27 22:26:03', '2026-02-27 22:26:03'),
(8001, 30, 1428, 'medecins', 0, '2026-02-27 22:26:03', '2026-02-27 22:26:03'),
(8002, 30, 1429, 'medecins', 0, '2026-02-27 22:26:03', '2026-02-27 22:26:03'),
(8003, 30, 1430, 'medecins', 0, '2026-02-27 22:26:03', '2026-02-27 22:26:03'),
(8004, 30, 1431, 'medecins', 0, '2026-02-27 22:26:03', '2026-02-27 22:26:03'),
(8005, 30, 1432, 'medecins', 0, '2026-02-27 22:26:03', '2026-02-27 22:26:03'),
(8006, 30, 1433, 'medecins', 0, '2026-02-27 22:26:03', '2026-02-27 22:26:03'),
(8007, 30, 1434, 'medecins', 0, '2026-02-27 22:26:03', '2026-02-27 22:26:03'),
(8008, 30, 1435, 'medecins', 0, '2026-02-27 22:26:03', '2026-02-27 22:26:03'),
(8009, 30, 1436, 'medecins', 0, '2026-02-27 22:26:03', '2026-02-27 22:26:03'),
(8010, 30, 1437, 'medecins', 0, '2026-02-27 22:26:03', '2026-02-27 22:26:03'),
(8011, 30, 1438, 'medecins', 0, '2026-02-27 22:26:03', '2026-02-27 22:26:03'),
(8012, 30, 1439, 'medecins', 0, '2026-02-27 22:26:03', '2026-02-27 22:26:03'),
(8013, 30, 1440, 'medecins', 0, '2026-02-27 22:26:03', '2026-02-27 22:26:03'),
(8014, 30, 1441, 'medecins', 0, '2026-02-27 22:26:03', '2026-02-27 22:26:03'),
(8015, 30, 1442, 'medecins', 0, '2026-02-27 22:26:03', '2026-02-27 22:26:03'),
(8016, 30, 1443, 'medecins', 0, '2026-02-27 22:26:03', '2026-02-27 22:26:03'),
(8017, 30, 1444, 'medecins', 0, '2026-02-27 22:26:03', '2026-02-27 22:26:03'),
(8018, 30, 1445, 'medecins', 0, '2026-02-27 22:26:03', '2026-02-27 22:26:03'),
(8019, 30, 1446, 'medecins', 0, '2026-02-27 22:26:03', '2026-02-27 22:26:03'),
(8020, 30, 1447, 'medecins', 0, '2026-02-27 22:26:03', '2026-02-27 22:26:03'),
(8021, 30, 1448, 'medecins', 0, '2026-02-27 22:26:03', '2026-02-27 22:26:03'),
(8022, 30, 1449, 'medecins', 0, '2026-02-27 22:26:03', '2026-02-27 22:26:03'),
(8023, 30, 1450, 'medecins', 0, '2026-02-27 22:26:03', '2026-02-27 22:26:03'),
(8024, 30, 1504, 'medecins', 0, '2026-02-27 22:26:05', '2026-02-27 22:26:05'),
(8025, 30, 1505, 'medecins', 0, '2026-02-27 22:26:05', '2026-02-27 22:26:05'),
(8026, 30, 1506, 'medecins', 0, '2026-02-27 22:26:05', '2026-02-27 22:26:05'),
(8027, 30, 1507, 'medecins', 0, '2026-02-27 22:26:05', '2026-02-27 22:26:05'),
(8028, 30, 1508, 'medecins', 0, '2026-02-27 22:26:05', '2026-02-27 22:26:05'),
(8029, 30, 1509, 'medecins', 0, '2026-02-27 22:26:05', '2026-02-27 22:26:05'),
(8030, 30, 1510, 'medecins', 0, '2026-02-27 22:26:05', '2026-02-27 22:26:05'),
(8031, 30, 1511, 'medecins', 0, '2026-02-27 22:26:05', '2026-02-27 22:26:05'),
(8032, 30, 1512, 'medecins', 0, '2026-02-27 22:26:05', '2026-02-27 22:26:05'),
(8033, 30, 1513, 'medecins', 0, '2026-02-27 22:26:05', '2026-02-27 22:26:05'),
(8034, 30, 1514, 'medecins', 0, '2026-02-27 22:26:05', '2026-02-27 22:26:05'),
(8035, 30, 1515, 'medecins', 0, '2026-02-27 22:26:05', '2026-02-27 22:26:05'),
(8036, 30, 1516, 'medecins', 0, '2026-02-27 22:26:05', '2026-02-27 22:26:05'),
(8037, 30, 1517, 'medecins', 0, '2026-02-27 22:26:05', '2026-02-27 22:26:05'),
(8038, 30, 1518, 'medecins', 0, '2026-02-27 22:26:05', '2026-02-27 22:26:05'),
(8039, 30, 1519, 'medecins', 0, '2026-02-27 22:26:05', '2026-02-27 22:26:05'),
(8040, 30, 1520, 'medecins', 0, '2026-02-27 22:26:05', '2026-02-27 22:26:05'),
(8041, 30, 1521, 'medecins', 0, '2026-02-27 22:26:05', '2026-02-27 22:26:05'),
(8042, 30, 1522, 'medecins', 0, '2026-02-27 22:26:05', '2026-02-27 22:26:05'),
(8043, 30, 1523, 'medecins', 0, '2026-02-27 22:26:06', '2026-02-27 22:26:06'),
(8044, 30, 1524, 'medecins', 0, '2026-02-27 22:26:06', '2026-02-27 22:26:06'),
(8045, 30, 1525, 'medecins', 0, '2026-02-27 22:26:06', '2026-02-27 22:26:06'),
(8046, 30, 1526, 'medecins', 0, '2026-02-27 22:26:06', '2026-02-27 22:26:06'),
(8047, 30, 1527, 'medecins', 0, '2026-02-27 22:26:06', '2026-02-27 22:26:06'),
(8048, 30, 1528, 'medecins', 0, '2026-02-27 22:26:06', '2026-02-27 22:26:06'),
(8049, 30, 1529, 'medecins', 0, '2026-02-27 22:26:06', '2026-02-27 22:26:06'),
(8050, 30, 1530, 'medecins', 0, '2026-02-27 22:26:06', '2026-02-27 22:26:06'),
(8051, 30, 1531, 'medecins', 0, '2026-02-27 22:26:06', '2026-02-27 22:26:06'),
(8052, 30, 1532, 'medecins', 0, '2026-02-27 22:26:06', '2026-02-27 22:26:06'),
(8053, 30, 1533, 'medecins', 0, '2026-02-27 22:26:06', '2026-02-27 22:26:06'),
(8054, 30, 1534, 'medecins', 0, '2026-02-27 22:26:06', '2026-02-27 22:26:06'),
(8055, 30, 1535, 'medecins', 0, '2026-02-27 22:26:06', '2026-02-27 22:26:06'),
(8056, 30, 1536, 'medecins', 0, '2026-02-27 22:26:06', '2026-02-27 22:26:06'),
(8057, 30, 1537, 'medecins', 0, '2026-02-27 22:26:06', '2026-02-27 22:26:06'),
(8058, 30, 1538, 'medecins', 0, '2026-02-27 22:26:06', '2026-02-27 22:26:06'),
(8059, 30, 1539, 'medecins', 0, '2026-02-27 22:26:06', '2026-02-27 22:26:06'),
(8060, 30, 1540, 'medecins', 0, '2026-02-27 22:26:06', '2026-02-27 22:26:06'),
(8061, 30, 1541, 'medecins', 0, '2026-02-27 22:26:06', '2026-02-27 22:26:06'),
(8062, 47, 487, 'medecins', 0, '2026-02-27 22:26:26', '2026-02-27 22:26:26'),
(8063, 47, 488, 'medecins', 0, '2026-02-27 22:26:26', '2026-02-27 22:26:26'),
(8064, 47, 489, 'medecins', 0, '2026-02-27 22:26:26', '2026-02-27 22:26:26'),
(8065, 47, 490, 'medecins', 0, '2026-02-27 22:26:26', '2026-02-27 22:26:26'),
(8066, 47, 491, 'medecins', 0, '2026-02-27 22:26:26', '2026-02-27 22:26:26'),
(8067, 47, 492, 'medecins', 0, '2026-02-27 22:26:26', '2026-02-27 22:26:26'),
(8068, 47, 493, 'medecins', 0, '2026-02-27 22:26:26', '2026-02-27 22:26:26'),
(8069, 47, 494, 'medecins', 0, '2026-02-27 22:26:26', '2026-02-27 22:26:26'),
(8070, 47, 495, 'medecins', 0, '2026-02-27 22:26:26', '2026-02-27 22:26:26'),
(8071, 47, 496, 'medecins', 0, '2026-02-27 22:26:26', '2026-02-27 22:26:26'),
(8072, 47, 497, 'medecins', 0, '2026-02-27 22:26:26', '2026-02-27 22:26:26'),
(8073, 47, 498, 'medecins', 0, '2026-02-27 22:26:26', '2026-02-27 22:26:26'),
(8074, 47, 499, 'medecins', 0, '2026-02-27 22:26:26', '2026-02-27 22:26:26'),
(8075, 47, 500, 'medecins', 0, '2026-02-27 22:26:26', '2026-02-27 22:26:26'),
(8076, 47, 501, 'medecins', 0, '2026-02-27 22:26:26', '2026-02-27 22:26:26'),
(8077, 47, 502, 'medecins', 0, '2026-02-27 22:26:26', '2026-02-27 22:26:26'),
(8078, 47, 503, 'medecins', 0, '2026-02-27 22:26:26', '2026-02-27 22:26:26'),
(8079, 47, 504, 'medecins', 0, '2026-02-27 22:26:26', '2026-02-27 22:26:26'),
(8080, 47, 505, 'medecins', 0, '2026-02-27 22:26:26', '2026-02-27 22:26:26'),
(8081, 47, 506, 'medecins', 0, '2026-02-27 22:26:26', '2026-02-27 22:26:26'),
(8082, 47, 507, 'medecins', 0, '2026-02-27 22:26:26', '2026-02-27 22:26:26'),
(8083, 47, 508, 'medecins', 0, '2026-02-27 22:26:26', '2026-02-27 22:26:26'),
(8084, 47, 509, 'medecins', 0, '2026-02-27 22:26:26', '2026-02-27 22:26:26'),
(8085, 47, 510, 'medecins', 0, '2026-02-27 22:26:26', '2026-02-27 22:26:26'),
(8086, 47, 511, 'medecins', 0, '2026-02-27 22:26:26', '2026-02-27 22:26:26'),
(8087, 47, 512, 'medecins', 0, '2026-02-27 22:26:26', '2026-02-27 22:26:26'),
(8088, 47, 513, 'medecins', 0, '2026-02-27 22:26:26', '2026-02-27 22:26:26'),
(8089, 47, 514, 'medecins', 0, '2026-02-27 22:26:26', '2026-02-27 22:26:26'),
(8090, 47, 515, 'medecins', 0, '2026-02-27 22:26:26', '2026-02-27 22:26:26'),
(8091, 47, 516, 'medecins', 0, '2026-02-27 22:26:26', '2026-02-27 22:26:26'),
(8092, 47, 517, 'medecins', 0, '2026-02-27 22:26:26', '2026-02-27 22:26:26'),
(8093, 47, 518, 'medecins', 0, '2026-02-27 22:26:26', '2026-02-27 22:26:26'),
(8094, 47, 519, 'medecins', 0, '2026-02-27 22:26:26', '2026-02-27 22:26:26'),
(8095, 47, 520, 'medecins', 0, '2026-02-27 22:26:26', '2026-02-27 22:26:26'),
(8096, 47, 521, 'medecins', 0, '2026-02-27 22:26:26', '2026-02-27 22:26:26'),
(8097, 47, 522, 'medecins', 0, '2026-02-27 22:26:26', '2026-02-27 22:26:26'),
(8098, 47, 523, 'medecins', 0, '2026-02-27 22:26:26', '2026-02-27 22:26:26'),
(8099, 47, 524, 'medecins', 0, '2026-02-27 22:26:26', '2026-02-27 22:26:26'),
(8100, 47, 525, 'medecins', 0, '2026-02-27 22:26:26', '2026-02-27 22:26:26'),
(8101, 47, 526, 'medecins', 0, '2026-02-27 22:26:26', '2026-02-27 22:26:26'),
(8102, 47, 527, 'medecins', 0, '2026-02-27 22:26:26', '2026-02-27 22:26:26'),
(8103, 47, 528, 'medecins', 0, '2026-02-27 22:26:26', '2026-02-27 22:26:26'),
(8104, 47, 529, 'medecins', 0, '2026-02-27 22:26:26', '2026-02-27 22:26:26'),
(8105, 47, 530, 'medecins', 0, '2026-02-27 22:26:26', '2026-02-27 22:26:26'),
(8106, 47, 531, 'medecins', 0, '2026-02-27 22:26:26', '2026-02-27 22:26:26'),
(8107, 47, 532, 'medecins', 0, '2026-02-27 22:26:26', '2026-02-27 22:26:26'),
(8108, 47, 533, 'medecins', 0, '2026-02-27 22:26:26', '2026-02-27 22:26:26'),
(8109, 47, 534, 'medecins', 0, '2026-02-27 22:26:26', '2026-02-27 22:26:26'),
(8110, 47, 535, 'medecins', 0, '2026-02-27 22:26:26', '2026-02-27 22:26:26'),
(8111, 47, 536, 'medecins', 0, '2026-02-27 22:26:26', '2026-02-27 22:26:26'),
(8112, 47, 537, 'medecins', 0, '2026-02-27 22:26:26', '2026-02-27 22:26:26'),
(8113, 47, 538, 'medecins', 0, '2026-02-27 22:26:26', '2026-02-27 22:26:26'),
(8114, 47, 539, 'medecins', 0, '2026-02-27 22:26:26', '2026-02-27 22:26:26'),
(8115, 47, 540, 'medecins', 0, '2026-02-27 22:26:26', '2026-02-27 22:26:26'),
(8116, 47, 541, 'medecins', 0, '2026-02-27 22:26:26', '2026-02-27 22:26:26'),
(8117, 47, 542, 'medecins', 0, '2026-02-27 22:26:26', '2026-02-27 22:26:26'),
(8118, 47, 543, 'medecins', 0, '2026-02-27 22:26:26', '2026-02-27 22:26:26'),
(8119, 47, 544, 'medecins', 0, '2026-02-27 22:26:26', '2026-02-27 22:26:26'),
(8120, 47, 545, 'medecins', 0, '2026-02-27 22:26:26', '2026-02-27 22:26:26'),
(8121, 47, 546, 'medecins', 0, '2026-02-27 22:26:26', '2026-02-27 22:26:26'),
(8122, 47, 547, 'medecins', 0, '2026-02-27 22:26:26', '2026-02-27 22:26:26'),
(8123, 47, 548, 'medecins', 0, '2026-02-27 22:26:26', '2026-02-27 22:26:26'),
(8124, 47, 549, 'medecins', 0, '2026-02-27 22:26:26', '2026-02-27 22:26:26'),
(8125, 47, 550, 'medecins', 0, '2026-02-27 22:26:26', '2026-02-27 22:26:26'),
(8126, 47, 551, 'medecins', 0, '2026-02-27 22:26:26', '2026-02-27 22:26:26'),
(8127, 47, 552, 'medecins', 0, '2026-02-27 22:26:26', '2026-02-27 22:26:26'),
(8128, 47, 553, 'medecins', 0, '2026-02-27 22:26:26', '2026-02-27 22:26:26'),
(8129, 47, 487, 'pharmacies', 0, '2026-02-27 22:26:26', '2026-02-27 22:26:26'),
(8130, 47, 488, 'pharmacies', 0, '2026-02-27 22:26:26', '2026-02-27 22:26:26'),
(8131, 47, 489, 'pharmacies', 0, '2026-02-27 22:26:26', '2026-02-27 22:26:26'),
(8132, 47, 490, 'pharmacies', 0, '2026-02-27 22:26:26', '2026-02-27 22:26:26'),
(8133, 47, 491, 'pharmacies', 0, '2026-02-27 22:26:26', '2026-02-27 22:26:26'),
(8134, 47, 492, 'pharmacies', 0, '2026-02-27 22:26:26', '2026-02-27 22:26:26'),
(8135, 47, 493, 'pharmacies', 0, '2026-02-27 22:26:26', '2026-02-27 22:26:26'),
(8136, 47, 494, 'pharmacies', 0, '2026-02-27 22:26:26', '2026-02-27 22:26:26'),
(8137, 47, 495, 'pharmacies', 0, '2026-02-27 22:26:26', '2026-02-27 22:26:26'),
(8138, 47, 496, 'pharmacies', 0, '2026-02-27 22:26:26', '2026-02-27 22:26:26'),
(8139, 47, 497, 'pharmacies', 0, '2026-02-27 22:26:26', '2026-02-27 22:26:26'),
(8140, 47, 498, 'pharmacies', 0, '2026-02-27 22:26:26', '2026-02-27 22:26:26'),
(8141, 47, 499, 'pharmacies', 0, '2026-02-27 22:26:26', '2026-02-27 22:26:26'),
(8142, 47, 500, 'pharmacies', 0, '2026-02-27 22:26:26', '2026-02-27 22:26:26'),
(8143, 47, 501, 'pharmacies', 0, '2026-02-27 22:26:26', '2026-02-27 22:26:26'),
(8144, 47, 502, 'pharmacies', 0, '2026-02-27 22:26:26', '2026-02-27 22:26:26'),
(8145, 47, 503, 'pharmacies', 0, '2026-02-27 22:26:26', '2026-02-27 22:26:26'),
(8146, 47, 504, 'pharmacies', 0, '2026-02-27 22:26:26', '2026-02-27 22:26:26'),
(8147, 47, 505, 'pharmacies', 0, '2026-02-27 22:26:26', '2026-02-27 22:26:26'),
(8148, 47, 506, 'pharmacies', 0, '2026-02-27 22:26:26', '2026-02-27 22:26:26'),
(8149, 47, 507, 'pharmacies', 0, '2026-02-27 22:26:26', '2026-02-27 22:26:26'),
(8150, 47, 508, 'pharmacies', 0, '2026-02-27 22:26:26', '2026-02-27 22:26:26'),
(8151, 47, 509, 'pharmacies', 0, '2026-02-27 22:26:26', '2026-02-27 22:26:26'),
(8152, 47, 510, 'pharmacies', 0, '2026-02-27 22:26:26', '2026-02-27 22:26:26'),
(8153, 47, 511, 'pharmacies', 0, '2026-02-27 22:26:27', '2026-02-27 22:26:27'),
(8154, 47, 512, 'pharmacies', 0, '2026-02-27 22:26:27', '2026-02-27 22:26:27'),
(8155, 47, 513, 'pharmacies', 0, '2026-02-27 22:26:27', '2026-02-27 22:26:27'),
(8156, 47, 514, 'pharmacies', 0, '2026-02-27 22:26:27', '2026-02-27 22:26:27'),
(8157, 47, 515, 'pharmacies', 0, '2026-02-27 22:26:27', '2026-02-27 22:26:27'),
(8158, 47, 516, 'pharmacies', 0, '2026-02-27 22:26:27', '2026-02-27 22:26:27'),
(8159, 47, 517, 'pharmacies', 0, '2026-02-27 22:26:27', '2026-02-27 22:26:27'),
(8160, 47, 518, 'pharmacies', 0, '2026-02-27 22:26:27', '2026-02-27 22:26:27'),
(8161, 47, 519, 'pharmacies', 0, '2026-02-27 22:26:27', '2026-02-27 22:26:27'),
(8162, 47, 520, 'pharmacies', 0, '2026-02-27 22:26:27', '2026-02-27 22:26:27'),
(8163, 47, 521, 'pharmacies', 0, '2026-02-27 22:26:27', '2026-02-27 22:26:27'),
(8164, 47, 522, 'pharmacies', 0, '2026-02-27 22:26:27', '2026-02-27 22:26:27'),
(8165, 47, 523, 'pharmacies', 0, '2026-02-27 22:26:27', '2026-02-27 22:26:27'),
(8166, 47, 524, 'pharmacies', 0, '2026-02-27 22:26:27', '2026-02-27 22:26:27'),
(8167, 47, 525, 'pharmacies', 0, '2026-02-27 22:26:27', '2026-02-27 22:26:27'),
(8168, 47, 526, 'pharmacies', 0, '2026-02-27 22:26:27', '2026-02-27 22:26:27'),
(8169, 47, 527, 'pharmacies', 0, '2026-02-27 22:26:27', '2026-02-27 22:26:27'),
(8170, 47, 528, 'pharmacies', 0, '2026-02-27 22:26:27', '2026-02-27 22:26:27'),
(8171, 47, 529, 'pharmacies', 0, '2026-02-27 22:26:27', '2026-02-27 22:26:27'),
(8172, 47, 530, 'pharmacies', 0, '2026-02-27 22:26:27', '2026-02-27 22:26:27'),
(8173, 47, 531, 'pharmacies', 0, '2026-02-27 22:26:27', '2026-02-27 22:26:27'),
(8174, 47, 532, 'pharmacies', 0, '2026-02-27 22:26:27', '2026-02-27 22:26:27'),
(8175, 47, 533, 'pharmacies', 0, '2026-02-27 22:26:27', '2026-02-27 22:26:27'),
(8176, 47, 534, 'pharmacies', 0, '2026-02-27 22:26:27', '2026-02-27 22:26:27'),
(8177, 47, 535, 'pharmacies', 0, '2026-02-27 22:26:27', '2026-02-27 22:26:27'),
(8178, 47, 536, 'pharmacies', 0, '2026-02-27 22:26:27', '2026-02-27 22:26:27'),
(8179, 47, 537, 'pharmacies', 0, '2026-02-27 22:26:27', '2026-02-27 22:26:27'),
(8180, 47, 538, 'pharmacies', 0, '2026-02-27 22:26:27', '2026-02-27 22:26:27'),
(8181, 47, 539, 'pharmacies', 0, '2026-02-27 22:26:27', '2026-02-27 22:26:27'),
(8182, 47, 540, 'pharmacies', 0, '2026-02-27 22:26:27', '2026-02-27 22:26:27'),
(8183, 47, 541, 'pharmacies', 0, '2026-02-27 22:26:27', '2026-02-27 22:26:27'),
(8184, 47, 542, 'pharmacies', 0, '2026-02-27 22:26:27', '2026-02-27 22:26:27'),
(8185, 47, 543, 'pharmacies', 0, '2026-02-27 22:26:27', '2026-02-27 22:26:27'),
(8186, 47, 544, 'pharmacies', 0, '2026-02-27 22:26:27', '2026-02-27 22:26:27'),
(8187, 47, 545, 'pharmacies', 0, '2026-02-27 22:26:27', '2026-02-27 22:26:27'),
(8188, 47, 546, 'pharmacies', 0, '2026-02-27 22:26:27', '2026-02-27 22:26:27'),
(8189, 47, 547, 'pharmacies', 0, '2026-02-27 22:26:27', '2026-02-27 22:26:27'),
(8190, 47, 548, 'pharmacies', 0, '2026-02-27 22:26:27', '2026-02-27 22:26:27'),
(8191, 47, 549, 'pharmacies', 0, '2026-02-27 22:26:27', '2026-02-27 22:26:27'),
(8192, 47, 550, 'pharmacies', 0, '2026-02-27 22:26:27', '2026-02-27 22:26:27'),
(8193, 47, 551, 'pharmacies', 0, '2026-02-27 22:26:27', '2026-02-27 22:26:27'),
(8194, 47, 552, 'pharmacies', 0, '2026-02-27 22:26:27', '2026-02-27 22:26:27'),
(8195, 47, 553, 'pharmacies', 0, '2026-02-27 22:26:27', '2026-02-27 22:26:27'),
(8196, 47, 487, 'grossistes', 0, '2026-02-27 22:26:27', '2026-02-27 22:26:27'),
(8197, 47, 488, 'grossistes', 0, '2026-02-27 22:26:27', '2026-02-27 22:26:27'),
(8198, 47, 489, 'grossistes', 0, '2026-02-27 22:26:27', '2026-02-27 22:26:27'),
(8199, 47, 490, 'grossistes', 0, '2026-02-27 22:26:27', '2026-02-27 22:26:27'),
(8200, 47, 491, 'grossistes', 0, '2026-02-27 22:26:27', '2026-02-27 22:26:27'),
(8201, 47, 492, 'grossistes', 0, '2026-02-27 22:26:27', '2026-02-27 22:26:27'),
(8202, 47, 493, 'grossistes', 0, '2026-02-27 22:26:27', '2026-02-27 22:26:27'),
(8203, 47, 494, 'grossistes', 0, '2026-02-27 22:26:27', '2026-02-27 22:26:27'),
(8204, 47, 495, 'grossistes', 0, '2026-02-27 22:26:27', '2026-02-27 22:26:27'),
(8205, 47, 496, 'grossistes', 0, '2026-02-27 22:26:27', '2026-02-27 22:26:27'),
(8206, 47, 497, 'grossistes', 0, '2026-02-27 22:26:27', '2026-02-27 22:26:27'),
(8207, 47, 498, 'grossistes', 0, '2026-02-27 22:26:27', '2026-02-27 22:26:27'),
(8208, 47, 499, 'grossistes', 0, '2026-02-27 22:26:27', '2026-02-27 22:26:27'),
(8209, 47, 500, 'grossistes', 0, '2026-02-27 22:26:27', '2026-02-27 22:26:27'),
(8210, 47, 501, 'grossistes', 0, '2026-02-27 22:26:27', '2026-02-27 22:26:27'),
(8211, 47, 502, 'grossistes', 0, '2026-02-27 22:26:27', '2026-02-27 22:26:27'),
(8212, 47, 503, 'grossistes', 0, '2026-02-27 22:26:27', '2026-02-27 22:26:27'),
(8213, 47, 504, 'grossistes', 0, '2026-02-27 22:26:27', '2026-02-27 22:26:27'),
(8214, 47, 505, 'grossistes', 0, '2026-02-27 22:26:27', '2026-02-27 22:26:27'),
(8215, 47, 506, 'grossistes', 0, '2026-02-27 22:26:27', '2026-02-27 22:26:27'),
(8216, 47, 507, 'grossistes', 0, '2026-02-27 22:26:27', '2026-02-27 22:26:27'),
(8217, 47, 508, 'grossistes', 0, '2026-02-27 22:26:27', '2026-02-27 22:26:27'),
(8218, 47, 509, 'grossistes', 0, '2026-02-27 22:26:27', '2026-02-27 22:26:27'),
(8219, 47, 510, 'grossistes', 0, '2026-02-27 22:26:27', '2026-02-27 22:26:27'),
(8220, 47, 511, 'grossistes', 0, '2026-02-27 22:26:27', '2026-02-27 22:26:27'),
(8221, 47, 512, 'grossistes', 0, '2026-02-27 22:26:27', '2026-02-27 22:26:27'),
(8222, 47, 513, 'grossistes', 0, '2026-02-27 22:26:27', '2026-02-27 22:26:27'),
(8223, 47, 514, 'grossistes', 0, '2026-02-27 22:26:27', '2026-02-27 22:26:27'),
(8224, 47, 515, 'grossistes', 0, '2026-02-27 22:26:27', '2026-02-27 22:26:27'),
(8225, 47, 516, 'grossistes', 0, '2026-02-27 22:26:27', '2026-02-27 22:26:27'),
(8226, 47, 517, 'grossistes', 0, '2026-02-27 22:26:27', '2026-02-27 22:26:27'),
(8227, 47, 518, 'grossistes', 0, '2026-02-27 22:26:27', '2026-02-27 22:26:27'),
(8228, 47, 519, 'grossistes', 0, '2026-02-27 22:26:27', '2026-02-27 22:26:27'),
(8229, 47, 520, 'grossistes', 0, '2026-02-27 22:26:27', '2026-02-27 22:26:27'),
(8230, 47, 521, 'grossistes', 0, '2026-02-27 22:26:27', '2026-02-27 22:26:27'),
(8231, 47, 522, 'grossistes', 0, '2026-02-27 22:26:27', '2026-02-27 22:26:27'),
(8232, 47, 523, 'grossistes', 0, '2026-02-27 22:26:27', '2026-02-27 22:26:27'),
(8233, 47, 524, 'grossistes', 0, '2026-02-27 22:26:27', '2026-02-27 22:26:27'),
(8234, 47, 525, 'grossistes', 0, '2026-02-27 22:26:27', '2026-02-27 22:26:27'),
(8235, 47, 526, 'grossistes', 0, '2026-02-27 22:26:27', '2026-02-27 22:26:27'),
(8236, 47, 527, 'grossistes', 0, '2026-02-27 22:26:27', '2026-02-27 22:26:27'),
(8237, 47, 528, 'grossistes', 0, '2026-02-27 22:26:27', '2026-02-27 22:26:27'),
(8238, 47, 529, 'grossistes', 0, '2026-02-27 22:26:27', '2026-02-27 22:26:27'),
(8239, 47, 530, 'grossistes', 0, '2026-02-27 22:26:27', '2026-02-27 22:26:27'),
(8240, 47, 531, 'grossistes', 0, '2026-02-27 22:26:27', '2026-02-27 22:26:27'),
(8241, 47, 532, 'grossistes', 0, '2026-02-27 22:26:27', '2026-02-27 22:26:27'),
(8242, 47, 533, 'grossistes', 0, '2026-02-27 22:26:27', '2026-02-27 22:26:27'),
(8243, 47, 534, 'grossistes', 0, '2026-02-27 22:26:27', '2026-02-27 22:26:27'),
(8244, 47, 535, 'grossistes', 0, '2026-02-27 22:26:27', '2026-02-27 22:26:27'),
(8245, 47, 536, 'grossistes', 0, '2026-02-27 22:26:27', '2026-02-27 22:26:27'),
(8246, 47, 537, 'grossistes', 0, '2026-02-27 22:26:27', '2026-02-27 22:26:27'),
(8247, 47, 538, 'grossistes', 0, '2026-02-27 22:26:27', '2026-02-27 22:26:27'),
(8248, 47, 539, 'grossistes', 0, '2026-02-27 22:26:27', '2026-02-27 22:26:27'),
(8249, 47, 540, 'grossistes', 0, '2026-02-27 22:26:27', '2026-02-27 22:26:27'),
(8250, 47, 541, 'grossistes', 0, '2026-02-27 22:26:27', '2026-02-27 22:26:27'),
(8251, 47, 542, 'grossistes', 0, '2026-02-27 22:26:27', '2026-02-27 22:26:27'),
(8252, 47, 543, 'grossistes', 0, '2026-02-27 22:26:27', '2026-02-27 22:26:27'),
(8253, 47, 544, 'grossistes', 0, '2026-02-27 22:26:27', '2026-02-27 22:26:27'),
(8254, 47, 545, 'grossistes', 0, '2026-02-27 22:26:27', '2026-02-27 22:26:27'),
(8255, 47, 546, 'grossistes', 0, '2026-02-27 22:26:27', '2026-02-27 22:26:27'),
(8256, 47, 547, 'grossistes', 0, '2026-02-27 22:26:27', '2026-02-27 22:26:27'),
(8257, 47, 548, 'grossistes', 0, '2026-02-27 22:26:27', '2026-02-27 22:26:27'),
(8258, 47, 549, 'grossistes', 0, '2026-02-27 22:26:27', '2026-02-27 22:26:27'),
(8259, 47, 550, 'grossistes', 0, '2026-02-27 22:26:27', '2026-02-27 22:26:27'),
(8260, 47, 551, 'grossistes', 0, '2026-02-27 22:26:27', '2026-02-27 22:26:27'),
(8261, 47, 552, 'grossistes', 0, '2026-02-27 22:26:27', '2026-02-27 22:26:27'),
(8262, 47, 553, 'grossistes', 0, '2026-02-27 22:26:27', '2026-02-27 22:26:27'),
(8510, 32, 555, 'medecins', 0, '2026-02-27 22:26:56', '2026-02-27 22:26:56'),
(8511, 32, 556, 'medecins', 0, '2026-02-27 22:26:56', '2026-02-27 22:26:56'),
(8512, 32, 557, 'medecins', 0, '2026-02-27 22:26:56', '2026-02-27 22:26:56'),
(8514, 32, 559, 'medecins', 0, '2026-02-27 22:26:56', '2026-02-27 22:26:56'),
(8515, 32, 560, 'medecins', 0, '2026-02-27 22:26:56', '2026-02-27 22:26:56'),
(8516, 32, 561, 'medecins', 0, '2026-02-27 22:26:56', '2026-02-27 22:26:56'),
(8517, 32, 562, 'medecins', 0, '2026-02-27 22:26:56', '2026-02-27 22:26:56'),
(8518, 32, 563, 'medecins', 0, '2026-02-27 22:26:56', '2026-02-27 22:26:56'),
(8519, 32, 564, 'medecins', 0, '2026-02-27 22:26:56', '2026-02-27 22:26:56'),
(8520, 32, 565, 'medecins', 0, '2026-02-27 22:26:56', '2026-02-27 22:26:56'),
(8521, 32, 566, 'medecins', 0, '2026-02-27 22:26:56', '2026-02-27 22:26:56'),
(8522, 32, 567, 'medecins', 0, '2026-02-27 22:26:56', '2026-02-27 22:26:56'),
(8523, 32, 568, 'medecins', 0, '2026-02-27 22:26:56', '2026-02-27 22:26:56'),
(8524, 32, 569, 'medecins', 0, '2026-02-27 22:26:56', '2026-02-27 22:26:56'),
(8525, 32, 570, 'medecins', 0, '2026-02-27 22:26:56', '2026-02-27 22:26:56'),
(8526, 32, 571, 'medecins', 0, '2026-02-27 22:26:56', '2026-02-27 22:26:56'),
(8527, 32, 572, 'medecins', 0, '2026-02-27 22:26:57', '2026-02-27 22:26:57'),
(8528, 32, 573, 'medecins', 0, '2026-02-27 22:26:57', '2026-02-27 22:26:57'),
(8529, 32, 574, 'medecins', 0, '2026-02-27 22:26:57', '2026-02-27 22:26:57'),
(8530, 32, 575, 'medecins', 0, '2026-02-27 22:26:57', '2026-02-27 22:26:57'),
(8531, 32, 576, 'medecins', 0, '2026-02-27 22:26:57', '2026-02-27 22:26:57'),
(8532, 32, 577, 'medecins', 0, '2026-02-27 22:26:57', '2026-02-27 22:26:57'),
(8533, 32, 578, 'medecins', 0, '2026-02-27 22:26:57', '2026-02-27 22:26:57'),
(8534, 32, 579, 'medecins', 0, '2026-02-27 22:26:57', '2026-02-27 22:26:57'),
(8535, 32, 580, 'medecins', 0, '2026-02-27 22:26:57', '2026-02-27 22:26:57'),
(8536, 32, 581, 'medecins', 0, '2026-02-27 22:26:57', '2026-02-27 22:26:57'),
(8537, 32, 582, 'medecins', 0, '2026-02-27 22:26:57', '2026-02-27 22:26:57'),
(8538, 32, 583, 'medecins', 0, '2026-02-27 22:26:57', '2026-02-27 22:26:57'),
(8539, 32, 584, 'medecins', 0, '2026-02-27 22:26:57', '2026-02-27 22:26:57'),
(8540, 32, 585, 'medecins', 0, '2026-02-27 22:26:57', '2026-02-27 22:26:57'),
(8541, 32, 586, 'medecins', 0, '2026-02-27 22:26:57', '2026-02-27 22:26:57'),
(8542, 32, 587, 'medecins', 0, '2026-02-27 22:26:57', '2026-02-27 22:26:57'),
(8543, 32, 588, 'medecins', 0, '2026-02-27 22:26:57', '2026-02-27 22:26:57'),
(8544, 32, 589, 'medecins', 0, '2026-02-27 22:26:57', '2026-02-27 22:26:57'),
(8545, 32, 590, 'medecins', 0, '2026-02-27 22:26:57', '2026-02-27 22:26:57'),
(8547, 32, 592, 'medecins', 0, '2026-02-27 22:26:57', '2026-02-27 22:26:57'),
(8548, 32, 593, 'medecins', 0, '2026-02-27 22:26:57', '2026-02-27 22:26:57'),
(8549, 32, 594, 'medecins', 0, '2026-02-27 22:26:57', '2026-02-27 22:26:57'),
(8550, 32, 595, 'medecins', 0, '2026-02-27 22:26:57', '2026-02-27 22:26:57'),
(8551, 32, 596, 'medecins', 0, '2026-02-27 22:26:57', '2026-02-27 22:26:57'),
(8553, 32, 598, 'medecins', 0, '2026-02-27 22:26:57', '2026-02-27 22:26:57'),
(8554, 32, 599, 'medecins', 0, '2026-02-27 22:26:57', '2026-02-27 22:26:57'),
(8555, 32, 600, 'medecins', 0, '2026-02-27 22:26:57', '2026-02-27 22:26:57'),
(8556, 32, 601, 'medecins', 0, '2026-02-27 22:26:57', '2026-02-27 22:26:57'),
(8557, 32, 602, 'medecins', 0, '2026-02-27 22:26:57', '2026-02-27 22:26:57'),
(8558, 32, 603, 'medecins', 0, '2026-02-27 22:26:57', '2026-02-27 22:26:57'),
(8559, 32, 604, 'medecins', 0, '2026-02-27 22:26:57', '2026-02-27 22:26:57'),
(8560, 32, 605, 'medecins', 0, '2026-02-27 22:26:57', '2026-02-27 22:26:57'),
(8561, 32, 606, 'medecins', 0, '2026-02-27 22:26:57', '2026-02-27 22:26:57'),
(8562, 32, 607, 'medecins', 0, '2026-02-27 22:26:57', '2026-02-27 22:26:57'),
(8563, 32, 608, 'medecins', 0, '2026-02-27 22:26:57', '2026-02-27 22:26:57'),
(8564, 32, 609, 'medecins', 0, '2026-02-27 22:26:57', '2026-02-27 22:26:57'),
(8565, 32, 610, 'medecins', 0, '2026-02-27 22:26:57', '2026-02-27 22:26:57'),
(8566, 32, 1602, 'medecins', 0, '2026-02-27 22:26:57', '2026-02-27 22:26:57'),
(8567, 32, 1603, 'medecins', 0, '2026-02-27 22:26:57', '2026-02-27 22:26:57'),
(8568, 32, 1604, 'medecins', 0, '2026-02-27 22:26:57', '2026-02-27 22:26:57'),
(8569, 32, 1605, 'medecins', 0, '2026-02-27 22:26:57', '2026-02-27 22:26:57'),
(8570, 32, 1606, 'medecins', 0, '2026-02-27 22:26:57', '2026-02-27 22:26:57'),
(8572, 32, 1608, 'medecins', 0, '2026-02-27 22:26:57', '2026-02-27 22:26:57'),
(8573, 32, 1610, 'medecins', 0, '2026-02-27 22:26:57', '2026-02-27 22:26:57'),
(8574, 32, 1611, 'medecins', 0, '2026-02-27 22:26:57', '2026-02-27 22:26:57'),
(8611, 34, 309, 'medecins', 0, '2026-02-27 22:27:11', '2026-02-27 22:27:11'),
(8612, 34, 310, 'medecins', 0, '2026-02-27 22:27:11', '2026-02-27 22:27:11'),
(8613, 34, 311, 'medecins', 0, '2026-02-27 22:27:11', '2026-02-27 22:27:11'),
(8614, 34, 312, 'medecins', 0, '2026-02-27 22:27:11', '2026-02-27 22:27:11'),
(8615, 34, 313, 'medecins', 0, '2026-02-27 22:27:11', '2026-02-27 22:27:11'),
(8616, 34, 314, 'medecins', 0, '2026-02-27 22:27:11', '2026-02-27 22:27:11'),
(8617, 34, 315, 'medecins', 0, '2026-02-27 22:27:11', '2026-02-27 22:27:11'),
(8618, 34, 316, 'medecins', 0, '2026-02-27 22:27:11', '2026-02-27 22:27:11'),
(8619, 34, 317, 'medecins', 0, '2026-02-27 22:27:11', '2026-02-27 22:27:11'),
(8620, 34, 318, 'medecins', 0, '2026-02-27 22:27:11', '2026-02-27 22:27:11'),
(8621, 34, 319, 'medecins', 0, '2026-02-27 22:27:11', '2026-02-27 22:27:11'),
(8622, 34, 320, 'medecins', 0, '2026-02-27 22:27:11', '2026-02-27 22:27:11'),
(8623, 34, 321, 'medecins', 0, '2026-02-27 22:27:11', '2026-02-27 22:27:11'),
(8624, 34, 322, 'medecins', 0, '2026-02-27 22:27:11', '2026-02-27 22:27:11'),
(8625, 34, 323, 'medecins', 0, '2026-02-27 22:27:11', '2026-02-27 22:27:11'),
(8626, 34, 324, 'medecins', 0, '2026-02-27 22:27:11', '2026-02-27 22:27:11'),
(8627, 34, 325, 'medecins', 0, '2026-02-27 22:27:11', '2026-02-27 22:27:11'),
(8628, 34, 326, 'medecins', 0, '2026-02-27 22:27:11', '2026-02-27 22:27:11'),
(8629, 34, 327, 'medecins', 0, '2026-02-27 22:27:11', '2026-02-27 22:27:11'),
(8630, 34, 328, 'medecins', 0, '2026-02-27 22:27:11', '2026-02-27 22:27:11'),
(8631, 34, 329, 'medecins', 0, '2026-02-27 22:27:11', '2026-02-27 22:27:11'),
(8632, 34, 330, 'medecins', 0, '2026-02-27 22:27:11', '2026-02-27 22:27:11'),
(8633, 34, 331, 'medecins', 0, '2026-02-27 22:27:11', '2026-02-27 22:27:11'),
(8634, 34, 332, 'medecins', 0, '2026-02-27 22:27:11', '2026-02-27 22:27:11'),
(8635, 34, 333, 'medecins', 0, '2026-02-27 22:27:11', '2026-02-27 22:27:11'),
(8636, 34, 334, 'medecins', 0, '2026-02-27 22:27:11', '2026-02-27 22:27:11'),
(8637, 34, 335, 'medecins', 0, '2026-02-27 22:27:11', '2026-02-27 22:27:11'),
(8638, 34, 336, 'medecins', 0, '2026-02-27 22:27:11', '2026-02-27 22:27:11'),
(8639, 34, 337, 'medecins', 0, '2026-02-27 22:27:11', '2026-02-27 22:27:11'),
(8640, 34, 338, 'medecins', 0, '2026-02-27 22:27:11', '2026-02-27 22:27:11'),
(8641, 34, 339, 'medecins', 0, '2026-02-27 22:27:11', '2026-02-27 22:27:11'),
(8642, 34, 340, 'medecins', 0, '2026-02-27 22:27:11', '2026-02-27 22:27:11'),
(8643, 34, 341, 'medecins', 0, '2026-02-27 22:27:11', '2026-02-27 22:27:11'),
(8644, 34, 342, 'medecins', 0, '2026-02-27 22:27:11', '2026-02-27 22:27:11'),
(8645, 34, 343, 'medecins', 0, '2026-02-27 22:27:11', '2026-02-27 22:27:11'),
(8646, 34, 344, 'medecins', 0, '2026-02-27 22:27:11', '2026-02-27 22:27:11'),
(8647, 34, 345, 'medecins', 0, '2026-02-27 22:27:11', '2026-02-27 22:27:11'),
(8648, 34, 346, 'medecins', 0, '2026-02-27 22:27:11', '2026-02-27 22:27:11'),
(8649, 34, 347, 'medecins', 0, '2026-02-27 22:27:11', '2026-02-27 22:27:11'),
(8650, 34, 348, 'medecins', 0, '2026-02-27 22:27:11', '2026-02-27 22:27:11'),
(8651, 34, 349, 'medecins', 0, '2026-02-27 22:27:11', '2026-02-27 22:27:11'),
(8652, 34, 350, 'medecins', 0, '2026-02-27 22:27:11', '2026-02-27 22:27:11'),
(8653, 34, 351, 'medecins', 0, '2026-02-27 22:27:11', '2026-02-27 22:27:11'),
(8654, 34, 352, 'medecins', 0, '2026-02-27 22:27:11', '2026-02-27 22:27:11'),
(8655, 34, 353, 'medecins', 0, '2026-02-27 22:27:11', '2026-02-27 22:27:11'),
(8656, 48, 1308, 'medecins', 0, '2026-02-27 22:27:30', '2026-02-27 22:27:30'),
(8657, 48, 1309, 'medecins', 0, '2026-02-27 22:27:30', '2026-02-27 22:27:30'),
(8658, 48, 1310, 'medecins', 0, '2026-02-27 22:27:30', '2026-02-27 22:27:30'),
(8659, 48, 1311, 'medecins', 0, '2026-02-27 22:27:30', '2026-02-27 22:27:30'),
(8660, 48, 1312, 'medecins', 0, '2026-02-27 22:27:30', '2026-02-27 22:27:30'),
(8661, 48, 1313, 'medecins', 0, '2026-02-27 22:27:30', '2026-02-27 22:27:30'),
(8662, 48, 1314, 'medecins', 0, '2026-02-27 22:27:30', '2026-02-27 22:27:30'),
(8663, 48, 1315, 'medecins', 0, '2026-02-27 22:27:30', '2026-02-27 22:27:30'),
(8664, 48, 1316, 'medecins', 0, '2026-02-27 22:27:30', '2026-02-27 22:27:30'),
(8665, 48, 1317, 'medecins', 0, '2026-02-27 22:27:30', '2026-02-27 22:27:30'),
(8666, 48, 1318, 'medecins', 0, '2026-02-27 22:27:30', '2026-02-27 22:27:30'),
(8667, 48, 1319, 'medecins', 0, '2026-02-27 22:27:30', '2026-02-27 22:27:30'),
(8668, 48, 1320, 'medecins', 0, '2026-02-27 22:27:30', '2026-02-27 22:27:30'),
(8669, 48, 1321, 'medecins', 0, '2026-02-27 22:27:30', '2026-02-27 22:27:30'),
(8670, 48, 1322, 'medecins', 0, '2026-02-27 22:27:30', '2026-02-27 22:27:30'),
(8671, 48, 1323, 'medecins', 0, '2026-02-27 22:27:30', '2026-02-27 22:27:30'),
(8672, 48, 1324, 'medecins', 0, '2026-02-27 22:27:30', '2026-02-27 22:27:30'),
(8673, 48, 1325, 'medecins', 0, '2026-02-27 22:27:30', '2026-02-27 22:27:30'),
(8674, 48, 1326, 'medecins', 0, '2026-02-27 22:27:30', '2026-02-27 22:27:30'),
(8675, 48, 1327, 'medecins', 0, '2026-02-27 22:27:30', '2026-02-27 22:27:30'),
(8676, 48, 1328, 'medecins', 0, '2026-02-27 22:27:30', '2026-02-27 22:27:30'),
(8677, 48, 1308, 'pharmacies', 0, '2026-02-27 22:27:31', '2026-02-27 22:27:31'),
(8678, 48, 1309, 'pharmacies', 0, '2026-02-27 22:27:31', '2026-02-27 22:27:31'),
(8679, 48, 1310, 'pharmacies', 0, '2026-02-27 22:27:31', '2026-02-27 22:27:31'),
(8680, 48, 1311, 'pharmacies', 0, '2026-02-27 22:27:31', '2026-02-27 22:27:31'),
(8681, 48, 1312, 'pharmacies', 0, '2026-02-27 22:27:31', '2026-02-27 22:27:31'),
(8682, 48, 1313, 'pharmacies', 0, '2026-02-27 22:27:31', '2026-02-27 22:27:31'),
(8683, 48, 1314, 'pharmacies', 0, '2026-02-27 22:27:31', '2026-02-27 22:27:31'),
(8684, 48, 1315, 'pharmacies', 0, '2026-02-27 22:27:31', '2026-02-27 22:27:31'),
(8685, 48, 1316, 'pharmacies', 0, '2026-02-27 22:27:31', '2026-02-27 22:27:31'),
(8686, 48, 1317, 'pharmacies', 0, '2026-02-27 22:27:31', '2026-02-27 22:27:31'),
(8687, 48, 1318, 'pharmacies', 0, '2026-02-27 22:27:31', '2026-02-27 22:27:31'),
(8688, 48, 1319, 'pharmacies', 0, '2026-02-27 22:27:31', '2026-02-27 22:27:31'),
(8689, 48, 1320, 'pharmacies', 0, '2026-02-27 22:27:31', '2026-02-27 22:27:31'),
(8690, 48, 1321, 'pharmacies', 0, '2026-02-27 22:27:31', '2026-02-27 22:27:31'),
(8691, 48, 1322, 'pharmacies', 0, '2026-02-27 22:27:31', '2026-02-27 22:27:31'),
(8692, 48, 1323, 'pharmacies', 0, '2026-02-27 22:27:31', '2026-02-27 22:27:31'),
(8693, 48, 1324, 'pharmacies', 0, '2026-02-27 22:27:31', '2026-02-27 22:27:31'),
(8694, 48, 1325, 'pharmacies', 0, '2026-02-27 22:27:31', '2026-02-27 22:27:31'),
(8695, 48, 1326, 'pharmacies', 0, '2026-02-27 22:27:31', '2026-02-27 22:27:31'),
(8696, 48, 1327, 'pharmacies', 0, '2026-02-27 22:27:31', '2026-02-27 22:27:31'),
(8697, 48, 1328, 'pharmacies', 0, '2026-02-27 22:27:31', '2026-02-27 22:27:31'),
(8698, 48, 1308, 'grossistes', 0, '2026-02-27 22:27:31', '2026-02-27 22:27:31'),
(8699, 48, 1309, 'grossistes', 0, '2026-02-27 22:27:31', '2026-02-27 22:27:31'),
(8700, 48, 1310, 'grossistes', 0, '2026-02-27 22:27:31', '2026-02-27 22:27:31'),
(8701, 48, 1311, 'grossistes', 0, '2026-02-27 22:27:31', '2026-02-27 22:27:31'),
(8702, 48, 1312, 'grossistes', 0, '2026-02-27 22:27:31', '2026-02-27 22:27:31'),
(8703, 48, 1313, 'grossistes', 0, '2026-02-27 22:27:31', '2026-02-27 22:27:31'),
(8704, 48, 1314, 'grossistes', 0, '2026-02-27 22:27:31', '2026-02-27 22:27:31'),
(8705, 48, 1315, 'grossistes', 0, '2026-02-27 22:27:31', '2026-02-27 22:27:31'),
(8706, 48, 1316, 'grossistes', 0, '2026-02-27 22:27:31', '2026-02-27 22:27:31'),
(8707, 48, 1317, 'grossistes', 0, '2026-02-27 22:27:31', '2026-02-27 22:27:31'),
(8708, 48, 1318, 'grossistes', 0, '2026-02-27 22:27:31', '2026-02-27 22:27:31'),
(8709, 48, 1319, 'grossistes', 0, '2026-02-27 22:27:31', '2026-02-27 22:27:31'),
(8710, 48, 1320, 'grossistes', 0, '2026-02-27 22:27:31', '2026-02-27 22:27:31'),
(8711, 48, 1321, 'grossistes', 0, '2026-02-27 22:27:31', '2026-02-27 22:27:31'),
(8712, 48, 1322, 'grossistes', 0, '2026-02-27 22:27:31', '2026-02-27 22:27:31'),
(8713, 48, 1323, 'grossistes', 0, '2026-02-27 22:27:31', '2026-02-27 22:27:31'),
(8714, 48, 1324, 'grossistes', 0, '2026-02-27 22:27:31', '2026-02-27 22:27:31'),
(8715, 48, 1325, 'grossistes', 0, '2026-02-27 22:27:31', '2026-02-27 22:27:31'),
(8716, 48, 1326, 'grossistes', 0, '2026-02-27 22:27:31', '2026-02-27 22:27:31'),
(8717, 48, 1327, 'grossistes', 0, '2026-02-27 22:27:31', '2026-02-27 22:27:31'),
(8718, 48, 1328, 'grossistes', 0, '2026-02-27 22:27:31', '2026-02-27 22:27:31'),
(8719, 48, 117, 'medecins', 0, '2026-02-27 22:27:33', '2026-02-27 22:27:33'),
(8720, 48, 118, 'medecins', 0, '2026-02-27 22:27:33', '2026-02-27 22:27:33'),
(8721, 48, 119, 'medecins', 0, '2026-02-27 22:27:33', '2026-02-27 22:27:33'),
(8722, 48, 120, 'medecins', 0, '2026-02-27 22:27:33', '2026-02-27 22:27:33'),
(8723, 48, 121, 'medecins', 0, '2026-02-27 22:27:33', '2026-02-27 22:27:33'),
(8724, 48, 122, 'medecins', 0, '2026-02-27 22:27:33', '2026-02-27 22:27:33'),
(8725, 48, 123, 'medecins', 0, '2026-02-27 22:27:33', '2026-02-27 22:27:33'),
(8726, 48, 124, 'medecins', 0, '2026-02-27 22:27:33', '2026-02-27 22:27:33'),
(8727, 48, 125, 'medecins', 0, '2026-02-27 22:27:33', '2026-02-27 22:27:33'),
(8728, 48, 126, 'medecins', 0, '2026-02-27 22:27:33', '2026-02-27 22:27:33'),
(8729, 48, 127, 'medecins', 0, '2026-02-27 22:27:33', '2026-02-27 22:27:33'),
(8730, 48, 128, 'medecins', 0, '2026-02-27 22:27:33', '2026-02-27 22:27:33'),
(8731, 48, 129, 'medecins', 0, '2026-02-27 22:27:33', '2026-02-27 22:27:33'),
(8732, 48, 130, 'medecins', 0, '2026-02-27 22:27:33', '2026-02-27 22:27:33'),
(8733, 48, 131, 'medecins', 0, '2026-02-27 22:27:33', '2026-02-27 22:27:33'),
(8734, 48, 132, 'medecins', 0, '2026-02-27 22:27:33', '2026-02-27 22:27:33'),
(8735, 48, 133, 'medecins', 0, '2026-02-27 22:27:33', '2026-02-27 22:27:33'),
(8736, 48, 134, 'medecins', 0, '2026-02-27 22:27:33', '2026-02-27 22:27:33'),
(8737, 48, 135, 'medecins', 0, '2026-02-27 22:27:33', '2026-02-27 22:27:33'),
(8738, 48, 136, 'medecins', 0, '2026-02-27 22:27:33', '2026-02-27 22:27:33'),
(8739, 48, 137, 'medecins', 0, '2026-02-27 22:27:33', '2026-02-27 22:27:33'),
(8740, 48, 138, 'medecins', 0, '2026-02-27 22:27:33', '2026-02-27 22:27:33'),
(8741, 48, 139, 'medecins', 0, '2026-02-27 22:27:33', '2026-02-27 22:27:33'),
(8742, 48, 140, 'medecins', 0, '2026-02-27 22:27:33', '2026-02-27 22:27:33'),
(8743, 48, 141, 'medecins', 0, '2026-02-27 22:27:33', '2026-02-27 22:27:33'),
(8744, 48, 142, 'medecins', 0, '2026-02-27 22:27:33', '2026-02-27 22:27:33'),
(8745, 48, 143, 'medecins', 0, '2026-02-27 22:27:33', '2026-02-27 22:27:33'),
(8746, 48, 144, 'medecins', 0, '2026-02-27 22:27:33', '2026-02-27 22:27:33'),
(8747, 48, 145, 'medecins', 0, '2026-02-27 22:27:33', '2026-02-27 22:27:33'),
(8748, 48, 146, 'medecins', 0, '2026-02-27 22:27:33', '2026-02-27 22:27:33'),
(8749, 48, 147, 'medecins', 0, '2026-02-27 22:27:33', '2026-02-27 22:27:33'),
(8750, 48, 148, 'medecins', 0, '2026-02-27 22:27:33', '2026-02-27 22:27:33'),
(8751, 48, 149, 'medecins', 0, '2026-02-27 22:27:33', '2026-02-27 22:27:33'),
(8752, 48, 150, 'medecins', 0, '2026-02-27 22:27:33', '2026-02-27 22:27:33'),
(8753, 48, 151, 'medecins', 0, '2026-02-27 22:27:33', '2026-02-27 22:27:33'),
(8754, 48, 152, 'medecins', 0, '2026-02-27 22:27:33', '2026-02-27 22:27:33'),
(8755, 48, 153, 'medecins', 0, '2026-02-27 22:27:33', '2026-02-27 22:27:33'),
(8756, 48, 154, 'medecins', 0, '2026-02-27 22:27:33', '2026-02-27 22:27:33'),
(8757, 48, 155, 'medecins', 0, '2026-02-27 22:27:33', '2026-02-27 22:27:33'),
(8758, 48, 156, 'medecins', 0, '2026-02-27 22:27:33', '2026-02-27 22:27:33'),
(8759, 48, 157, 'medecins', 0, '2026-02-27 22:27:33', '2026-02-27 22:27:33'),
(8760, 48, 158, 'medecins', 0, '2026-02-27 22:27:33', '2026-02-27 22:27:33'),
(8761, 48, 159, 'medecins', 0, '2026-02-27 22:27:33', '2026-02-27 22:27:33'),
(8762, 48, 160, 'medecins', 0, '2026-02-27 22:27:33', '2026-02-27 22:27:33'),
(8763, 48, 161, 'medecins', 0, '2026-02-27 22:27:33', '2026-02-27 22:27:33'),
(8764, 48, 162, 'medecins', 0, '2026-02-27 22:27:33', '2026-02-27 22:27:33'),
(8765, 48, 163, 'medecins', 0, '2026-02-27 22:27:33', '2026-02-27 22:27:33'),
(8766, 48, 164, 'medecins', 0, '2026-02-27 22:27:33', '2026-02-27 22:27:33'),
(8767, 48, 165, 'medecins', 0, '2026-02-27 22:27:33', '2026-02-27 22:27:33'),
(8768, 48, 166, 'medecins', 0, '2026-02-27 22:27:33', '2026-02-27 22:27:33'),
(8769, 48, 167, 'medecins', 0, '2026-02-27 22:27:33', '2026-02-27 22:27:33'),
(8770, 48, 168, 'medecins', 0, '2026-02-27 22:27:33', '2026-02-27 22:27:33'),
(8771, 48, 169, 'medecins', 0, '2026-02-27 22:27:33', '2026-02-27 22:27:33'),
(8772, 48, 170, 'medecins', 0, '2026-02-27 22:27:33', '2026-02-27 22:27:33'),
(8773, 48, 171, 'medecins', 0, '2026-02-27 22:27:33', '2026-02-27 22:27:33'),
(8774, 48, 172, 'medecins', 0, '2026-02-27 22:27:33', '2026-02-27 22:27:33'),
(8775, 48, 173, 'medecins', 0, '2026-02-27 22:27:33', '2026-02-27 22:27:33'),
(8776, 48, 174, 'medecins', 0, '2026-02-27 22:27:33', '2026-02-27 22:27:33'),
(8777, 48, 175, 'medecins', 0, '2026-02-27 22:27:33', '2026-02-27 22:27:33'),
(8778, 48, 176, 'medecins', 0, '2026-02-27 22:27:33', '2026-02-27 22:27:33'),
(8779, 48, 177, 'medecins', 0, '2026-02-27 22:27:33', '2026-02-27 22:27:33'),
(8780, 48, 117, 'pharmacies', 0, '2026-02-27 22:27:33', '2026-02-27 22:27:33'),
(8781, 48, 118, 'pharmacies', 0, '2026-02-27 22:27:33', '2026-02-27 22:27:33'),
(8782, 48, 119, 'pharmacies', 0, '2026-02-27 22:27:33', '2026-02-27 22:27:33'),
(8783, 48, 120, 'pharmacies', 0, '2026-02-27 22:27:33', '2026-02-27 22:27:33'),
(8784, 48, 121, 'pharmacies', 0, '2026-02-27 22:27:33', '2026-02-27 22:27:33'),
(8785, 48, 122, 'pharmacies', 0, '2026-02-27 22:27:33', '2026-02-27 22:27:33'),
(8786, 48, 123, 'pharmacies', 0, '2026-02-27 22:27:33', '2026-02-27 22:27:33'),
(8787, 48, 124, 'pharmacies', 0, '2026-02-27 22:27:33', '2026-02-27 22:27:33'),
(8788, 48, 125, 'pharmacies', 0, '2026-02-27 22:27:33', '2026-02-27 22:27:33'),
(8789, 48, 126, 'pharmacies', 0, '2026-02-27 22:27:33', '2026-02-27 22:27:33'),
(8790, 48, 127, 'pharmacies', 0, '2026-02-27 22:27:33', '2026-02-27 22:27:33'),
(8791, 48, 128, 'pharmacies', 0, '2026-02-27 22:27:33', '2026-02-27 22:27:33'),
(8792, 48, 129, 'pharmacies', 0, '2026-02-27 22:27:33', '2026-02-27 22:27:33'),
(8793, 48, 130, 'pharmacies', 0, '2026-02-27 22:27:33', '2026-02-27 22:27:33'),
(8794, 48, 131, 'pharmacies', 0, '2026-02-27 22:27:33', '2026-02-27 22:27:33'),
(8795, 48, 132, 'pharmacies', 0, '2026-02-27 22:27:33', '2026-02-27 22:27:33'),
(8796, 48, 133, 'pharmacies', 0, '2026-02-27 22:27:33', '2026-02-27 22:27:33'),
(8797, 48, 134, 'pharmacies', 0, '2026-02-27 22:27:33', '2026-02-27 22:27:33'),
(8798, 48, 135, 'pharmacies', 0, '2026-02-27 22:27:33', '2026-02-27 22:27:33'),
(8799, 48, 136, 'pharmacies', 0, '2026-02-27 22:27:33', '2026-02-27 22:27:33'),
(8800, 48, 137, 'pharmacies', 0, '2026-02-27 22:27:33', '2026-02-27 22:27:33'),
(8801, 48, 138, 'pharmacies', 0, '2026-02-27 22:27:33', '2026-02-27 22:27:33'),
(8802, 48, 139, 'pharmacies', 0, '2026-02-27 22:27:33', '2026-02-27 22:27:33'),
(8803, 48, 140, 'pharmacies', 0, '2026-02-27 22:27:33', '2026-02-27 22:27:33'),
(8804, 48, 141, 'pharmacies', 0, '2026-02-27 22:27:33', '2026-02-27 22:27:33'),
(8805, 48, 142, 'pharmacies', 0, '2026-02-27 22:27:33', '2026-02-27 22:27:33'),
(8806, 48, 143, 'pharmacies', 0, '2026-02-27 22:27:33', '2026-02-27 22:27:33'),
(8807, 48, 144, 'pharmacies', 0, '2026-02-27 22:27:33', '2026-02-27 22:27:33'),
(8808, 48, 145, 'pharmacies', 0, '2026-02-27 22:27:33', '2026-02-27 22:27:33'),
(8809, 48, 146, 'pharmacies', 0, '2026-02-27 22:27:33', '2026-02-27 22:27:33'),
(8810, 48, 147, 'pharmacies', 0, '2026-02-27 22:27:33', '2026-02-27 22:27:33'),
(8811, 48, 148, 'pharmacies', 0, '2026-02-27 22:27:33', '2026-02-27 22:27:33'),
(8812, 48, 149, 'pharmacies', 0, '2026-02-27 22:27:33', '2026-02-27 22:27:33'),
(8813, 48, 150, 'pharmacies', 0, '2026-02-27 22:27:33', '2026-02-27 22:27:33'),
(8814, 48, 151, 'pharmacies', 0, '2026-02-27 22:27:33', '2026-02-27 22:27:33'),
(8815, 48, 152, 'pharmacies', 0, '2026-02-27 22:27:33', '2026-02-27 22:27:33'),
(8816, 48, 153, 'pharmacies', 0, '2026-02-27 22:27:33', '2026-02-27 22:27:33'),
(8817, 48, 154, 'pharmacies', 0, '2026-02-27 22:27:33', '2026-02-27 22:27:33'),
(8818, 48, 155, 'pharmacies', 0, '2026-02-27 22:27:33', '2026-02-27 22:27:33'),
(8819, 48, 156, 'pharmacies', 0, '2026-02-27 22:27:33', '2026-02-27 22:27:33'),
(8820, 48, 157, 'pharmacies', 0, '2026-02-27 22:27:33', '2026-02-27 22:27:33'),
(8821, 48, 158, 'pharmacies', 0, '2026-02-27 22:27:33', '2026-02-27 22:27:33'),
(8822, 48, 159, 'pharmacies', 0, '2026-02-27 22:27:33', '2026-02-27 22:27:33'),
(8823, 48, 160, 'pharmacies', 0, '2026-02-27 22:27:33', '2026-02-27 22:27:33');
INSERT INTO `organisation_node_unit_territories` (`id`, `organisation_node_unit_id`, `commune_id`, `cible`, `is_suggested`, `created_at`, `updated_at`) VALUES
(8824, 48, 161, 'pharmacies', 0, '2026-02-27 22:27:33', '2026-02-27 22:27:33'),
(8825, 48, 162, 'pharmacies', 0, '2026-02-27 22:27:33', '2026-02-27 22:27:33'),
(8826, 48, 163, 'pharmacies', 0, '2026-02-27 22:27:33', '2026-02-27 22:27:33'),
(8827, 48, 164, 'pharmacies', 0, '2026-02-27 22:27:33', '2026-02-27 22:27:33'),
(8828, 48, 165, 'pharmacies', 0, '2026-02-27 22:27:33', '2026-02-27 22:27:33'),
(8829, 48, 166, 'pharmacies', 0, '2026-02-27 22:27:33', '2026-02-27 22:27:33'),
(8830, 48, 167, 'pharmacies', 0, '2026-02-27 22:27:33', '2026-02-27 22:27:33'),
(8831, 48, 168, 'pharmacies', 0, '2026-02-27 22:27:33', '2026-02-27 22:27:33'),
(8832, 48, 169, 'pharmacies', 0, '2026-02-27 22:27:33', '2026-02-27 22:27:33'),
(8833, 48, 170, 'pharmacies', 0, '2026-02-27 22:27:33', '2026-02-27 22:27:33'),
(8834, 48, 171, 'pharmacies', 0, '2026-02-27 22:27:33', '2026-02-27 22:27:33'),
(8835, 48, 172, 'pharmacies', 0, '2026-02-27 22:27:33', '2026-02-27 22:27:33'),
(8836, 48, 173, 'pharmacies', 0, '2026-02-27 22:27:33', '2026-02-27 22:27:33'),
(8837, 48, 174, 'pharmacies', 0, '2026-02-27 22:27:33', '2026-02-27 22:27:33'),
(8838, 48, 175, 'pharmacies', 0, '2026-02-27 22:27:33', '2026-02-27 22:27:33'),
(8839, 48, 176, 'pharmacies', 0, '2026-02-27 22:27:33', '2026-02-27 22:27:33'),
(8840, 48, 177, 'pharmacies', 0, '2026-02-27 22:27:33', '2026-02-27 22:27:33'),
(8841, 48, 117, 'grossistes', 0, '2026-02-27 22:27:33', '2026-02-27 22:27:33'),
(8842, 48, 118, 'grossistes', 0, '2026-02-27 22:27:33', '2026-02-27 22:27:33'),
(8843, 48, 119, 'grossistes', 0, '2026-02-27 22:27:33', '2026-02-27 22:27:33'),
(8844, 48, 120, 'grossistes', 0, '2026-02-27 22:27:33', '2026-02-27 22:27:33'),
(8845, 48, 121, 'grossistes', 0, '2026-02-27 22:27:33', '2026-02-27 22:27:33'),
(8846, 48, 122, 'grossistes', 0, '2026-02-27 22:27:33', '2026-02-27 22:27:33'),
(8847, 48, 123, 'grossistes', 0, '2026-02-27 22:27:33', '2026-02-27 22:27:33'),
(8848, 48, 124, 'grossistes', 0, '2026-02-27 22:27:33', '2026-02-27 22:27:33'),
(8849, 48, 125, 'grossistes', 0, '2026-02-27 22:27:33', '2026-02-27 22:27:33'),
(8850, 48, 126, 'grossistes', 0, '2026-02-27 22:27:33', '2026-02-27 22:27:33'),
(8851, 48, 127, 'grossistes', 0, '2026-02-27 22:27:33', '2026-02-27 22:27:33'),
(8852, 48, 128, 'grossistes', 0, '2026-02-27 22:27:33', '2026-02-27 22:27:33'),
(8853, 48, 129, 'grossistes', 0, '2026-02-27 22:27:33', '2026-02-27 22:27:33'),
(8854, 48, 130, 'grossistes', 0, '2026-02-27 22:27:33', '2026-02-27 22:27:33'),
(8855, 48, 131, 'grossistes', 0, '2026-02-27 22:27:33', '2026-02-27 22:27:33'),
(8856, 48, 132, 'grossistes', 0, '2026-02-27 22:27:33', '2026-02-27 22:27:33'),
(8857, 48, 133, 'grossistes', 0, '2026-02-27 22:27:33', '2026-02-27 22:27:33'),
(8858, 48, 134, 'grossistes', 0, '2026-02-27 22:27:33', '2026-02-27 22:27:33'),
(8859, 48, 135, 'grossistes', 0, '2026-02-27 22:27:33', '2026-02-27 22:27:33'),
(8860, 48, 136, 'grossistes', 0, '2026-02-27 22:27:33', '2026-02-27 22:27:33'),
(8861, 48, 137, 'grossistes', 0, '2026-02-27 22:27:33', '2026-02-27 22:27:33'),
(8862, 48, 138, 'grossistes', 0, '2026-02-27 22:27:33', '2026-02-27 22:27:33'),
(8863, 48, 139, 'grossistes', 0, '2026-02-27 22:27:33', '2026-02-27 22:27:33'),
(8864, 48, 140, 'grossistes', 0, '2026-02-27 22:27:33', '2026-02-27 22:27:33'),
(8865, 48, 141, 'grossistes', 0, '2026-02-27 22:27:33', '2026-02-27 22:27:33'),
(8866, 48, 142, 'grossistes', 0, '2026-02-27 22:27:33', '2026-02-27 22:27:33'),
(8867, 48, 143, 'grossistes', 0, '2026-02-27 22:27:33', '2026-02-27 22:27:33'),
(8868, 48, 144, 'grossistes', 0, '2026-02-27 22:27:33', '2026-02-27 22:27:33'),
(8869, 48, 145, 'grossistes', 0, '2026-02-27 22:27:33', '2026-02-27 22:27:33'),
(8870, 48, 146, 'grossistes', 0, '2026-02-27 22:27:33', '2026-02-27 22:27:33'),
(8871, 48, 147, 'grossistes', 0, '2026-02-27 22:27:33', '2026-02-27 22:27:33'),
(8872, 48, 148, 'grossistes', 0, '2026-02-27 22:27:33', '2026-02-27 22:27:33'),
(8873, 48, 149, 'grossistes', 0, '2026-02-27 22:27:33', '2026-02-27 22:27:33'),
(8874, 48, 150, 'grossistes', 0, '2026-02-27 22:27:33', '2026-02-27 22:27:33'),
(8875, 48, 151, 'grossistes', 0, '2026-02-27 22:27:33', '2026-02-27 22:27:33'),
(8876, 48, 152, 'grossistes', 0, '2026-02-27 22:27:33', '2026-02-27 22:27:33'),
(8877, 48, 153, 'grossistes', 0, '2026-02-27 22:27:33', '2026-02-27 22:27:33'),
(8878, 48, 154, 'grossistes', 0, '2026-02-27 22:27:33', '2026-02-27 22:27:33'),
(8879, 48, 155, 'grossistes', 0, '2026-02-27 22:27:33', '2026-02-27 22:27:33'),
(8880, 48, 156, 'grossistes', 0, '2026-02-27 22:27:33', '2026-02-27 22:27:33'),
(8881, 48, 157, 'grossistes', 0, '2026-02-27 22:27:33', '2026-02-27 22:27:33'),
(8882, 48, 158, 'grossistes', 0, '2026-02-27 22:27:33', '2026-02-27 22:27:33'),
(8883, 48, 159, 'grossistes', 0, '2026-02-27 22:27:33', '2026-02-27 22:27:33'),
(8884, 48, 160, 'grossistes', 0, '2026-02-27 22:27:33', '2026-02-27 22:27:33'),
(8885, 48, 161, 'grossistes', 0, '2026-02-27 22:27:33', '2026-02-27 22:27:33'),
(8886, 48, 162, 'grossistes', 0, '2026-02-27 22:27:33', '2026-02-27 22:27:33'),
(8887, 48, 163, 'grossistes', 0, '2026-02-27 22:27:33', '2026-02-27 22:27:33'),
(8888, 48, 164, 'grossistes', 0, '2026-02-27 22:27:33', '2026-02-27 22:27:33'),
(8889, 48, 165, 'grossistes', 0, '2026-02-27 22:27:33', '2026-02-27 22:27:33'),
(8890, 48, 166, 'grossistes', 0, '2026-02-27 22:27:33', '2026-02-27 22:27:33'),
(8891, 48, 167, 'grossistes', 0, '2026-02-27 22:27:33', '2026-02-27 22:27:33'),
(8892, 48, 168, 'grossistes', 0, '2026-02-27 22:27:33', '2026-02-27 22:27:33'),
(8893, 48, 169, 'grossistes', 0, '2026-02-27 22:27:33', '2026-02-27 22:27:33'),
(8894, 48, 170, 'grossistes', 0, '2026-02-27 22:27:33', '2026-02-27 22:27:33'),
(8895, 48, 171, 'grossistes', 0, '2026-02-27 22:27:33', '2026-02-27 22:27:33'),
(8896, 48, 172, 'grossistes', 0, '2026-02-27 22:27:33', '2026-02-27 22:27:33'),
(8897, 48, 173, 'grossistes', 0, '2026-02-27 22:27:33', '2026-02-27 22:27:33'),
(8898, 48, 174, 'grossistes', 0, '2026-02-27 22:27:33', '2026-02-27 22:27:33'),
(8899, 48, 175, 'grossistes', 0, '2026-02-27 22:27:33', '2026-02-27 22:27:33'),
(8900, 48, 176, 'grossistes', 0, '2026-02-27 22:27:33', '2026-02-27 22:27:33'),
(8901, 48, 177, 'grossistes', 0, '2026-02-27 22:27:33', '2026-02-27 22:27:33'),
(8902, 48, 1278, 'medecins', 0, '2026-02-27 22:27:37', '2026-02-27 22:27:37'),
(8903, 48, 1279, 'medecins', 0, '2026-02-27 22:27:37', '2026-02-27 22:27:37'),
(8904, 48, 1280, 'medecins', 0, '2026-02-27 22:27:37', '2026-02-27 22:27:37'),
(8905, 48, 1281, 'medecins', 0, '2026-02-27 22:27:37', '2026-02-27 22:27:37'),
(8906, 48, 1282, 'medecins', 0, '2026-02-27 22:27:37', '2026-02-27 22:27:37'),
(8907, 48, 1283, 'medecins', 0, '2026-02-27 22:27:37', '2026-02-27 22:27:37'),
(8908, 48, 1284, 'medecins', 0, '2026-02-27 22:27:37', '2026-02-27 22:27:37'),
(8909, 48, 1285, 'medecins', 0, '2026-02-27 22:27:37', '2026-02-27 22:27:37'),
(8910, 48, 1286, 'medecins', 0, '2026-02-27 22:27:37', '2026-02-27 22:27:37'),
(8911, 48, 1287, 'medecins', 0, '2026-02-27 22:27:37', '2026-02-27 22:27:37'),
(8912, 48, 1288, 'medecins', 0, '2026-02-27 22:27:37', '2026-02-27 22:27:37'),
(8913, 48, 1289, 'medecins', 0, '2026-02-27 22:27:37', '2026-02-27 22:27:37'),
(8914, 48, 1290, 'medecins', 0, '2026-02-27 22:27:37', '2026-02-27 22:27:37'),
(8915, 48, 1291, 'medecins', 0, '2026-02-27 22:27:37', '2026-02-27 22:27:37'),
(8916, 48, 1292, 'medecins', 0, '2026-02-27 22:27:37', '2026-02-27 22:27:37'),
(8917, 48, 1293, 'medecins', 0, '2026-02-27 22:27:37', '2026-02-27 22:27:37'),
(8918, 48, 1294, 'medecins', 0, '2026-02-27 22:27:37', '2026-02-27 22:27:37'),
(8919, 48, 1295, 'medecins', 0, '2026-02-27 22:27:37', '2026-02-27 22:27:37'),
(8920, 48, 1296, 'medecins', 0, '2026-02-27 22:27:37', '2026-02-27 22:27:37'),
(8921, 48, 1297, 'medecins', 0, '2026-02-27 22:27:37', '2026-02-27 22:27:37'),
(8922, 48, 1298, 'medecins', 0, '2026-02-27 22:27:37', '2026-02-27 22:27:37'),
(8923, 48, 1299, 'medecins', 0, '2026-02-27 22:27:37', '2026-02-27 22:27:37'),
(8924, 48, 1300, 'medecins', 0, '2026-02-27 22:27:37', '2026-02-27 22:27:37'),
(8925, 48, 1301, 'medecins', 0, '2026-02-27 22:27:37', '2026-02-27 22:27:37'),
(8926, 48, 1302, 'medecins', 0, '2026-02-27 22:27:37', '2026-02-27 22:27:37'),
(8927, 48, 1303, 'medecins', 0, '2026-02-27 22:27:37', '2026-02-27 22:27:37'),
(8928, 48, 1304, 'medecins', 0, '2026-02-27 22:27:37', '2026-02-27 22:27:37'),
(8929, 48, 1305, 'medecins', 0, '2026-02-27 22:27:37', '2026-02-27 22:27:37'),
(8930, 48, 1306, 'medecins', 0, '2026-02-27 22:27:37', '2026-02-27 22:27:37'),
(8931, 48, 1307, 'medecins', 0, '2026-02-27 22:27:37', '2026-02-27 22:27:37'),
(8932, 48, 1278, 'pharmacies', 0, '2026-02-27 22:27:37', '2026-02-27 22:27:37'),
(8933, 48, 1279, 'pharmacies', 0, '2026-02-27 22:27:37', '2026-02-27 22:27:37'),
(8934, 48, 1280, 'pharmacies', 0, '2026-02-27 22:27:37', '2026-02-27 22:27:37'),
(8935, 48, 1281, 'pharmacies', 0, '2026-02-27 22:27:37', '2026-02-27 22:27:37'),
(8936, 48, 1282, 'pharmacies', 0, '2026-02-27 22:27:37', '2026-02-27 22:27:37'),
(8937, 48, 1283, 'pharmacies', 0, '2026-02-27 22:27:37', '2026-02-27 22:27:37'),
(8938, 48, 1284, 'pharmacies', 0, '2026-02-27 22:27:37', '2026-02-27 22:27:37'),
(8939, 48, 1285, 'pharmacies', 0, '2026-02-27 22:27:37', '2026-02-27 22:27:37'),
(8940, 48, 1286, 'pharmacies', 0, '2026-02-27 22:27:37', '2026-02-27 22:27:37'),
(8941, 48, 1287, 'pharmacies', 0, '2026-02-27 22:27:37', '2026-02-27 22:27:37'),
(8942, 48, 1288, 'pharmacies', 0, '2026-02-27 22:27:37', '2026-02-27 22:27:37'),
(8943, 48, 1289, 'pharmacies', 0, '2026-02-27 22:27:37', '2026-02-27 22:27:37'),
(8944, 48, 1290, 'pharmacies', 0, '2026-02-27 22:27:37', '2026-02-27 22:27:37'),
(8945, 48, 1291, 'pharmacies', 0, '2026-02-27 22:27:37', '2026-02-27 22:27:37'),
(8946, 48, 1292, 'pharmacies', 0, '2026-02-27 22:27:37', '2026-02-27 22:27:37'),
(8947, 48, 1293, 'pharmacies', 0, '2026-02-27 22:27:37', '2026-02-27 22:27:37'),
(8948, 48, 1294, 'pharmacies', 0, '2026-02-27 22:27:37', '2026-02-27 22:27:37'),
(8949, 48, 1295, 'pharmacies', 0, '2026-02-27 22:27:37', '2026-02-27 22:27:37'),
(8950, 48, 1296, 'pharmacies', 0, '2026-02-27 22:27:37', '2026-02-27 22:27:37'),
(8951, 48, 1297, 'pharmacies', 0, '2026-02-27 22:27:37', '2026-02-27 22:27:37'),
(8952, 48, 1298, 'pharmacies', 0, '2026-02-27 22:27:37', '2026-02-27 22:27:37'),
(8953, 48, 1299, 'pharmacies', 0, '2026-02-27 22:27:37', '2026-02-27 22:27:37'),
(8954, 48, 1300, 'pharmacies', 0, '2026-02-27 22:27:37', '2026-02-27 22:27:37'),
(8955, 48, 1301, 'pharmacies', 0, '2026-02-27 22:27:37', '2026-02-27 22:27:37'),
(8956, 48, 1302, 'pharmacies', 0, '2026-02-27 22:27:37', '2026-02-27 22:27:37'),
(8957, 48, 1303, 'pharmacies', 0, '2026-02-27 22:27:37', '2026-02-27 22:27:37'),
(8958, 48, 1304, 'pharmacies', 0, '2026-02-27 22:27:37', '2026-02-27 22:27:37'),
(8959, 48, 1305, 'pharmacies', 0, '2026-02-27 22:27:37', '2026-02-27 22:27:37'),
(8960, 48, 1306, 'pharmacies', 0, '2026-02-27 22:27:37', '2026-02-27 22:27:37'),
(8961, 48, 1307, 'pharmacies', 0, '2026-02-27 22:27:37', '2026-02-27 22:27:37'),
(8962, 48, 1278, 'grossistes', 0, '2026-02-27 22:27:37', '2026-02-27 22:27:37'),
(8963, 48, 1279, 'grossistes', 0, '2026-02-27 22:27:37', '2026-02-27 22:27:37'),
(8964, 48, 1280, 'grossistes', 0, '2026-02-27 22:27:37', '2026-02-27 22:27:37'),
(8965, 48, 1281, 'grossistes', 0, '2026-02-27 22:27:37', '2026-02-27 22:27:37'),
(8966, 48, 1282, 'grossistes', 0, '2026-02-27 22:27:37', '2026-02-27 22:27:37'),
(8967, 48, 1283, 'grossistes', 0, '2026-02-27 22:27:37', '2026-02-27 22:27:37'),
(8968, 48, 1284, 'grossistes', 0, '2026-02-27 22:27:37', '2026-02-27 22:27:37'),
(8969, 48, 1285, 'grossistes', 0, '2026-02-27 22:27:37', '2026-02-27 22:27:37'),
(8970, 48, 1286, 'grossistes', 0, '2026-02-27 22:27:37', '2026-02-27 22:27:37'),
(8971, 48, 1287, 'grossistes', 0, '2026-02-27 22:27:37', '2026-02-27 22:27:37'),
(8972, 48, 1288, 'grossistes', 0, '2026-02-27 22:27:37', '2026-02-27 22:27:37'),
(8973, 48, 1289, 'grossistes', 0, '2026-02-27 22:27:37', '2026-02-27 22:27:37'),
(8974, 48, 1290, 'grossistes', 0, '2026-02-27 22:27:37', '2026-02-27 22:27:37'),
(8975, 48, 1291, 'grossistes', 0, '2026-02-27 22:27:37', '2026-02-27 22:27:37'),
(8976, 48, 1292, 'grossistes', 0, '2026-02-27 22:27:37', '2026-02-27 22:27:37'),
(8977, 48, 1293, 'grossistes', 0, '2026-02-27 22:27:37', '2026-02-27 22:27:37'),
(8978, 48, 1294, 'grossistes', 0, '2026-02-27 22:27:37', '2026-02-27 22:27:37'),
(8979, 48, 1295, 'grossistes', 0, '2026-02-27 22:27:37', '2026-02-27 22:27:37'),
(8980, 48, 1296, 'grossistes', 0, '2026-02-27 22:27:37', '2026-02-27 22:27:37'),
(8981, 48, 1297, 'grossistes', 0, '2026-02-27 22:27:37', '2026-02-27 22:27:37'),
(8982, 48, 1298, 'grossistes', 0, '2026-02-27 22:27:37', '2026-02-27 22:27:37'),
(8983, 48, 1299, 'grossistes', 0, '2026-02-27 22:27:37', '2026-02-27 22:27:37'),
(8984, 48, 1300, 'grossistes', 0, '2026-02-27 22:27:37', '2026-02-27 22:27:37'),
(8985, 48, 1301, 'grossistes', 0, '2026-02-27 22:27:37', '2026-02-27 22:27:37'),
(8986, 48, 1302, 'grossistes', 0, '2026-02-27 22:27:37', '2026-02-27 22:27:37'),
(8987, 48, 1303, 'grossistes', 0, '2026-02-27 22:27:37', '2026-02-27 22:27:37'),
(8988, 48, 1304, 'grossistes', 0, '2026-02-27 22:27:37', '2026-02-27 22:27:37'),
(8989, 48, 1305, 'grossistes', 0, '2026-02-27 22:27:37', '2026-02-27 22:27:37'),
(8990, 48, 1306, 'grossistes', 0, '2026-02-27 22:27:37', '2026-02-27 22:27:37'),
(8991, 48, 1307, 'grossistes', 0, '2026-02-27 22:27:37', '2026-02-27 22:27:37'),
(8992, 48, 230, 'medecins', 0, '2026-02-27 22:27:41', '2026-02-27 22:27:41'),
(8993, 48, 231, 'medecins', 0, '2026-02-27 22:27:41', '2026-02-27 22:27:41'),
(8994, 48, 232, 'medecins', 0, '2026-02-27 22:27:41', '2026-02-27 22:27:41'),
(8995, 48, 233, 'medecins', 0, '2026-02-27 22:27:41', '2026-02-27 22:27:41'),
(8996, 48, 234, 'medecins', 0, '2026-02-27 22:27:41', '2026-02-27 22:27:41'),
(8997, 48, 235, 'medecins', 0, '2026-02-27 22:27:41', '2026-02-27 22:27:41'),
(8998, 48, 236, 'medecins', 0, '2026-02-27 22:27:41', '2026-02-27 22:27:41'),
(8999, 48, 237, 'medecins', 0, '2026-02-27 22:27:41', '2026-02-27 22:27:41'),
(9000, 48, 238, 'medecins', 0, '2026-02-27 22:27:41', '2026-02-27 22:27:41'),
(9001, 48, 239, 'medecins', 0, '2026-02-27 22:27:41', '2026-02-27 22:27:41'),
(9002, 48, 240, 'medecins', 0, '2026-02-27 22:27:41', '2026-02-27 22:27:41'),
(9003, 48, 241, 'medecins', 0, '2026-02-27 22:27:41', '2026-02-27 22:27:41'),
(9004, 48, 242, 'medecins', 0, '2026-02-27 22:27:41', '2026-02-27 22:27:41'),
(9005, 48, 243, 'medecins', 0, '2026-02-27 22:27:41', '2026-02-27 22:27:41'),
(9006, 48, 244, 'medecins', 0, '2026-02-27 22:27:41', '2026-02-27 22:27:41'),
(9007, 48, 245, 'medecins', 0, '2026-02-27 22:27:41', '2026-02-27 22:27:41'),
(9008, 48, 246, 'medecins', 0, '2026-02-27 22:27:41', '2026-02-27 22:27:41'),
(9009, 48, 247, 'medecins', 0, '2026-02-27 22:27:41', '2026-02-27 22:27:41'),
(9010, 48, 248, 'medecins', 0, '2026-02-27 22:27:41', '2026-02-27 22:27:41'),
(9011, 48, 249, 'medecins', 0, '2026-02-27 22:27:41', '2026-02-27 22:27:41'),
(9012, 48, 250, 'medecins', 0, '2026-02-27 22:27:41', '2026-02-27 22:27:41'),
(9013, 48, 251, 'medecins', 0, '2026-02-27 22:27:41', '2026-02-27 22:27:41'),
(9014, 48, 252, 'medecins', 0, '2026-02-27 22:27:41', '2026-02-27 22:27:41'),
(9015, 48, 253, 'medecins', 0, '2026-02-27 22:27:41', '2026-02-27 22:27:41'),
(9016, 48, 254, 'medecins', 0, '2026-02-27 22:27:41', '2026-02-27 22:27:41'),
(9017, 48, 255, 'medecins', 0, '2026-02-27 22:27:41', '2026-02-27 22:27:41'),
(9018, 48, 256, 'medecins', 0, '2026-02-27 22:27:41', '2026-02-27 22:27:41'),
(9019, 48, 257, 'medecins', 0, '2026-02-27 22:27:41', '2026-02-27 22:27:41'),
(9020, 48, 258, 'medecins', 0, '2026-02-27 22:27:41', '2026-02-27 22:27:41'),
(9021, 48, 259, 'medecins', 0, '2026-02-27 22:27:41', '2026-02-27 22:27:41'),
(9022, 48, 260, 'medecins', 0, '2026-02-27 22:27:41', '2026-02-27 22:27:41'),
(9023, 48, 261, 'medecins', 0, '2026-02-27 22:27:41', '2026-02-27 22:27:41'),
(9024, 48, 262, 'medecins', 0, '2026-02-27 22:27:41', '2026-02-27 22:27:41'),
(9025, 48, 230, 'pharmacies', 0, '2026-02-27 22:27:41', '2026-02-27 22:27:41'),
(9026, 48, 231, 'pharmacies', 0, '2026-02-27 22:27:41', '2026-02-27 22:27:41'),
(9027, 48, 232, 'pharmacies', 0, '2026-02-27 22:27:41', '2026-02-27 22:27:41'),
(9028, 48, 233, 'pharmacies', 0, '2026-02-27 22:27:41', '2026-02-27 22:27:41'),
(9029, 48, 234, 'pharmacies', 0, '2026-02-27 22:27:41', '2026-02-27 22:27:41'),
(9030, 48, 235, 'pharmacies', 0, '2026-02-27 22:27:41', '2026-02-27 22:27:41'),
(9031, 48, 236, 'pharmacies', 0, '2026-02-27 22:27:41', '2026-02-27 22:27:41'),
(9032, 48, 237, 'pharmacies', 0, '2026-02-27 22:27:41', '2026-02-27 22:27:41'),
(9033, 48, 238, 'pharmacies', 0, '2026-02-27 22:27:41', '2026-02-27 22:27:41'),
(9034, 48, 239, 'pharmacies', 0, '2026-02-27 22:27:41', '2026-02-27 22:27:41'),
(9035, 48, 240, 'pharmacies', 0, '2026-02-27 22:27:41', '2026-02-27 22:27:41'),
(9036, 48, 241, 'pharmacies', 0, '2026-02-27 22:27:41', '2026-02-27 22:27:41'),
(9037, 48, 242, 'pharmacies', 0, '2026-02-27 22:27:41', '2026-02-27 22:27:41'),
(9038, 48, 243, 'pharmacies', 0, '2026-02-27 22:27:41', '2026-02-27 22:27:41'),
(9039, 48, 244, 'pharmacies', 0, '2026-02-27 22:27:41', '2026-02-27 22:27:41'),
(9040, 48, 245, 'pharmacies', 0, '2026-02-27 22:27:41', '2026-02-27 22:27:41'),
(9041, 48, 246, 'pharmacies', 0, '2026-02-27 22:27:41', '2026-02-27 22:27:41'),
(9042, 48, 247, 'pharmacies', 0, '2026-02-27 22:27:41', '2026-02-27 22:27:41'),
(9043, 48, 248, 'pharmacies', 0, '2026-02-27 22:27:41', '2026-02-27 22:27:41'),
(9044, 48, 249, 'pharmacies', 0, '2026-02-27 22:27:41', '2026-02-27 22:27:41'),
(9045, 48, 250, 'pharmacies', 0, '2026-02-27 22:27:41', '2026-02-27 22:27:41'),
(9046, 48, 251, 'pharmacies', 0, '2026-02-27 22:27:41', '2026-02-27 22:27:41'),
(9047, 48, 252, 'pharmacies', 0, '2026-02-27 22:27:41', '2026-02-27 22:27:41'),
(9048, 48, 253, 'pharmacies', 0, '2026-02-27 22:27:41', '2026-02-27 22:27:41'),
(9049, 48, 254, 'pharmacies', 0, '2026-02-27 22:27:41', '2026-02-27 22:27:41'),
(9050, 48, 255, 'pharmacies', 0, '2026-02-27 22:27:41', '2026-02-27 22:27:41'),
(9051, 48, 256, 'pharmacies', 0, '2026-02-27 22:27:41', '2026-02-27 22:27:41'),
(9052, 48, 257, 'pharmacies', 0, '2026-02-27 22:27:41', '2026-02-27 22:27:41'),
(9053, 48, 258, 'pharmacies', 0, '2026-02-27 22:27:41', '2026-02-27 22:27:41'),
(9054, 48, 259, 'pharmacies', 0, '2026-02-27 22:27:41', '2026-02-27 22:27:41'),
(9055, 48, 260, 'pharmacies', 0, '2026-02-27 22:27:41', '2026-02-27 22:27:41'),
(9056, 48, 261, 'pharmacies', 0, '2026-02-27 22:27:41', '2026-02-27 22:27:41'),
(9057, 48, 262, 'pharmacies', 0, '2026-02-27 22:27:41', '2026-02-27 22:27:41'),
(9058, 48, 230, 'grossistes', 0, '2026-02-27 22:27:41', '2026-02-27 22:27:41'),
(9059, 48, 231, 'grossistes', 0, '2026-02-27 22:27:41', '2026-02-27 22:27:41'),
(9060, 48, 232, 'grossistes', 0, '2026-02-27 22:27:41', '2026-02-27 22:27:41'),
(9061, 48, 233, 'grossistes', 0, '2026-02-27 22:27:41', '2026-02-27 22:27:41'),
(9062, 48, 234, 'grossistes', 0, '2026-02-27 22:27:41', '2026-02-27 22:27:41'),
(9063, 48, 235, 'grossistes', 0, '2026-02-27 22:27:41', '2026-02-27 22:27:41'),
(9064, 48, 236, 'grossistes', 0, '2026-02-27 22:27:41', '2026-02-27 22:27:41'),
(9065, 48, 237, 'grossistes', 0, '2026-02-27 22:27:41', '2026-02-27 22:27:41'),
(9066, 48, 238, 'grossistes', 0, '2026-02-27 22:27:41', '2026-02-27 22:27:41'),
(9067, 48, 239, 'grossistes', 0, '2026-02-27 22:27:41', '2026-02-27 22:27:41'),
(9068, 48, 240, 'grossistes', 0, '2026-02-27 22:27:41', '2026-02-27 22:27:41'),
(9069, 48, 241, 'grossistes', 0, '2026-02-27 22:27:41', '2026-02-27 22:27:41'),
(9070, 48, 242, 'grossistes', 0, '2026-02-27 22:27:41', '2026-02-27 22:27:41'),
(9071, 48, 243, 'grossistes', 0, '2026-02-27 22:27:41', '2026-02-27 22:27:41'),
(9072, 48, 244, 'grossistes', 0, '2026-02-27 22:27:41', '2026-02-27 22:27:41'),
(9073, 48, 245, 'grossistes', 0, '2026-02-27 22:27:41', '2026-02-27 22:27:41'),
(9074, 48, 246, 'grossistes', 0, '2026-02-27 22:27:41', '2026-02-27 22:27:41'),
(9075, 48, 247, 'grossistes', 0, '2026-02-27 22:27:41', '2026-02-27 22:27:41'),
(9076, 48, 248, 'grossistes', 0, '2026-02-27 22:27:41', '2026-02-27 22:27:41'),
(9077, 48, 249, 'grossistes', 0, '2026-02-27 22:27:41', '2026-02-27 22:27:41'),
(9078, 48, 250, 'grossistes', 0, '2026-02-27 22:27:41', '2026-02-27 22:27:41'),
(9079, 48, 251, 'grossistes', 0, '2026-02-27 22:27:41', '2026-02-27 22:27:41'),
(9080, 48, 252, 'grossistes', 0, '2026-02-27 22:27:41', '2026-02-27 22:27:41'),
(9081, 48, 253, 'grossistes', 0, '2026-02-27 22:27:41', '2026-02-27 22:27:41'),
(9082, 48, 254, 'grossistes', 0, '2026-02-27 22:27:41', '2026-02-27 22:27:41'),
(9083, 48, 255, 'grossistes', 0, '2026-02-27 22:27:41', '2026-02-27 22:27:41'),
(9084, 48, 256, 'grossistes', 0, '2026-02-27 22:27:41', '2026-02-27 22:27:41'),
(9085, 48, 257, 'grossistes', 0, '2026-02-27 22:27:41', '2026-02-27 22:27:41'),
(9086, 48, 258, 'grossistes', 0, '2026-02-27 22:27:42', '2026-02-27 22:27:42'),
(9087, 48, 259, 'grossistes', 0, '2026-02-27 22:27:42', '2026-02-27 22:27:42'),
(9088, 48, 260, 'grossistes', 0, '2026-02-27 22:27:42', '2026-02-27 22:27:42'),
(9089, 48, 261, 'grossistes', 0, '2026-02-27 22:27:42', '2026-02-27 22:27:42'),
(9090, 48, 262, 'grossistes', 0, '2026-02-27 22:27:42', '2026-02-27 22:27:42'),
(9232, 36, 887, 'medecins', 0, '2026-02-27 22:29:37', '2026-02-27 22:29:37'),
(9233, 36, 888, 'medecins', 0, '2026-02-27 22:29:37', '2026-02-27 22:29:37'),
(9234, 36, 889, 'medecins', 0, '2026-02-27 22:29:37', '2026-02-27 22:29:37'),
(9235, 36, 890, 'medecins', 0, '2026-02-27 22:29:37', '2026-02-27 22:29:37'),
(9236, 36, 891, 'medecins', 0, '2026-02-27 22:29:37', '2026-02-27 22:29:37'),
(9237, 36, 892, 'medecins', 0, '2026-02-27 22:29:37', '2026-02-27 22:29:37'),
(9238, 36, 893, 'medecins', 0, '2026-02-27 22:29:37', '2026-02-27 22:29:37'),
(9239, 36, 894, 'medecins', 0, '2026-02-27 22:29:37', '2026-02-27 22:29:37'),
(9240, 36, 895, 'medecins', 0, '2026-02-27 22:29:37', '2026-02-27 22:29:37'),
(9241, 36, 896, 'medecins', 0, '2026-02-27 22:29:37', '2026-02-27 22:29:37'),
(9242, 36, 897, 'medecins', 0, '2026-02-27 22:29:37', '2026-02-27 22:29:37'),
(9243, 36, 898, 'medecins', 0, '2026-02-27 22:29:37', '2026-02-27 22:29:37'),
(9244, 36, 1383, 'medecins', 0, '2026-02-27 22:29:42', '2026-02-27 22:29:42'),
(9245, 36, 1384, 'medecins', 0, '2026-02-27 22:29:42', '2026-02-27 22:29:42'),
(9246, 36, 1385, 'medecins', 0, '2026-02-27 22:29:42', '2026-02-27 22:29:42'),
(9247, 36, 1386, 'medecins', 0, '2026-02-27 22:29:42', '2026-02-27 22:29:42'),
(9248, 36, 1387, 'medecins', 0, '2026-02-27 22:29:42', '2026-02-27 22:29:42'),
(9249, 36, 1388, 'medecins', 0, '2026-02-27 22:29:42', '2026-02-27 22:29:42'),
(9250, 36, 1389, 'medecins', 0, '2026-02-27 22:29:42', '2026-02-27 22:29:42'),
(9251, 36, 1390, 'medecins', 0, '2026-02-27 22:29:42', '2026-02-27 22:29:42'),
(9252, 36, 1391, 'medecins', 0, '2026-02-27 22:29:42', '2026-02-27 22:29:42'),
(9253, 36, 1392, 'medecins', 0, '2026-02-27 22:29:42', '2026-02-27 22:29:42'),
(9254, 36, 1393, 'medecins', 0, '2026-02-27 22:29:42', '2026-02-27 22:29:42'),
(9255, 36, 1394, 'medecins', 0, '2026-02-27 22:29:42', '2026-02-27 22:29:42'),
(9256, 36, 1395, 'medecins', 0, '2026-02-27 22:29:42', '2026-02-27 22:29:42'),
(9257, 36, 1396, 'medecins', 0, '2026-02-27 22:29:42', '2026-02-27 22:29:42'),
(9258, 36, 1397, 'medecins', 0, '2026-02-27 22:29:42', '2026-02-27 22:29:42'),
(9259, 36, 1398, 'medecins', 0, '2026-02-27 22:29:42', '2026-02-27 22:29:42'),
(9260, 36, 1399, 'medecins', 0, '2026-02-27 22:29:42', '2026-02-27 22:29:42'),
(9261, 36, 1400, 'medecins', 0, '2026-02-27 22:29:42', '2026-02-27 22:29:42'),
(9262, 36, 1401, 'medecins', 0, '2026-02-27 22:29:42', '2026-02-27 22:29:42'),
(9263, 36, 1402, 'medecins', 0, '2026-02-27 22:29:42', '2026-02-27 22:29:42'),
(9264, 36, 1403, 'medecins', 0, '2026-02-27 22:29:42', '2026-02-27 22:29:42'),
(9265, 36, 1404, 'medecins', 0, '2026-02-27 22:29:42', '2026-02-27 22:29:42'),
(9266, 36, 1405, 'medecins', 0, '2026-02-27 22:29:42', '2026-02-27 22:29:42'),
(9267, 36, 1406, 'medecins', 0, '2026-02-27 22:29:42', '2026-02-27 22:29:42'),
(9268, 36, 1407, 'medecins', 0, '2026-02-27 22:29:42', '2026-02-27 22:29:42'),
(9269, 36, 1408, 'medecins', 0, '2026-02-27 22:29:42', '2026-02-27 22:29:42'),
(9270, 36, 1409, 'medecins', 0, '2026-02-27 22:29:42', '2026-02-27 22:29:42'),
(9271, 36, 1410, 'medecins', 0, '2026-02-27 22:29:42', '2026-02-27 22:29:42'),
(9272, 36, 1411, 'medecins', 0, '2026-02-27 22:29:42', '2026-02-27 22:29:42'),
(9273, 36, 1412, 'medecins', 0, '2026-02-27 22:29:42', '2026-02-27 22:29:42'),
(9274, 36, 1413, 'medecins', 0, '2026-02-27 22:29:42', '2026-02-27 22:29:42'),
(9275, 36, 1414, 'medecins', 0, '2026-02-27 22:29:42', '2026-02-27 22:29:42'),
(9276, 36, 647, 'medecins', 0, '2026-02-27 22:29:44', '2026-02-27 22:29:44'),
(9277, 36, 648, 'medecins', 0, '2026-02-27 22:29:44', '2026-02-27 22:29:44'),
(9278, 36, 649, 'medecins', 0, '2026-02-27 22:29:44', '2026-02-27 22:29:44'),
(9279, 36, 650, 'medecins', 0, '2026-02-27 22:29:44', '2026-02-27 22:29:44'),
(9280, 36, 651, 'medecins', 0, '2026-02-27 22:29:44', '2026-02-27 22:29:44'),
(9281, 36, 652, 'medecins', 0, '2026-02-27 22:29:44', '2026-02-27 22:29:44'),
(9282, 36, 653, 'medecins', 0, '2026-02-27 22:29:44', '2026-02-27 22:29:44'),
(9283, 36, 654, 'medecins', 0, '2026-02-27 22:29:44', '2026-02-27 22:29:44'),
(9284, 36, 655, 'medecins', 0, '2026-02-27 22:29:44', '2026-02-27 22:29:44'),
(9285, 36, 656, 'medecins', 0, '2026-02-27 22:29:44', '2026-02-27 22:29:44'),
(9286, 36, 657, 'medecins', 0, '2026-02-27 22:29:44', '2026-02-27 22:29:44'),
(9287, 36, 658, 'medecins', 0, '2026-02-27 22:29:44', '2026-02-27 22:29:44'),
(9288, 36, 659, 'medecins', 0, '2026-02-27 22:29:44', '2026-02-27 22:29:44'),
(9289, 36, 660, 'medecins', 0, '2026-02-27 22:29:44', '2026-02-27 22:29:44'),
(9290, 36, 661, 'medecins', 0, '2026-02-27 22:29:44', '2026-02-27 22:29:44'),
(9291, 36, 662, 'medecins', 0, '2026-02-27 22:29:44', '2026-02-27 22:29:44'),
(9292, 36, 663, 'medecins', 0, '2026-02-27 22:29:44', '2026-02-27 22:29:44'),
(9293, 36, 664, 'medecins', 0, '2026-02-27 22:29:44', '2026-02-27 22:29:44'),
(9294, 36, 665, 'medecins', 0, '2026-02-27 22:29:44', '2026-02-27 22:29:44'),
(9295, 36, 666, 'medecins', 0, '2026-02-27 22:29:44', '2026-02-27 22:29:44'),
(9296, 36, 667, 'medecins', 0, '2026-02-27 22:29:44', '2026-02-27 22:29:44'),
(9297, 36, 668, 'medecins', 0, '2026-02-27 22:29:44', '2026-02-27 22:29:44'),
(9298, 36, 669, 'medecins', 0, '2026-02-27 22:29:44', '2026-02-27 22:29:44'),
(9299, 36, 670, 'medecins', 0, '2026-02-27 22:29:44', '2026-02-27 22:29:44'),
(9300, 36, 671, 'medecins', 0, '2026-02-27 22:29:44', '2026-02-27 22:29:44'),
(9301, 36, 672, 'medecins', 0, '2026-02-27 22:29:44', '2026-02-27 22:29:44'),
(9302, 36, 673, 'medecins', 0, '2026-02-27 22:29:44', '2026-02-27 22:29:44'),
(9303, 36, 674, 'medecins', 0, '2026-02-27 22:29:44', '2026-02-27 22:29:44'),
(9304, 36, 751, 'medecins', 0, '2026-02-27 22:29:51', '2026-02-27 22:29:51'),
(9305, 36, 752, 'medecins', 0, '2026-02-27 22:29:51', '2026-02-27 22:29:51'),
(9306, 36, 753, 'medecins', 0, '2026-02-27 22:29:51', '2026-02-27 22:29:51'),
(9307, 36, 754, 'medecins', 0, '2026-02-27 22:29:51', '2026-02-27 22:29:51'),
(9308, 36, 755, 'medecins', 0, '2026-02-27 22:29:51', '2026-02-27 22:29:51'),
(9309, 36, 756, 'medecins', 0, '2026-02-27 22:29:51', '2026-02-27 22:29:51'),
(9310, 36, 757, 'medecins', 0, '2026-02-27 22:29:51', '2026-02-27 22:29:51'),
(9311, 36, 758, 'medecins', 0, '2026-02-27 22:29:51', '2026-02-27 22:29:51'),
(9312, 36, 759, 'medecins', 0, '2026-02-27 22:29:51', '2026-02-27 22:29:51'),
(9313, 36, 760, 'medecins', 0, '2026-02-27 22:29:51', '2026-02-27 22:29:51'),
(9314, 36, 761, 'medecins', 0, '2026-02-27 22:29:51', '2026-02-27 22:29:51'),
(9315, 36, 762, 'medecins', 0, '2026-02-27 22:29:51', '2026-02-27 22:29:51'),
(9316, 36, 763, 'medecins', 0, '2026-02-27 22:29:51', '2026-02-27 22:29:51'),
(9317, 36, 764, 'medecins', 0, '2026-02-27 22:29:51', '2026-02-27 22:29:51'),
(9318, 36, 765, 'medecins', 0, '2026-02-27 22:29:51', '2026-02-27 22:29:51'),
(9319, 36, 766, 'medecins', 0, '2026-02-27 22:29:51', '2026-02-27 22:29:51'),
(9320, 36, 767, 'medecins', 0, '2026-02-27 22:29:51', '2026-02-27 22:29:51'),
(9321, 36, 768, 'medecins', 0, '2026-02-27 22:29:51', '2026-02-27 22:29:51'),
(9322, 36, 769, 'medecins', 0, '2026-02-27 22:29:51', '2026-02-27 22:29:51'),
(9323, 36, 770, 'medecins', 0, '2026-02-27 22:29:51', '2026-02-27 22:29:51'),
(9324, 36, 771, 'medecins', 0, '2026-02-27 22:29:51', '2026-02-27 22:29:51'),
(9325, 36, 772, 'medecins', 0, '2026-02-27 22:29:51', '2026-02-27 22:29:51'),
(9326, 36, 773, 'medecins', 0, '2026-02-27 22:29:51', '2026-02-27 22:29:51'),
(9327, 36, 774, 'medecins', 0, '2026-02-27 22:29:51', '2026-02-27 22:29:51'),
(9328, 36, 775, 'medecins', 0, '2026-02-27 22:29:51', '2026-02-27 22:29:51'),
(9329, 36, 776, 'medecins', 0, '2026-02-27 22:29:51', '2026-02-27 22:29:51'),
(9330, 36, 777, 'medecins', 0, '2026-02-27 22:29:51', '2026-02-27 22:29:51'),
(9331, 36, 778, 'medecins', 0, '2026-02-27 22:29:51', '2026-02-27 22:29:51'),
(9332, 36, 779, 'medecins', 0, '2026-02-27 22:29:51', '2026-02-27 22:29:51'),
(9333, 36, 780, 'medecins', 0, '2026-02-27 22:29:51', '2026-02-27 22:29:51'),
(9334, 36, 781, 'medecins', 0, '2026-02-27 22:29:51', '2026-02-27 22:29:51'),
(9335, 36, 782, 'medecins', 0, '2026-02-27 22:29:51', '2026-02-27 22:29:51'),
(9336, 36, 783, 'medecins', 0, '2026-02-27 22:29:51', '2026-02-27 22:29:51'),
(9337, 36, 784, 'medecins', 0, '2026-02-27 22:29:51', '2026-02-27 22:29:51'),
(9338, 36, 785, 'medecins', 0, '2026-02-27 22:29:51', '2026-02-27 22:29:51'),
(9339, 36, 786, 'medecins', 0, '2026-02-27 22:29:51', '2026-02-27 22:29:51'),
(9340, 36, 787, 'medecins', 0, '2026-02-27 22:29:51', '2026-02-27 22:29:51'),
(9341, 36, 788, 'medecins', 0, '2026-02-27 22:29:51', '2026-02-27 22:29:51'),
(9342, 37, 841, 'medecins', 0, '2026-02-27 22:30:06', '2026-02-27 22:30:06'),
(9343, 37, 842, 'medecins', 0, '2026-02-27 22:30:06', '2026-02-27 22:30:06'),
(9344, 37, 843, 'medecins', 0, '2026-02-27 22:30:06', '2026-02-27 22:30:06'),
(9345, 37, 844, 'medecins', 0, '2026-02-27 22:30:06', '2026-02-27 22:30:06'),
(9346, 37, 845, 'medecins', 0, '2026-02-27 22:30:06', '2026-02-27 22:30:06'),
(9347, 37, 846, 'medecins', 0, '2026-02-27 22:30:06', '2026-02-27 22:30:06'),
(9348, 37, 847, 'medecins', 0, '2026-02-27 22:30:06', '2026-02-27 22:30:06'),
(9349, 37, 848, 'medecins', 0, '2026-02-27 22:30:06', '2026-02-27 22:30:06'),
(9350, 37, 849, 'medecins', 0, '2026-02-27 22:30:06', '2026-02-27 22:30:06'),
(9351, 37, 850, 'medecins', 0, '2026-02-27 22:30:06', '2026-02-27 22:30:06'),
(9352, 37, 851, 'medecins', 0, '2026-02-27 22:30:06', '2026-02-27 22:30:06'),
(9353, 37, 852, 'medecins', 0, '2026-02-27 22:30:06', '2026-02-27 22:30:06'),
(9354, 37, 853, 'medecins', 0, '2026-02-27 22:30:25', '2026-02-27 22:30:25'),
(9355, 37, 854, 'medecins', 0, '2026-02-27 22:30:25', '2026-02-27 22:30:25'),
(9356, 37, 855, 'medecins', 0, '2026-02-27 22:30:25', '2026-02-27 22:30:25'),
(9357, 37, 856, 'medecins', 0, '2026-02-27 22:30:25', '2026-02-27 22:30:25'),
(9358, 37, 857, 'medecins', 0, '2026-02-27 22:30:25', '2026-02-27 22:30:25'),
(9359, 37, 858, 'medecins', 0, '2026-02-27 22:30:25', '2026-02-27 22:30:25'),
(9360, 37, 859, 'medecins', 0, '2026-02-27 22:30:25', '2026-02-27 22:30:25'),
(9361, 37, 860, 'medecins', 0, '2026-02-27 22:30:25', '2026-02-27 22:30:25'),
(9362, 37, 861, 'medecins', 0, '2026-02-27 22:30:25', '2026-02-27 22:30:25'),
(9363, 37, 862, 'medecins', 0, '2026-02-27 22:30:25', '2026-02-27 22:30:25'),
(9364, 37, 863, 'medecins', 0, '2026-02-27 22:30:25', '2026-02-27 22:30:25'),
(9365, 37, 864, 'medecins', 0, '2026-02-27 22:30:25', '2026-02-27 22:30:25'),
(9366, 37, 865, 'medecins', 0, '2026-02-27 22:30:25', '2026-02-27 22:30:25'),
(9367, 37, 866, 'medecins', 0, '2026-02-27 22:30:25', '2026-02-27 22:30:25'),
(9368, 37, 867, 'medecins', 0, '2026-02-27 22:30:25', '2026-02-27 22:30:25'),
(9369, 37, 868, 'medecins', 0, '2026-02-27 22:30:25', '2026-02-27 22:30:25'),
(9370, 37, 869, 'medecins', 0, '2026-02-27 22:30:25', '2026-02-27 22:30:25'),
(9371, 37, 870, 'medecins', 0, '2026-02-27 22:30:25', '2026-02-27 22:30:25'),
(9372, 37, 871, 'medecins', 0, '2026-02-27 22:30:25', '2026-02-27 22:30:25'),
(9373, 37, 872, 'medecins', 0, '2026-02-27 22:30:25', '2026-02-27 22:30:25'),
(9374, 37, 873, 'medecins', 0, '2026-02-27 22:30:25', '2026-02-27 22:30:25'),
(9375, 37, 874, 'medecins', 0, '2026-02-27 22:30:25', '2026-02-27 22:30:25'),
(9376, 37, 875, 'medecins', 0, '2026-02-27 22:30:25', '2026-02-27 22:30:25'),
(9377, 37, 876, 'medecins', 0, '2026-02-27 22:30:25', '2026-02-27 22:30:25'),
(9378, 37, 877, 'medecins', 0, '2026-02-27 22:30:25', '2026-02-27 22:30:25'),
(9379, 37, 878, 'medecins', 0, '2026-02-27 22:30:25', '2026-02-27 22:30:25'),
(9380, 37, 879, 'medecins', 0, '2026-02-27 22:30:25', '2026-02-27 22:30:25'),
(9381, 37, 880, 'medecins', 0, '2026-02-27 22:30:25', '2026-02-27 22:30:25'),
(9382, 37, 881, 'medecins', 0, '2026-02-27 22:30:25', '2026-02-27 22:30:25'),
(9383, 37, 882, 'medecins', 0, '2026-02-27 22:30:25', '2026-02-27 22:30:25'),
(9384, 37, 883, 'medecins', 0, '2026-02-27 22:30:25', '2026-02-27 22:30:25'),
(9385, 37, 884, 'medecins', 0, '2026-02-27 22:30:25', '2026-02-27 22:30:25'),
(9386, 37, 885, 'medecins', 0, '2026-02-27 22:30:25', '2026-02-27 22:30:25'),
(9387, 37, 886, 'medecins', 0, '2026-02-27 22:30:25', '2026-02-27 22:30:25'),
(9388, 37, 1329, 'medecins', 0, '2026-02-27 22:30:30', '2026-02-27 22:30:30'),
(9389, 37, 1330, 'medecins', 0, '2026-02-27 22:30:30', '2026-02-27 22:30:30'),
(9390, 37, 1331, 'medecins', 0, '2026-02-27 22:30:30', '2026-02-27 22:30:30'),
(9391, 37, 1332, 'medecins', 0, '2026-02-27 22:30:30', '2026-02-27 22:30:30'),
(9392, 37, 1333, 'medecins', 0, '2026-02-27 22:30:30', '2026-02-27 22:30:30'),
(9393, 37, 1334, 'medecins', 0, '2026-02-27 22:30:30', '2026-02-27 22:30:30'),
(9394, 37, 1335, 'medecins', 0, '2026-02-27 22:30:30', '2026-02-27 22:30:30'),
(9395, 37, 1336, 'medecins', 0, '2026-02-27 22:30:30', '2026-02-27 22:30:30'),
(9396, 37, 1337, 'medecins', 0, '2026-02-27 22:30:30', '2026-02-27 22:30:30'),
(9397, 37, 1338, 'medecins', 0, '2026-02-27 22:30:30', '2026-02-27 22:30:30'),
(9398, 37, 1339, 'medecins', 0, '2026-02-27 22:30:30', '2026-02-27 22:30:30'),
(9399, 37, 1340, 'medecins', 0, '2026-02-27 22:30:30', '2026-02-27 22:30:30'),
(9400, 37, 1341, 'medecins', 0, '2026-02-27 22:30:30', '2026-02-27 22:30:30'),
(9401, 37, 1342, 'medecins', 0, '2026-02-27 22:30:30', '2026-02-27 22:30:30'),
(9402, 37, 1343, 'medecins', 0, '2026-02-27 22:30:30', '2026-02-27 22:30:30'),
(9403, 37, 1344, 'medecins', 0, '2026-02-27 22:30:30', '2026-02-27 22:30:30'),
(9404, 37, 1345, 'medecins', 0, '2026-02-27 22:30:30', '2026-02-27 22:30:30'),
(9405, 37, 1346, 'medecins', 0, '2026-02-27 22:30:30', '2026-02-27 22:30:30'),
(9406, 37, 1347, 'medecins', 0, '2026-02-27 22:30:30', '2026-02-27 22:30:30'),
(9407, 37, 1348, 'medecins', 0, '2026-02-27 22:30:30', '2026-02-27 22:30:30'),
(9408, 37, 1349, 'medecins', 0, '2026-02-27 22:30:30', '2026-02-27 22:30:30'),
(9409, 37, 1350, 'medecins', 0, '2026-02-27 22:30:30', '2026-02-27 22:30:30'),
(9410, 37, 1351, 'medecins', 0, '2026-02-27 22:30:30', '2026-02-27 22:30:30'),
(9411, 37, 1352, 'medecins', 0, '2026-02-27 22:30:30', '2026-02-27 22:30:30'),
(9412, 37, 1353, 'medecins', 0, '2026-02-27 22:30:30', '2026-02-27 22:30:30'),
(9413, 37, 1354, 'medecins', 0, '2026-02-27 22:30:30', '2026-02-27 22:30:30'),
(9414, 37, 1230, 'medecins', 0, '2026-02-27 22:30:34', '2026-02-27 22:30:34'),
(9415, 37, 1231, 'medecins', 0, '2026-02-27 22:30:34', '2026-02-27 22:30:34'),
(9416, 37, 1232, 'medecins', 0, '2026-02-27 22:30:34', '2026-02-27 22:30:34'),
(9417, 37, 1233, 'medecins', 0, '2026-02-27 22:30:34', '2026-02-27 22:30:34'),
(9418, 37, 1234, 'medecins', 0, '2026-02-27 22:30:34', '2026-02-27 22:30:34'),
(9419, 37, 1235, 'medecins', 0, '2026-02-27 22:30:34', '2026-02-27 22:30:34'),
(9420, 37, 1236, 'medecins', 0, '2026-02-27 22:30:34', '2026-02-27 22:30:34'),
(9421, 37, 1237, 'medecins', 0, '2026-02-27 22:30:34', '2026-02-27 22:30:34'),
(9422, 37, 1238, 'medecins', 0, '2026-02-27 22:30:34', '2026-02-27 22:30:34'),
(9423, 37, 1239, 'medecins', 0, '2026-02-27 22:30:34', '2026-02-27 22:30:34'),
(9424, 37, 1240, 'medecins', 0, '2026-02-27 22:30:34', '2026-02-27 22:30:34'),
(9425, 37, 1241, 'medecins', 0, '2026-02-27 22:30:34', '2026-02-27 22:30:34'),
(9426, 37, 1242, 'medecins', 0, '2026-02-27 22:30:34', '2026-02-27 22:30:34'),
(9427, 37, 1243, 'medecins', 0, '2026-02-27 22:30:34', '2026-02-27 22:30:34'),
(9428, 37, 1244, 'medecins', 0, '2026-02-27 22:30:34', '2026-02-27 22:30:34'),
(9429, 37, 1245, 'medecins', 0, '2026-02-27 22:30:34', '2026-02-27 22:30:34'),
(9430, 37, 1246, 'medecins', 0, '2026-02-27 22:30:34', '2026-02-27 22:30:34'),
(9431, 37, 1247, 'medecins', 0, '2026-02-27 22:30:34', '2026-02-27 22:30:34'),
(9432, 37, 1248, 'medecins', 0, '2026-02-27 22:30:34', '2026-02-27 22:30:34'),
(9433, 37, 1249, 'medecins', 0, '2026-02-27 22:30:34', '2026-02-27 22:30:34'),
(9434, 37, 1250, 'medecins', 0, '2026-02-27 22:30:34', '2026-02-27 22:30:34'),
(9435, 37, 1251, 'medecins', 0, '2026-02-27 22:30:34', '2026-02-27 22:30:34'),
(9436, 37, 1252, 'medecins', 0, '2026-02-27 22:30:34', '2026-02-27 22:30:34'),
(9437, 37, 1253, 'medecins', 0, '2026-02-27 22:30:34', '2026-02-27 22:30:34'),
(9438, 37, 364, 'medecins', 0, '2026-02-27 22:30:46', '2026-02-27 22:30:46'),
(9439, 37, 365, 'medecins', 0, '2026-02-27 22:30:46', '2026-02-27 22:30:46'),
(9440, 37, 366, 'medecins', 0, '2026-02-27 22:30:46', '2026-02-27 22:30:46'),
(9441, 37, 367, 'medecins', 0, '2026-02-27 22:30:46', '2026-02-27 22:30:46'),
(9442, 37, 368, 'medecins', 0, '2026-02-27 22:30:46', '2026-02-27 22:30:46'),
(9443, 37, 369, 'medecins', 0, '2026-02-27 22:30:46', '2026-02-27 22:30:46'),
(9444, 37, 370, 'medecins', 0, '2026-02-27 22:30:46', '2026-02-27 22:30:46'),
(9445, 37, 371, 'medecins', 0, '2026-02-27 22:30:46', '2026-02-27 22:30:46'),
(9446, 37, 372, 'medecins', 0, '2026-02-27 22:30:46', '2026-02-27 22:30:46'),
(9447, 37, 373, 'medecins', 0, '2026-02-27 22:30:46', '2026-02-27 22:30:46'),
(9448, 37, 374, 'medecins', 0, '2026-02-27 22:30:46', '2026-02-27 22:30:46'),
(9449, 37, 375, 'medecins', 0, '2026-02-27 22:30:46', '2026-02-27 22:30:46'),
(9450, 37, 376, 'medecins', 0, '2026-02-27 22:30:46', '2026-02-27 22:30:46'),
(9451, 37, 377, 'medecins', 0, '2026-02-27 22:30:46', '2026-02-27 22:30:46'),
(9452, 37, 378, 'medecins', 0, '2026-02-27 22:30:46', '2026-02-27 22:30:46'),
(9453, 37, 379, 'medecins', 0, '2026-02-27 22:30:46', '2026-02-27 22:30:46'),
(9454, 37, 380, 'medecins', 0, '2026-02-27 22:30:46', '2026-02-27 22:30:46'),
(9455, 37, 381, 'medecins', 0, '2026-02-27 22:30:46', '2026-02-27 22:30:46'),
(9456, 37, 382, 'medecins', 0, '2026-02-27 22:30:46', '2026-02-27 22:30:46'),
(9457, 37, 383, 'medecins', 0, '2026-02-27 22:30:46', '2026-02-27 22:30:46'),
(9458, 37, 384, 'medecins', 0, '2026-02-27 22:30:46', '2026-02-27 22:30:46'),
(9459, 37, 385, 'medecins', 0, '2026-02-27 22:30:46', '2026-02-27 22:30:46'),
(9460, 37, 386, 'medecins', 0, '2026-02-27 22:30:46', '2026-02-27 22:30:46'),
(9461, 37, 387, 'medecins', 0, '2026-02-27 22:30:46', '2026-02-27 22:30:46'),
(9462, 37, 388, 'medecins', 0, '2026-02-27 22:30:46', '2026-02-27 22:30:46'),
(9463, 37, 389, 'medecins', 0, '2026-02-27 22:30:46', '2026-02-27 22:30:46'),
(9464, 37, 390, 'medecins', 0, '2026-02-27 22:30:46', '2026-02-27 22:30:46'),
(9465, 37, 391, 'medecins', 0, '2026-02-27 22:30:46', '2026-02-27 22:30:46'),
(9494, 38, 735, 'pharmacies', 0, '2026-02-27 23:06:19', '2026-02-27 23:06:19'),
(9495, 38, 736, 'pharmacies', 0, '2026-02-27 23:06:19', '2026-02-27 23:06:19'),
(9496, 38, 737, 'pharmacies', 0, '2026-02-27 23:06:19', '2026-02-27 23:06:19'),
(9497, 38, 738, 'pharmacies', 0, '2026-02-27 23:06:19', '2026-02-27 23:06:19'),
(9498, 38, 739, 'pharmacies', 0, '2026-02-27 23:06:19', '2026-02-27 23:06:19'),
(9499, 38, 740, 'pharmacies', 0, '2026-02-27 23:06:19', '2026-02-27 23:06:19'),
(9500, 38, 741, 'pharmacies', 0, '2026-02-27 23:06:19', '2026-02-27 23:06:19'),
(9501, 38, 742, 'pharmacies', 0, '2026-02-27 23:06:19', '2026-02-27 23:06:19'),
(9502, 38, 743, 'pharmacies', 0, '2026-02-27 23:06:19', '2026-02-27 23:06:19'),
(9503, 38, 744, 'pharmacies', 0, '2026-02-27 23:06:19', '2026-02-27 23:06:19'),
(9504, 38, 745, 'pharmacies', 0, '2026-02-27 23:06:19', '2026-02-27 23:06:19'),
(9505, 38, 746, 'pharmacies', 0, '2026-02-27 23:06:19', '2026-02-27 23:06:19'),
(9506, 38, 747, 'pharmacies', 0, '2026-02-27 23:06:19', '2026-02-27 23:06:19'),
(9507, 38, 748, 'pharmacies', 0, '2026-02-27 23:06:19', '2026-02-27 23:06:19'),
(9508, 38, 749, 'pharmacies', 0, '2026-02-27 23:06:19', '2026-02-27 23:06:19'),
(9509, 38, 750, 'pharmacies', 0, '2026-02-27 23:06:19', '2026-02-27 23:06:19'),
(9510, 38, 735, 'grossistes', 0, '2026-02-27 23:06:19', '2026-02-27 23:06:19'),
(9511, 38, 736, 'grossistes', 0, '2026-02-27 23:06:19', '2026-02-27 23:06:19'),
(9512, 38, 737, 'grossistes', 0, '2026-02-27 23:06:19', '2026-02-27 23:06:19'),
(9513, 38, 738, 'grossistes', 0, '2026-02-27 23:06:19', '2026-02-27 23:06:19'),
(9514, 38, 739, 'grossistes', 0, '2026-02-27 23:06:19', '2026-02-27 23:06:19'),
(9515, 38, 740, 'grossistes', 0, '2026-02-27 23:06:19', '2026-02-27 23:06:19'),
(9516, 38, 741, 'grossistes', 0, '2026-02-27 23:06:19', '2026-02-27 23:06:19'),
(9517, 38, 742, 'grossistes', 0, '2026-02-27 23:06:19', '2026-02-27 23:06:19'),
(9518, 38, 743, 'grossistes', 0, '2026-02-27 23:06:19', '2026-02-27 23:06:19'),
(9519, 38, 744, 'grossistes', 0, '2026-02-27 23:06:19', '2026-02-27 23:06:19'),
(9520, 38, 745, 'grossistes', 0, '2026-02-27 23:06:19', '2026-02-27 23:06:19'),
(9521, 38, 746, 'grossistes', 0, '2026-02-27 23:06:19', '2026-02-27 23:06:19'),
(9522, 38, 747, 'grossistes', 0, '2026-02-27 23:06:19', '2026-02-27 23:06:19'),
(9523, 38, 748, 'grossistes', 0, '2026-02-27 23:06:19', '2026-02-27 23:06:19'),
(9524, 38, 749, 'grossistes', 0, '2026-02-27 23:06:19', '2026-02-27 23:06:19'),
(9525, 38, 750, 'grossistes', 0, '2026-02-27 23:06:19', '2026-02-27 23:06:19'),
(9526, 38, 1110, 'pharmacies', 0, '2026-02-27 23:06:23', '2026-02-27 23:06:23'),
(9527, 38, 1111, 'pharmacies', 0, '2026-02-27 23:06:23', '2026-02-27 23:06:23'),
(9528, 38, 1112, 'pharmacies', 0, '2026-02-27 23:06:23', '2026-02-27 23:06:23'),
(9529, 38, 1113, 'pharmacies', 0, '2026-02-27 23:06:23', '2026-02-27 23:06:23'),
(9530, 38, 1114, 'pharmacies', 0, '2026-02-27 23:06:23', '2026-02-27 23:06:23'),
(9531, 38, 1115, 'pharmacies', 0, '2026-02-27 23:06:23', '2026-02-27 23:06:23'),
(9532, 38, 1116, 'pharmacies', 0, '2026-02-27 23:06:23', '2026-02-27 23:06:23'),
(9533, 38, 1117, 'pharmacies', 0, '2026-02-27 23:06:23', '2026-02-27 23:06:23'),
(9534, 38, 1118, 'pharmacies', 0, '2026-02-27 23:06:23', '2026-02-27 23:06:23'),
(9535, 38, 1119, 'pharmacies', 0, '2026-02-27 23:06:23', '2026-02-27 23:06:23'),
(9536, 38, 1120, 'pharmacies', 0, '2026-02-27 23:06:23', '2026-02-27 23:06:23'),
(9537, 38, 1121, 'pharmacies', 0, '2026-02-27 23:06:23', '2026-02-27 23:06:23'),
(9538, 38, 1122, 'pharmacies', 0, '2026-02-27 23:06:23', '2026-02-27 23:06:23'),
(9539, 38, 1123, 'pharmacies', 0, '2026-02-27 23:06:23', '2026-02-27 23:06:23'),
(9540, 38, 1124, 'pharmacies', 0, '2026-02-27 23:06:23', '2026-02-27 23:06:23'),
(9541, 38, 1125, 'pharmacies', 0, '2026-02-27 23:06:23', '2026-02-27 23:06:23'),
(9542, 38, 1126, 'pharmacies', 0, '2026-02-27 23:06:23', '2026-02-27 23:06:23'),
(9543, 38, 1127, 'pharmacies', 0, '2026-02-27 23:06:23', '2026-02-27 23:06:23'),
(9544, 38, 1128, 'pharmacies', 0, '2026-02-27 23:06:23', '2026-02-27 23:06:23'),
(9545, 38, 1129, 'pharmacies', 0, '2026-02-27 23:06:23', '2026-02-27 23:06:23'),
(9546, 38, 1130, 'pharmacies', 0, '2026-02-27 23:06:23', '2026-02-27 23:06:23'),
(9547, 38, 1131, 'pharmacies', 0, '2026-02-27 23:06:23', '2026-02-27 23:06:23'),
(9548, 38, 1132, 'pharmacies', 0, '2026-02-27 23:06:23', '2026-02-27 23:06:23'),
(9549, 38, 1133, 'pharmacies', 0, '2026-02-27 23:06:23', '2026-02-27 23:06:23'),
(9550, 38, 1134, 'pharmacies', 0, '2026-02-27 23:06:23', '2026-02-27 23:06:23'),
(9551, 38, 1135, 'pharmacies', 0, '2026-02-27 23:06:23', '2026-02-27 23:06:23'),
(9552, 38, 1110, 'grossistes', 0, '2026-02-27 23:06:23', '2026-02-27 23:06:23'),
(9553, 38, 1111, 'grossistes', 0, '2026-02-27 23:06:23', '2026-02-27 23:06:23'),
(9554, 38, 1112, 'grossistes', 0, '2026-02-27 23:06:23', '2026-02-27 23:06:23'),
(9555, 38, 1113, 'grossistes', 0, '2026-02-27 23:06:23', '2026-02-27 23:06:23'),
(9556, 38, 1114, 'grossistes', 0, '2026-02-27 23:06:23', '2026-02-27 23:06:23'),
(9557, 38, 1115, 'grossistes', 0, '2026-02-27 23:06:23', '2026-02-27 23:06:23'),
(9558, 38, 1116, 'grossistes', 0, '2026-02-27 23:06:23', '2026-02-27 23:06:23'),
(9559, 38, 1117, 'grossistes', 0, '2026-02-27 23:06:23', '2026-02-27 23:06:23'),
(9560, 38, 1118, 'grossistes', 0, '2026-02-27 23:06:23', '2026-02-27 23:06:23'),
(9561, 38, 1119, 'grossistes', 0, '2026-02-27 23:06:23', '2026-02-27 23:06:23'),
(9562, 38, 1120, 'grossistes', 0, '2026-02-27 23:06:23', '2026-02-27 23:06:23'),
(9563, 38, 1121, 'grossistes', 0, '2026-02-27 23:06:23', '2026-02-27 23:06:23'),
(9564, 38, 1122, 'grossistes', 0, '2026-02-27 23:06:23', '2026-02-27 23:06:23'),
(9565, 38, 1123, 'grossistes', 0, '2026-02-27 23:06:23', '2026-02-27 23:06:23'),
(9566, 38, 1124, 'grossistes', 0, '2026-02-27 23:06:23', '2026-02-27 23:06:23'),
(9567, 38, 1125, 'grossistes', 0, '2026-02-27 23:06:23', '2026-02-27 23:06:23'),
(9568, 38, 1126, 'grossistes', 0, '2026-02-27 23:06:23', '2026-02-27 23:06:23'),
(9569, 38, 1127, 'grossistes', 0, '2026-02-27 23:06:23', '2026-02-27 23:06:23'),
(9570, 38, 1128, 'grossistes', 0, '2026-02-27 23:06:23', '2026-02-27 23:06:23'),
(9571, 38, 1129, 'grossistes', 0, '2026-02-27 23:06:23', '2026-02-27 23:06:23'),
(9572, 38, 1130, 'grossistes', 0, '2026-02-27 23:06:23', '2026-02-27 23:06:23'),
(9573, 38, 1131, 'grossistes', 0, '2026-02-27 23:06:23', '2026-02-27 23:06:23'),
(9574, 38, 1132, 'grossistes', 0, '2026-02-27 23:06:23', '2026-02-27 23:06:23'),
(9575, 38, 1133, 'grossistes', 0, '2026-02-27 23:06:23', '2026-02-27 23:06:23'),
(9576, 38, 1134, 'grossistes', 0, '2026-02-27 23:06:23', '2026-02-27 23:06:23'),
(9577, 38, 1135, 'grossistes', 0, '2026-02-27 23:06:23', '2026-02-27 23:06:23'),
(9578, 39, 1415, 'pharmacies', 0, '2026-02-27 23:06:38', '2026-02-27 23:06:38'),
(9579, 39, 1416, 'pharmacies', 0, '2026-02-27 23:06:38', '2026-02-27 23:06:38'),
(9580, 39, 1417, 'pharmacies', 0, '2026-02-27 23:06:38', '2026-02-27 23:06:38'),
(9581, 39, 1418, 'pharmacies', 0, '2026-02-27 23:06:38', '2026-02-27 23:06:38'),
(9582, 39, 1419, 'pharmacies', 0, '2026-02-27 23:06:38', '2026-02-27 23:06:38'),
(9583, 39, 1420, 'pharmacies', 0, '2026-02-27 23:06:38', '2026-02-27 23:06:38'),
(9584, 39, 1421, 'pharmacies', 0, '2026-02-27 23:06:38', '2026-02-27 23:06:38'),
(9585, 39, 1422, 'pharmacies', 0, '2026-02-27 23:06:38', '2026-02-27 23:06:38'),
(9586, 39, 1423, 'pharmacies', 0, '2026-02-27 23:06:38', '2026-02-27 23:06:38'),
(9587, 39, 1424, 'pharmacies', 0, '2026-02-27 23:06:38', '2026-02-27 23:06:38'),
(9588, 39, 1425, 'pharmacies', 0, '2026-02-27 23:06:38', '2026-02-27 23:06:38'),
(9589, 39, 1426, 'pharmacies', 0, '2026-02-27 23:06:38', '2026-02-27 23:06:38'),
(9590, 39, 1427, 'pharmacies', 0, '2026-02-27 23:06:38', '2026-02-27 23:06:38'),
(9591, 39, 1428, 'pharmacies', 0, '2026-02-27 23:06:38', '2026-02-27 23:06:38'),
(9592, 39, 1429, 'pharmacies', 0, '2026-02-27 23:06:38', '2026-02-27 23:06:38'),
(9593, 39, 1430, 'pharmacies', 0, '2026-02-27 23:06:38', '2026-02-27 23:06:38'),
(9594, 39, 1431, 'pharmacies', 0, '2026-02-27 23:06:38', '2026-02-27 23:06:38'),
(9595, 39, 1432, 'pharmacies', 0, '2026-02-27 23:06:38', '2026-02-27 23:06:38'),
(9596, 39, 1433, 'pharmacies', 0, '2026-02-27 23:06:38', '2026-02-27 23:06:38'),
(9597, 39, 1434, 'pharmacies', 0, '2026-02-27 23:06:38', '2026-02-27 23:06:38'),
(9598, 39, 1435, 'pharmacies', 0, '2026-02-27 23:06:38', '2026-02-27 23:06:38'),
(9599, 39, 1436, 'pharmacies', 0, '2026-02-27 23:06:38', '2026-02-27 23:06:38'),
(9600, 39, 1437, 'pharmacies', 0, '2026-02-27 23:06:38', '2026-02-27 23:06:38'),
(9601, 39, 1438, 'pharmacies', 0, '2026-02-27 23:06:38', '2026-02-27 23:06:38'),
(9602, 39, 1439, 'pharmacies', 0, '2026-02-27 23:06:38', '2026-02-27 23:06:38'),
(9603, 39, 1440, 'pharmacies', 0, '2026-02-27 23:06:38', '2026-02-27 23:06:38'),
(9604, 39, 1441, 'pharmacies', 0, '2026-02-27 23:06:38', '2026-02-27 23:06:38'),
(9605, 39, 1442, 'pharmacies', 0, '2026-02-27 23:06:38', '2026-02-27 23:06:38'),
(9606, 39, 1443, 'pharmacies', 0, '2026-02-27 23:06:38', '2026-02-27 23:06:38'),
(9607, 39, 1444, 'pharmacies', 0, '2026-02-27 23:06:38', '2026-02-27 23:06:38'),
(9608, 39, 1445, 'pharmacies', 0, '2026-02-27 23:06:38', '2026-02-27 23:06:38'),
(9609, 39, 1446, 'pharmacies', 0, '2026-02-27 23:06:38', '2026-02-27 23:06:38'),
(9610, 39, 1447, 'pharmacies', 0, '2026-02-27 23:06:38', '2026-02-27 23:06:38'),
(9611, 39, 1448, 'pharmacies', 0, '2026-02-27 23:06:38', '2026-02-27 23:06:38'),
(9612, 39, 1449, 'pharmacies', 0, '2026-02-27 23:06:38', '2026-02-27 23:06:38'),
(9613, 39, 1450, 'pharmacies', 0, '2026-02-27 23:06:38', '2026-02-27 23:06:38'),
(9614, 39, 1415, 'grossistes', 0, '2026-02-27 23:06:38', '2026-02-27 23:06:38'),
(9615, 39, 1416, 'grossistes', 0, '2026-02-27 23:06:38', '2026-02-27 23:06:38'),
(9616, 39, 1417, 'grossistes', 0, '2026-02-27 23:06:38', '2026-02-27 23:06:38'),
(9617, 39, 1418, 'grossistes', 0, '2026-02-27 23:06:38', '2026-02-27 23:06:38'),
(9618, 39, 1419, 'grossistes', 0, '2026-02-27 23:06:38', '2026-02-27 23:06:38'),
(9619, 39, 1420, 'grossistes', 0, '2026-02-27 23:06:38', '2026-02-27 23:06:38'),
(9620, 39, 1421, 'grossistes', 0, '2026-02-27 23:06:38', '2026-02-27 23:06:38'),
(9621, 39, 1422, 'grossistes', 0, '2026-02-27 23:06:38', '2026-02-27 23:06:38'),
(9622, 39, 1423, 'grossistes', 0, '2026-02-27 23:06:38', '2026-02-27 23:06:38'),
(9623, 39, 1424, 'grossistes', 0, '2026-02-27 23:06:38', '2026-02-27 23:06:38'),
(9624, 39, 1425, 'grossistes', 0, '2026-02-27 23:06:38', '2026-02-27 23:06:38'),
(9625, 39, 1426, 'grossistes', 0, '2026-02-27 23:06:38', '2026-02-27 23:06:38'),
(9626, 39, 1427, 'grossistes', 0, '2026-02-27 23:06:38', '2026-02-27 23:06:38'),
(9627, 39, 1428, 'grossistes', 0, '2026-02-27 23:06:38', '2026-02-27 23:06:38'),
(9628, 39, 1429, 'grossistes', 0, '2026-02-27 23:06:38', '2026-02-27 23:06:38'),
(9629, 39, 1430, 'grossistes', 0, '2026-02-27 23:06:38', '2026-02-27 23:06:38'),
(9630, 39, 1431, 'grossistes', 0, '2026-02-27 23:06:38', '2026-02-27 23:06:38'),
(9631, 39, 1432, 'grossistes', 0, '2026-02-27 23:06:38', '2026-02-27 23:06:38'),
(9632, 39, 1433, 'grossistes', 0, '2026-02-27 23:06:38', '2026-02-27 23:06:38'),
(9633, 39, 1434, 'grossistes', 0, '2026-02-27 23:06:38', '2026-02-27 23:06:38'),
(9634, 39, 1435, 'grossistes', 0, '2026-02-27 23:06:38', '2026-02-27 23:06:38');
INSERT INTO `organisation_node_unit_territories` (`id`, `organisation_node_unit_id`, `commune_id`, `cible`, `is_suggested`, `created_at`, `updated_at`) VALUES
(9635, 39, 1436, 'grossistes', 0, '2026-02-27 23:06:38', '2026-02-27 23:06:38'),
(9636, 39, 1437, 'grossistes', 0, '2026-02-27 23:06:38', '2026-02-27 23:06:38'),
(9637, 39, 1438, 'grossistes', 0, '2026-02-27 23:06:38', '2026-02-27 23:06:38'),
(9638, 39, 1439, 'grossistes', 0, '2026-02-27 23:06:38', '2026-02-27 23:06:38'),
(9639, 39, 1440, 'grossistes', 0, '2026-02-27 23:06:38', '2026-02-27 23:06:38'),
(9640, 39, 1441, 'grossistes', 0, '2026-02-27 23:06:38', '2026-02-27 23:06:38'),
(9641, 39, 1442, 'grossistes', 0, '2026-02-27 23:06:38', '2026-02-27 23:06:38'),
(9642, 39, 1443, 'grossistes', 0, '2026-02-27 23:06:38', '2026-02-27 23:06:38'),
(9643, 39, 1444, 'grossistes', 0, '2026-02-27 23:06:38', '2026-02-27 23:06:38'),
(9644, 39, 1445, 'grossistes', 0, '2026-02-27 23:06:38', '2026-02-27 23:06:38'),
(9645, 39, 1446, 'grossistes', 0, '2026-02-27 23:06:38', '2026-02-27 23:06:38'),
(9646, 39, 1447, 'grossistes', 0, '2026-02-27 23:06:38', '2026-02-27 23:06:38'),
(9647, 39, 1448, 'grossistes', 0, '2026-02-27 23:06:38', '2026-02-27 23:06:38'),
(9648, 39, 1449, 'grossistes', 0, '2026-02-27 23:06:38', '2026-02-27 23:06:38'),
(9649, 39, 1450, 'grossistes', 0, '2026-02-27 23:06:38', '2026-02-27 23:06:38'),
(9650, 39, 1504, 'pharmacies', 0, '2026-02-27 23:06:42', '2026-02-27 23:06:42'),
(9651, 39, 1505, 'pharmacies', 0, '2026-02-27 23:06:42', '2026-02-27 23:06:42'),
(9652, 39, 1506, 'pharmacies', 0, '2026-02-27 23:06:42', '2026-02-27 23:06:42'),
(9653, 39, 1507, 'pharmacies', 0, '2026-02-27 23:06:42', '2026-02-27 23:06:42'),
(9654, 39, 1508, 'pharmacies', 0, '2026-02-27 23:06:42', '2026-02-27 23:06:42'),
(9655, 39, 1509, 'pharmacies', 0, '2026-02-27 23:06:42', '2026-02-27 23:06:42'),
(9656, 39, 1510, 'pharmacies', 0, '2026-02-27 23:06:42', '2026-02-27 23:06:42'),
(9657, 39, 1511, 'pharmacies', 0, '2026-02-27 23:06:42', '2026-02-27 23:06:42'),
(9658, 39, 1512, 'pharmacies', 0, '2026-02-27 23:06:42', '2026-02-27 23:06:42'),
(9659, 39, 1513, 'pharmacies', 0, '2026-02-27 23:06:42', '2026-02-27 23:06:42'),
(9660, 39, 1514, 'pharmacies', 0, '2026-02-27 23:06:42', '2026-02-27 23:06:42'),
(9661, 39, 1515, 'pharmacies', 0, '2026-02-27 23:06:42', '2026-02-27 23:06:42'),
(9662, 39, 1516, 'pharmacies', 0, '2026-02-27 23:06:42', '2026-02-27 23:06:42'),
(9663, 39, 1517, 'pharmacies', 0, '2026-02-27 23:06:42', '2026-02-27 23:06:42'),
(9664, 39, 1518, 'pharmacies', 0, '2026-02-27 23:06:42', '2026-02-27 23:06:42'),
(9665, 39, 1519, 'pharmacies', 0, '2026-02-27 23:06:42', '2026-02-27 23:06:42'),
(9666, 39, 1520, 'pharmacies', 0, '2026-02-27 23:06:42', '2026-02-27 23:06:42'),
(9667, 39, 1521, 'pharmacies', 0, '2026-02-27 23:06:42', '2026-02-27 23:06:42'),
(9668, 39, 1522, 'pharmacies', 0, '2026-02-27 23:06:42', '2026-02-27 23:06:42'),
(9669, 39, 1523, 'pharmacies', 0, '2026-02-27 23:06:42', '2026-02-27 23:06:42'),
(9670, 39, 1524, 'pharmacies', 0, '2026-02-27 23:06:42', '2026-02-27 23:06:42'),
(9671, 39, 1525, 'pharmacies', 0, '2026-02-27 23:06:42', '2026-02-27 23:06:42'),
(9672, 39, 1526, 'pharmacies', 0, '2026-02-27 23:06:42', '2026-02-27 23:06:42'),
(9673, 39, 1527, 'pharmacies', 0, '2026-02-27 23:06:42', '2026-02-27 23:06:42'),
(9674, 39, 1528, 'pharmacies', 0, '2026-02-27 23:06:42', '2026-02-27 23:06:42'),
(9675, 39, 1529, 'pharmacies', 0, '2026-02-27 23:06:42', '2026-02-27 23:06:42'),
(9676, 39, 1530, 'pharmacies', 0, '2026-02-27 23:06:42', '2026-02-27 23:06:42'),
(9677, 39, 1531, 'pharmacies', 0, '2026-02-27 23:06:42', '2026-02-27 23:06:42'),
(9678, 39, 1532, 'pharmacies', 0, '2026-02-27 23:06:42', '2026-02-27 23:06:42'),
(9679, 39, 1533, 'pharmacies', 0, '2026-02-27 23:06:42', '2026-02-27 23:06:42'),
(9680, 39, 1534, 'pharmacies', 0, '2026-02-27 23:06:42', '2026-02-27 23:06:42'),
(9681, 39, 1535, 'pharmacies', 0, '2026-02-27 23:06:42', '2026-02-27 23:06:42'),
(9682, 39, 1536, 'pharmacies', 0, '2026-02-27 23:06:42', '2026-02-27 23:06:42'),
(9683, 39, 1537, 'pharmacies', 0, '2026-02-27 23:06:42', '2026-02-27 23:06:42'),
(9684, 39, 1538, 'pharmacies', 0, '2026-02-27 23:06:42', '2026-02-27 23:06:42'),
(9685, 39, 1539, 'pharmacies', 0, '2026-02-27 23:06:42', '2026-02-27 23:06:42'),
(9686, 39, 1540, 'pharmacies', 0, '2026-02-27 23:06:42', '2026-02-27 23:06:42'),
(9687, 39, 1541, 'pharmacies', 0, '2026-02-27 23:06:42', '2026-02-27 23:06:42'),
(9688, 39, 1504, 'grossistes', 0, '2026-02-27 23:06:42', '2026-02-27 23:06:42'),
(9689, 39, 1505, 'grossistes', 0, '2026-02-27 23:06:42', '2026-02-27 23:06:42'),
(9690, 39, 1506, 'grossistes', 0, '2026-02-27 23:06:42', '2026-02-27 23:06:42'),
(9691, 39, 1507, 'grossistes', 0, '2026-02-27 23:06:42', '2026-02-27 23:06:42'),
(9692, 39, 1508, 'grossistes', 0, '2026-02-27 23:06:42', '2026-02-27 23:06:42'),
(9693, 39, 1509, 'grossistes', 0, '2026-02-27 23:06:42', '2026-02-27 23:06:42'),
(9694, 39, 1510, 'grossistes', 0, '2026-02-27 23:06:42', '2026-02-27 23:06:42'),
(9695, 39, 1511, 'grossistes', 0, '2026-02-27 23:06:42', '2026-02-27 23:06:42'),
(9696, 39, 1512, 'grossistes', 0, '2026-02-27 23:06:42', '2026-02-27 23:06:42'),
(9697, 39, 1513, 'grossistes', 0, '2026-02-27 23:06:42', '2026-02-27 23:06:42'),
(9698, 39, 1514, 'grossistes', 0, '2026-02-27 23:06:42', '2026-02-27 23:06:42'),
(9699, 39, 1515, 'grossistes', 0, '2026-02-27 23:06:42', '2026-02-27 23:06:42'),
(9700, 39, 1516, 'grossistes', 0, '2026-02-27 23:06:42', '2026-02-27 23:06:42'),
(9701, 39, 1517, 'grossistes', 0, '2026-02-27 23:06:42', '2026-02-27 23:06:42'),
(9702, 39, 1518, 'grossistes', 0, '2026-02-27 23:06:42', '2026-02-27 23:06:42'),
(9703, 39, 1519, 'grossistes', 0, '2026-02-27 23:06:42', '2026-02-27 23:06:42'),
(9704, 39, 1520, 'grossistes', 0, '2026-02-27 23:06:42', '2026-02-27 23:06:42'),
(9705, 39, 1521, 'grossistes', 0, '2026-02-27 23:06:42', '2026-02-27 23:06:42'),
(9706, 39, 1522, 'grossistes', 0, '2026-02-27 23:06:42', '2026-02-27 23:06:42'),
(9707, 39, 1523, 'grossistes', 0, '2026-02-27 23:06:42', '2026-02-27 23:06:42'),
(9708, 39, 1524, 'grossistes', 0, '2026-02-27 23:06:42', '2026-02-27 23:06:42'),
(9709, 39, 1525, 'grossistes', 0, '2026-02-27 23:06:42', '2026-02-27 23:06:42'),
(9710, 39, 1526, 'grossistes', 0, '2026-02-27 23:06:42', '2026-02-27 23:06:42'),
(9711, 39, 1527, 'grossistes', 0, '2026-02-27 23:06:42', '2026-02-27 23:06:42'),
(9712, 39, 1528, 'grossistes', 0, '2026-02-27 23:06:42', '2026-02-27 23:06:42'),
(9713, 39, 1529, 'grossistes', 0, '2026-02-27 23:06:42', '2026-02-27 23:06:42'),
(9714, 39, 1530, 'grossistes', 0, '2026-02-27 23:06:42', '2026-02-27 23:06:42'),
(9715, 39, 1531, 'grossistes', 0, '2026-02-27 23:06:42', '2026-02-27 23:06:42'),
(9716, 39, 1532, 'grossistes', 0, '2026-02-27 23:06:42', '2026-02-27 23:06:42'),
(9717, 39, 1533, 'grossistes', 0, '2026-02-27 23:06:42', '2026-02-27 23:06:42'),
(9718, 39, 1534, 'grossistes', 0, '2026-02-27 23:06:42', '2026-02-27 23:06:42'),
(9719, 39, 1535, 'grossistes', 0, '2026-02-27 23:06:42', '2026-02-27 23:06:42'),
(9720, 39, 1536, 'grossistes', 0, '2026-02-27 23:06:42', '2026-02-27 23:06:42'),
(9721, 39, 1537, 'grossistes', 0, '2026-02-27 23:06:42', '2026-02-27 23:06:42'),
(9722, 39, 1538, 'grossistes', 0, '2026-02-27 23:06:42', '2026-02-27 23:06:42'),
(9723, 39, 1539, 'grossistes', 0, '2026-02-27 23:06:42', '2026-02-27 23:06:42'),
(9724, 39, 1540, 'grossistes', 0, '2026-02-27 23:06:42', '2026-02-27 23:06:42'),
(9725, 39, 1541, 'grossistes', 0, '2026-02-27 23:06:42', '2026-02-27 23:06:42'),
(9726, 39, 29, 'pharmacies', 0, '2026-02-27 23:06:48', '2026-02-27 23:06:48'),
(9727, 39, 30, 'pharmacies', 0, '2026-02-27 23:06:48', '2026-02-27 23:06:48'),
(9728, 39, 31, 'pharmacies', 0, '2026-02-27 23:06:48', '2026-02-27 23:06:48'),
(9729, 39, 32, 'pharmacies', 0, '2026-02-27 23:06:48', '2026-02-27 23:06:48'),
(9730, 39, 33, 'pharmacies', 0, '2026-02-27 23:06:48', '2026-02-27 23:06:48'),
(9731, 39, 34, 'pharmacies', 0, '2026-02-27 23:06:48', '2026-02-27 23:06:48'),
(9732, 39, 35, 'pharmacies', 0, '2026-02-27 23:06:48', '2026-02-27 23:06:48'),
(9733, 39, 36, 'pharmacies', 0, '2026-02-27 23:06:48', '2026-02-27 23:06:48'),
(9734, 39, 37, 'pharmacies', 0, '2026-02-27 23:06:48', '2026-02-27 23:06:48'),
(9735, 39, 38, 'pharmacies', 0, '2026-02-27 23:06:48', '2026-02-27 23:06:48'),
(9736, 39, 39, 'pharmacies', 0, '2026-02-27 23:06:48', '2026-02-27 23:06:48'),
(9737, 39, 40, 'pharmacies', 0, '2026-02-27 23:06:48', '2026-02-27 23:06:48'),
(9738, 39, 41, 'pharmacies', 0, '2026-02-27 23:06:48', '2026-02-27 23:06:48'),
(9739, 39, 42, 'pharmacies', 0, '2026-02-27 23:06:48', '2026-02-27 23:06:48'),
(9740, 39, 43, 'pharmacies', 0, '2026-02-27 23:06:48', '2026-02-27 23:06:48'),
(9741, 39, 44, 'pharmacies', 0, '2026-02-27 23:06:48', '2026-02-27 23:06:48'),
(9742, 39, 45, 'pharmacies', 0, '2026-02-27 23:06:48', '2026-02-27 23:06:48'),
(9743, 39, 46, 'pharmacies', 0, '2026-02-27 23:06:48', '2026-02-27 23:06:48'),
(9744, 39, 47, 'pharmacies', 0, '2026-02-27 23:06:48', '2026-02-27 23:06:48'),
(9745, 39, 48, 'pharmacies', 0, '2026-02-27 23:06:48', '2026-02-27 23:06:48'),
(9746, 39, 49, 'pharmacies', 0, '2026-02-27 23:06:48', '2026-02-27 23:06:48'),
(9747, 39, 50, 'pharmacies', 0, '2026-02-27 23:06:48', '2026-02-27 23:06:48'),
(9748, 39, 51, 'pharmacies', 0, '2026-02-27 23:06:48', '2026-02-27 23:06:48'),
(9749, 39, 52, 'pharmacies', 0, '2026-02-27 23:06:48', '2026-02-27 23:06:48'),
(9750, 39, 53, 'pharmacies', 0, '2026-02-27 23:06:48', '2026-02-27 23:06:48'),
(9751, 39, 54, 'pharmacies', 0, '2026-02-27 23:06:48', '2026-02-27 23:06:48'),
(9752, 39, 55, 'pharmacies', 0, '2026-02-27 23:06:48', '2026-02-27 23:06:48'),
(9753, 39, 56, 'pharmacies', 0, '2026-02-27 23:06:48', '2026-02-27 23:06:48'),
(9754, 39, 57, 'pharmacies', 0, '2026-02-27 23:06:48', '2026-02-27 23:06:48'),
(9755, 39, 58, 'pharmacies', 0, '2026-02-27 23:06:48', '2026-02-27 23:06:48'),
(9756, 39, 59, 'pharmacies', 0, '2026-02-27 23:06:48', '2026-02-27 23:06:48'),
(9757, 39, 60, 'pharmacies', 0, '2026-02-27 23:06:48', '2026-02-27 23:06:48'),
(9758, 39, 61, 'pharmacies', 0, '2026-02-27 23:06:48', '2026-02-27 23:06:48'),
(9759, 39, 62, 'pharmacies', 0, '2026-02-27 23:06:48', '2026-02-27 23:06:48'),
(9760, 39, 63, 'pharmacies', 0, '2026-02-27 23:06:48', '2026-02-27 23:06:48'),
(9761, 39, 29, 'grossistes', 0, '2026-02-27 23:06:48', '2026-02-27 23:06:48'),
(9762, 39, 30, 'grossistes', 0, '2026-02-27 23:06:48', '2026-02-27 23:06:48'),
(9763, 39, 31, 'grossistes', 0, '2026-02-27 23:06:48', '2026-02-27 23:06:48'),
(9764, 39, 32, 'grossistes', 0, '2026-02-27 23:06:48', '2026-02-27 23:06:48'),
(9765, 39, 33, 'grossistes', 0, '2026-02-27 23:06:48', '2026-02-27 23:06:48'),
(9766, 39, 34, 'grossistes', 0, '2026-02-27 23:06:48', '2026-02-27 23:06:48'),
(9767, 39, 35, 'grossistes', 0, '2026-02-27 23:06:48', '2026-02-27 23:06:48'),
(9768, 39, 36, 'grossistes', 0, '2026-02-27 23:06:48', '2026-02-27 23:06:48'),
(9769, 39, 37, 'grossistes', 0, '2026-02-27 23:06:48', '2026-02-27 23:06:48'),
(9770, 39, 38, 'grossistes', 0, '2026-02-27 23:06:48', '2026-02-27 23:06:48'),
(9771, 39, 39, 'grossistes', 0, '2026-02-27 23:06:48', '2026-02-27 23:06:48'),
(9772, 39, 40, 'grossistes', 0, '2026-02-27 23:06:48', '2026-02-27 23:06:48'),
(9773, 39, 41, 'grossistes', 0, '2026-02-27 23:06:48', '2026-02-27 23:06:48'),
(9774, 39, 42, 'grossistes', 0, '2026-02-27 23:06:48', '2026-02-27 23:06:48'),
(9775, 39, 43, 'grossistes', 0, '2026-02-27 23:06:48', '2026-02-27 23:06:48'),
(9776, 39, 44, 'grossistes', 0, '2026-02-27 23:06:48', '2026-02-27 23:06:48'),
(9777, 39, 45, 'grossistes', 0, '2026-02-27 23:06:48', '2026-02-27 23:06:48'),
(9778, 39, 46, 'grossistes', 0, '2026-02-27 23:06:48', '2026-02-27 23:06:48'),
(9779, 39, 47, 'grossistes', 0, '2026-02-27 23:06:48', '2026-02-27 23:06:48'),
(9780, 39, 48, 'grossistes', 0, '2026-02-27 23:06:48', '2026-02-27 23:06:48'),
(9781, 39, 49, 'grossistes', 0, '2026-02-27 23:06:48', '2026-02-27 23:06:48'),
(9782, 39, 50, 'grossistes', 0, '2026-02-27 23:06:48', '2026-02-27 23:06:48'),
(9783, 39, 51, 'grossistes', 0, '2026-02-27 23:06:48', '2026-02-27 23:06:48'),
(9784, 39, 52, 'grossistes', 0, '2026-02-27 23:06:48', '2026-02-27 23:06:48'),
(9785, 39, 53, 'grossistes', 0, '2026-02-27 23:06:48', '2026-02-27 23:06:48'),
(9786, 39, 54, 'grossistes', 0, '2026-02-27 23:06:48', '2026-02-27 23:06:48'),
(9787, 39, 55, 'grossistes', 0, '2026-02-27 23:06:48', '2026-02-27 23:06:48'),
(9788, 39, 56, 'grossistes', 0, '2026-02-27 23:06:48', '2026-02-27 23:06:48'),
(9789, 39, 57, 'grossistes', 0, '2026-02-27 23:06:48', '2026-02-27 23:06:48'),
(9790, 39, 58, 'grossistes', 0, '2026-02-27 23:06:48', '2026-02-27 23:06:48'),
(9791, 39, 59, 'grossistes', 0, '2026-02-27 23:06:48', '2026-02-27 23:06:48'),
(9792, 39, 60, 'grossistes', 0, '2026-02-27 23:06:48', '2026-02-27 23:06:48'),
(9793, 39, 61, 'grossistes', 0, '2026-02-27 23:06:48', '2026-02-27 23:06:48'),
(9794, 39, 62, 'grossistes', 0, '2026-02-27 23:06:48', '2026-02-27 23:06:48'),
(9795, 39, 63, 'grossistes', 0, '2026-02-27 23:06:48', '2026-02-27 23:06:48'),
(9796, 40, 284, 'pharmacies', 0, '2026-02-27 23:07:01', '2026-02-27 23:07:01'),
(9797, 40, 285, 'pharmacies', 0, '2026-02-27 23:07:02', '2026-02-27 23:07:02'),
(9798, 40, 286, 'pharmacies', 0, '2026-02-27 23:07:02', '2026-02-27 23:07:02'),
(9799, 40, 287, 'pharmacies', 0, '2026-02-27 23:07:02', '2026-02-27 23:07:02'),
(9800, 40, 288, 'pharmacies', 0, '2026-02-27 23:07:02', '2026-02-27 23:07:02'),
(9801, 40, 289, 'pharmacies', 0, '2026-02-27 23:07:02', '2026-02-27 23:07:02'),
(9802, 40, 290, 'pharmacies', 0, '2026-02-27 23:07:02', '2026-02-27 23:07:02'),
(9803, 40, 291, 'pharmacies', 0, '2026-02-27 23:07:02', '2026-02-27 23:07:02'),
(9804, 40, 292, 'pharmacies', 0, '2026-02-27 23:07:02', '2026-02-27 23:07:02'),
(9805, 40, 293, 'pharmacies', 0, '2026-02-27 23:07:02', '2026-02-27 23:07:02'),
(9806, 40, 294, 'pharmacies', 0, '2026-02-27 23:07:02', '2026-02-27 23:07:02'),
(9807, 40, 295, 'pharmacies', 0, '2026-02-27 23:07:02', '2026-02-27 23:07:02'),
(9808, 40, 296, 'pharmacies', 0, '2026-02-27 23:07:02', '2026-02-27 23:07:02'),
(9809, 40, 297, 'pharmacies', 0, '2026-02-27 23:07:02', '2026-02-27 23:07:02'),
(9810, 40, 298, 'pharmacies', 0, '2026-02-27 23:07:02', '2026-02-27 23:07:02'),
(9811, 40, 299, 'pharmacies', 0, '2026-02-27 23:07:02', '2026-02-27 23:07:02'),
(9812, 40, 300, 'pharmacies', 0, '2026-02-27 23:07:02', '2026-02-27 23:07:02'),
(9813, 40, 301, 'pharmacies', 0, '2026-02-27 23:07:02', '2026-02-27 23:07:02'),
(9814, 40, 302, 'pharmacies', 0, '2026-02-27 23:07:02', '2026-02-27 23:07:02'),
(9815, 40, 303, 'pharmacies', 0, '2026-02-27 23:07:02', '2026-02-27 23:07:02'),
(9816, 40, 304, 'pharmacies', 0, '2026-02-27 23:07:02', '2026-02-27 23:07:02'),
(9817, 40, 305, 'pharmacies', 0, '2026-02-27 23:07:02', '2026-02-27 23:07:02'),
(9818, 40, 306, 'pharmacies', 0, '2026-02-27 23:07:02', '2026-02-27 23:07:02'),
(9819, 40, 307, 'pharmacies', 0, '2026-02-27 23:07:02', '2026-02-27 23:07:02'),
(9820, 40, 308, 'pharmacies', 0, '2026-02-27 23:07:02', '2026-02-27 23:07:02'),
(9821, 40, 284, 'grossistes', 0, '2026-02-27 23:07:02', '2026-02-27 23:07:02'),
(9822, 40, 285, 'grossistes', 0, '2026-02-27 23:07:02', '2026-02-27 23:07:02'),
(9823, 40, 286, 'grossistes', 0, '2026-02-27 23:07:02', '2026-02-27 23:07:02'),
(9824, 40, 287, 'grossistes', 0, '2026-02-27 23:07:02', '2026-02-27 23:07:02'),
(9825, 40, 288, 'grossistes', 0, '2026-02-27 23:07:02', '2026-02-27 23:07:02'),
(9826, 40, 289, 'grossistes', 0, '2026-02-27 23:07:02', '2026-02-27 23:07:02'),
(9827, 40, 290, 'grossistes', 0, '2026-02-27 23:07:02', '2026-02-27 23:07:02'),
(9828, 40, 291, 'grossistes', 0, '2026-02-27 23:07:02', '2026-02-27 23:07:02'),
(9829, 40, 292, 'grossistes', 0, '2026-02-27 23:07:02', '2026-02-27 23:07:02'),
(9830, 40, 293, 'grossistes', 0, '2026-02-27 23:07:02', '2026-02-27 23:07:02'),
(9831, 40, 294, 'grossistes', 0, '2026-02-27 23:07:02', '2026-02-27 23:07:02'),
(9832, 40, 295, 'grossistes', 0, '2026-02-27 23:07:02', '2026-02-27 23:07:02'),
(9833, 40, 296, 'grossistes', 0, '2026-02-27 23:07:02', '2026-02-27 23:07:02'),
(9834, 40, 297, 'grossistes', 0, '2026-02-27 23:07:02', '2026-02-27 23:07:02'),
(9835, 40, 298, 'grossistes', 0, '2026-02-27 23:07:02', '2026-02-27 23:07:02'),
(9836, 40, 299, 'grossistes', 0, '2026-02-27 23:07:02', '2026-02-27 23:07:02'),
(9837, 40, 300, 'grossistes', 0, '2026-02-27 23:07:02', '2026-02-27 23:07:02'),
(9838, 40, 301, 'grossistes', 0, '2026-02-27 23:07:02', '2026-02-27 23:07:02'),
(9839, 40, 302, 'grossistes', 0, '2026-02-27 23:07:02', '2026-02-27 23:07:02'),
(9840, 40, 303, 'grossistes', 0, '2026-02-27 23:07:02', '2026-02-27 23:07:02'),
(9841, 40, 304, 'grossistes', 0, '2026-02-27 23:07:02', '2026-02-27 23:07:02'),
(9842, 40, 305, 'grossistes', 0, '2026-02-27 23:07:02', '2026-02-27 23:07:02'),
(9843, 40, 306, 'grossistes', 0, '2026-02-27 23:07:02', '2026-02-27 23:07:02'),
(9844, 40, 307, 'grossistes', 0, '2026-02-27 23:07:02', '2026-02-27 23:07:02'),
(9845, 40, 308, 'grossistes', 0, '2026-02-27 23:07:02', '2026-02-27 23:07:02'),
(9846, 40, 899, 'pharmacies', 0, '2026-02-27 23:07:09', '2026-02-27 23:07:09'),
(9847, 40, 900, 'pharmacies', 0, '2026-02-27 23:07:09', '2026-02-27 23:07:09'),
(9848, 40, 901, 'pharmacies', 0, '2026-02-27 23:07:09', '2026-02-27 23:07:09'),
(9849, 40, 902, 'pharmacies', 0, '2026-02-27 23:07:09', '2026-02-27 23:07:09'),
(9850, 40, 903, 'pharmacies', 0, '2026-02-27 23:07:09', '2026-02-27 23:07:09'),
(9851, 40, 904, 'pharmacies', 0, '2026-02-27 23:07:09', '2026-02-27 23:07:09'),
(9852, 40, 905, 'pharmacies', 0, '2026-02-27 23:07:09', '2026-02-27 23:07:09'),
(9853, 40, 906, 'pharmacies', 0, '2026-02-27 23:07:09', '2026-02-27 23:07:09'),
(9854, 40, 907, 'pharmacies', 0, '2026-02-27 23:07:09', '2026-02-27 23:07:09'),
(9855, 40, 908, 'pharmacies', 0, '2026-02-27 23:07:09', '2026-02-27 23:07:09'),
(9856, 40, 909, 'pharmacies', 0, '2026-02-27 23:07:09', '2026-02-27 23:07:09'),
(9857, 40, 910, 'pharmacies', 0, '2026-02-27 23:07:09', '2026-02-27 23:07:09'),
(9858, 40, 911, 'pharmacies', 0, '2026-02-27 23:07:09', '2026-02-27 23:07:09'),
(9859, 40, 912, 'pharmacies', 0, '2026-02-27 23:07:09', '2026-02-27 23:07:09'),
(9860, 40, 913, 'pharmacies', 0, '2026-02-27 23:07:09', '2026-02-27 23:07:09'),
(9861, 40, 914, 'pharmacies', 0, '2026-02-27 23:07:09', '2026-02-27 23:07:09'),
(9862, 40, 915, 'pharmacies', 0, '2026-02-27 23:07:09', '2026-02-27 23:07:09'),
(9863, 40, 916, 'pharmacies', 0, '2026-02-27 23:07:09', '2026-02-27 23:07:09'),
(9864, 40, 917, 'pharmacies', 0, '2026-02-27 23:07:09', '2026-02-27 23:07:09'),
(9865, 40, 918, 'pharmacies', 0, '2026-02-27 23:07:09', '2026-02-27 23:07:09'),
(9866, 40, 919, 'pharmacies', 0, '2026-02-27 23:07:09', '2026-02-27 23:07:09'),
(9867, 40, 920, 'pharmacies', 0, '2026-02-27 23:07:09', '2026-02-27 23:07:09'),
(9868, 40, 921, 'pharmacies', 0, '2026-02-27 23:07:09', '2026-02-27 23:07:09'),
(9869, 40, 922, 'pharmacies', 0, '2026-02-27 23:07:09', '2026-02-27 23:07:09'),
(9870, 40, 923, 'pharmacies', 0, '2026-02-27 23:07:09', '2026-02-27 23:07:09'),
(9871, 40, 924, 'pharmacies', 0, '2026-02-27 23:07:09', '2026-02-27 23:07:09'),
(9872, 40, 925, 'pharmacies', 0, '2026-02-27 23:07:09', '2026-02-27 23:07:09'),
(9873, 40, 926, 'pharmacies', 0, '2026-02-27 23:07:09', '2026-02-27 23:07:09'),
(9874, 40, 927, 'pharmacies', 0, '2026-02-27 23:07:09', '2026-02-27 23:07:09'),
(9875, 40, 928, 'pharmacies', 0, '2026-02-27 23:07:09', '2026-02-27 23:07:09'),
(9876, 40, 929, 'pharmacies', 0, '2026-02-27 23:07:09', '2026-02-27 23:07:09'),
(9877, 40, 930, 'pharmacies', 0, '2026-02-27 23:07:09', '2026-02-27 23:07:09'),
(9878, 40, 931, 'pharmacies', 0, '2026-02-27 23:07:09', '2026-02-27 23:07:09'),
(9879, 40, 932, 'pharmacies', 0, '2026-02-27 23:07:09', '2026-02-27 23:07:09'),
(9880, 40, 933, 'pharmacies', 0, '2026-02-27 23:07:09', '2026-02-27 23:07:09'),
(9881, 40, 934, 'pharmacies', 0, '2026-02-27 23:07:09', '2026-02-27 23:07:09'),
(9882, 40, 935, 'pharmacies', 0, '2026-02-27 23:07:09', '2026-02-27 23:07:09'),
(9883, 40, 936, 'pharmacies', 0, '2026-02-27 23:07:09', '2026-02-27 23:07:09'),
(9884, 40, 937, 'pharmacies', 0, '2026-02-27 23:07:09', '2026-02-27 23:07:09'),
(9885, 40, 938, 'pharmacies', 0, '2026-02-27 23:07:09', '2026-02-27 23:07:09'),
(9886, 40, 939, 'pharmacies', 0, '2026-02-27 23:07:09', '2026-02-27 23:07:09'),
(9887, 40, 940, 'pharmacies', 0, '2026-02-27 23:07:09', '2026-02-27 23:07:09'),
(9888, 40, 941, 'pharmacies', 0, '2026-02-27 23:07:09', '2026-02-27 23:07:09'),
(9889, 40, 942, 'pharmacies', 0, '2026-02-27 23:07:09', '2026-02-27 23:07:09'),
(9890, 40, 943, 'pharmacies', 0, '2026-02-27 23:07:09', '2026-02-27 23:07:09'),
(9891, 40, 944, 'pharmacies', 0, '2026-02-27 23:07:10', '2026-02-27 23:07:10'),
(9892, 40, 945, 'pharmacies', 0, '2026-02-27 23:07:10', '2026-02-27 23:07:10'),
(9893, 40, 946, 'pharmacies', 0, '2026-02-27 23:07:10', '2026-02-27 23:07:10'),
(9894, 40, 947, 'pharmacies', 0, '2026-02-27 23:07:10', '2026-02-27 23:07:10'),
(9895, 40, 948, 'pharmacies', 0, '2026-02-27 23:07:10', '2026-02-27 23:07:10'),
(9896, 40, 949, 'pharmacies', 0, '2026-02-27 23:07:10', '2026-02-27 23:07:10'),
(9897, 40, 950, 'pharmacies', 0, '2026-02-27 23:07:10', '2026-02-27 23:07:10'),
(9898, 40, 951, 'pharmacies', 0, '2026-02-27 23:07:10', '2026-02-27 23:07:10'),
(9899, 40, 952, 'pharmacies', 0, '2026-02-27 23:07:10', '2026-02-27 23:07:10'),
(9900, 40, 953, 'pharmacies', 0, '2026-02-27 23:07:10', '2026-02-27 23:07:10'),
(9901, 40, 954, 'pharmacies', 0, '2026-02-27 23:07:10', '2026-02-27 23:07:10'),
(9902, 40, 955, 'pharmacies', 0, '2026-02-27 23:07:10', '2026-02-27 23:07:10'),
(9903, 40, 956, 'pharmacies', 0, '2026-02-27 23:07:10', '2026-02-27 23:07:10'),
(9904, 40, 957, 'pharmacies', 0, '2026-02-27 23:07:10', '2026-02-27 23:07:10'),
(9905, 40, 958, 'pharmacies', 0, '2026-02-27 23:07:10', '2026-02-27 23:07:10'),
(9906, 40, 959, 'pharmacies', 0, '2026-02-27 23:07:10', '2026-02-27 23:07:10'),
(9907, 40, 960, 'pharmacies', 0, '2026-02-27 23:07:10', '2026-02-27 23:07:10'),
(9908, 40, 961, 'pharmacies', 0, '2026-02-27 23:07:10', '2026-02-27 23:07:10'),
(9909, 40, 962, 'pharmacies', 0, '2026-02-27 23:07:10', '2026-02-27 23:07:10'),
(9910, 40, 1609, 'pharmacies', 0, '2026-02-27 23:07:10', '2026-02-27 23:07:10'),
(9911, 40, 899, 'grossistes', 0, '2026-02-27 23:07:10', '2026-02-27 23:07:10'),
(9912, 40, 900, 'grossistes', 0, '2026-02-27 23:07:10', '2026-02-27 23:07:10'),
(9913, 40, 901, 'grossistes', 0, '2026-02-27 23:07:10', '2026-02-27 23:07:10'),
(9914, 40, 902, 'grossistes', 0, '2026-02-27 23:07:10', '2026-02-27 23:07:10'),
(9915, 40, 903, 'grossistes', 0, '2026-02-27 23:07:10', '2026-02-27 23:07:10'),
(9916, 40, 904, 'grossistes', 0, '2026-02-27 23:07:10', '2026-02-27 23:07:10'),
(9917, 40, 905, 'grossistes', 0, '2026-02-27 23:07:10', '2026-02-27 23:07:10'),
(9918, 40, 906, 'grossistes', 0, '2026-02-27 23:07:10', '2026-02-27 23:07:10'),
(9919, 40, 907, 'grossistes', 0, '2026-02-27 23:07:10', '2026-02-27 23:07:10'),
(9920, 40, 908, 'grossistes', 0, '2026-02-27 23:07:10', '2026-02-27 23:07:10'),
(9921, 40, 909, 'grossistes', 0, '2026-02-27 23:07:10', '2026-02-27 23:07:10'),
(9922, 40, 910, 'grossistes', 0, '2026-02-27 23:07:10', '2026-02-27 23:07:10'),
(9923, 40, 911, 'grossistes', 0, '2026-02-27 23:07:10', '2026-02-27 23:07:10'),
(9924, 40, 912, 'grossistes', 0, '2026-02-27 23:07:10', '2026-02-27 23:07:10'),
(9925, 40, 913, 'grossistes', 0, '2026-02-27 23:07:10', '2026-02-27 23:07:10'),
(9926, 40, 914, 'grossistes', 0, '2026-02-27 23:07:10', '2026-02-27 23:07:10'),
(9927, 40, 915, 'grossistes', 0, '2026-02-27 23:07:10', '2026-02-27 23:07:10'),
(9928, 40, 916, 'grossistes', 0, '2026-02-27 23:07:10', '2026-02-27 23:07:10'),
(9929, 40, 917, 'grossistes', 0, '2026-02-27 23:07:10', '2026-02-27 23:07:10'),
(9930, 40, 918, 'grossistes', 0, '2026-02-27 23:07:10', '2026-02-27 23:07:10'),
(9931, 40, 919, 'grossistes', 0, '2026-02-27 23:07:10', '2026-02-27 23:07:10'),
(9932, 40, 920, 'grossistes', 0, '2026-02-27 23:07:10', '2026-02-27 23:07:10'),
(9933, 40, 921, 'grossistes', 0, '2026-02-27 23:07:10', '2026-02-27 23:07:10'),
(9934, 40, 922, 'grossistes', 0, '2026-02-27 23:07:10', '2026-02-27 23:07:10'),
(9935, 40, 923, 'grossistes', 0, '2026-02-27 23:07:10', '2026-02-27 23:07:10'),
(9936, 40, 924, 'grossistes', 0, '2026-02-27 23:07:10', '2026-02-27 23:07:10'),
(9937, 40, 925, 'grossistes', 0, '2026-02-27 23:07:10', '2026-02-27 23:07:10'),
(9938, 40, 926, 'grossistes', 0, '2026-02-27 23:07:10', '2026-02-27 23:07:10'),
(9939, 40, 927, 'grossistes', 0, '2026-02-27 23:07:10', '2026-02-27 23:07:10'),
(9940, 40, 928, 'grossistes', 0, '2026-02-27 23:07:10', '2026-02-27 23:07:10'),
(9941, 40, 929, 'grossistes', 0, '2026-02-27 23:07:10', '2026-02-27 23:07:10'),
(9942, 40, 930, 'grossistes', 0, '2026-02-27 23:07:10', '2026-02-27 23:07:10'),
(9943, 40, 931, 'grossistes', 0, '2026-02-27 23:07:10', '2026-02-27 23:07:10'),
(9944, 40, 932, 'grossistes', 0, '2026-02-27 23:07:10', '2026-02-27 23:07:10'),
(9945, 40, 933, 'grossistes', 0, '2026-02-27 23:07:10', '2026-02-27 23:07:10'),
(9946, 40, 934, 'grossistes', 0, '2026-02-27 23:07:10', '2026-02-27 23:07:10'),
(9947, 40, 935, 'grossistes', 0, '2026-02-27 23:07:10', '2026-02-27 23:07:10'),
(9948, 40, 936, 'grossistes', 0, '2026-02-27 23:07:10', '2026-02-27 23:07:10'),
(9949, 40, 937, 'grossistes', 0, '2026-02-27 23:07:10', '2026-02-27 23:07:10'),
(9950, 40, 938, 'grossistes', 0, '2026-02-27 23:07:10', '2026-02-27 23:07:10'),
(9951, 40, 939, 'grossistes', 0, '2026-02-27 23:07:10', '2026-02-27 23:07:10'),
(9952, 40, 940, 'grossistes', 0, '2026-02-27 23:07:10', '2026-02-27 23:07:10'),
(9953, 40, 941, 'grossistes', 0, '2026-02-27 23:07:10', '2026-02-27 23:07:10'),
(9954, 40, 942, 'grossistes', 0, '2026-02-27 23:07:10', '2026-02-27 23:07:10'),
(9955, 40, 943, 'grossistes', 0, '2026-02-27 23:07:10', '2026-02-27 23:07:10'),
(9956, 40, 944, 'grossistes', 0, '2026-02-27 23:07:10', '2026-02-27 23:07:10'),
(9957, 40, 945, 'grossistes', 0, '2026-02-27 23:07:10', '2026-02-27 23:07:10'),
(9958, 40, 946, 'grossistes', 0, '2026-02-27 23:07:10', '2026-02-27 23:07:10'),
(9959, 40, 947, 'grossistes', 0, '2026-02-27 23:07:10', '2026-02-27 23:07:10'),
(9960, 40, 948, 'grossistes', 0, '2026-02-27 23:07:10', '2026-02-27 23:07:10'),
(9961, 40, 949, 'grossistes', 0, '2026-02-27 23:07:10', '2026-02-27 23:07:10'),
(9962, 40, 950, 'grossistes', 0, '2026-02-27 23:07:10', '2026-02-27 23:07:10'),
(9963, 40, 951, 'grossistes', 0, '2026-02-27 23:07:10', '2026-02-27 23:07:10'),
(9964, 40, 952, 'grossistes', 0, '2026-02-27 23:07:10', '2026-02-27 23:07:10'),
(9965, 40, 953, 'grossistes', 0, '2026-02-27 23:07:10', '2026-02-27 23:07:10'),
(9966, 40, 954, 'grossistes', 0, '2026-02-27 23:07:10', '2026-02-27 23:07:10'),
(9967, 40, 955, 'grossistes', 0, '2026-02-27 23:07:10', '2026-02-27 23:07:10'),
(9968, 40, 956, 'grossistes', 0, '2026-02-27 23:07:10', '2026-02-27 23:07:10'),
(9969, 40, 957, 'grossistes', 0, '2026-02-27 23:07:10', '2026-02-27 23:07:10'),
(9970, 40, 958, 'grossistes', 0, '2026-02-27 23:07:10', '2026-02-27 23:07:10'),
(9971, 40, 959, 'grossistes', 0, '2026-02-27 23:07:10', '2026-02-27 23:07:10'),
(9972, 40, 960, 'grossistes', 0, '2026-02-27 23:07:10', '2026-02-27 23:07:10'),
(9973, 40, 961, 'grossistes', 0, '2026-02-27 23:07:10', '2026-02-27 23:07:10'),
(9974, 40, 962, 'grossistes', 0, '2026-02-27 23:07:10', '2026-02-27 23:07:10'),
(9975, 40, 1609, 'grossistes', 0, '2026-02-27 23:07:10', '2026-02-27 23:07:10'),
(9977, 41, 555, 'pharmacies', 0, '2026-02-27 23:07:30', '2026-02-27 23:07:30'),
(9978, 41, 556, 'pharmacies', 0, '2026-02-27 23:07:30', '2026-02-27 23:07:30'),
(9979, 41, 557, 'pharmacies', 0, '2026-02-27 23:07:30', '2026-02-27 23:07:30'),
(9981, 41, 559, 'pharmacies', 0, '2026-02-27 23:07:30', '2026-02-27 23:07:30'),
(9982, 41, 560, 'pharmacies', 0, '2026-02-27 23:07:30', '2026-02-27 23:07:30'),
(9983, 41, 561, 'pharmacies', 0, '2026-02-27 23:07:30', '2026-02-27 23:07:30'),
(9984, 41, 562, 'pharmacies', 0, '2026-02-27 23:07:30', '2026-02-27 23:07:30'),
(9985, 41, 563, 'pharmacies', 0, '2026-02-27 23:07:30', '2026-02-27 23:07:30'),
(9986, 41, 564, 'pharmacies', 0, '2026-02-27 23:07:30', '2026-02-27 23:07:30'),
(9987, 41, 565, 'pharmacies', 0, '2026-02-27 23:07:30', '2026-02-27 23:07:30'),
(9988, 41, 566, 'pharmacies', 0, '2026-02-27 23:07:30', '2026-02-27 23:07:30'),
(9989, 41, 567, 'pharmacies', 0, '2026-02-27 23:07:30', '2026-02-27 23:07:30'),
(9990, 41, 568, 'pharmacies', 0, '2026-02-27 23:07:30', '2026-02-27 23:07:30'),
(9991, 41, 569, 'pharmacies', 0, '2026-02-27 23:07:30', '2026-02-27 23:07:30'),
(9992, 41, 570, 'pharmacies', 0, '2026-02-27 23:07:30', '2026-02-27 23:07:30'),
(9993, 41, 571, 'pharmacies', 0, '2026-02-27 23:07:30', '2026-02-27 23:07:30'),
(9994, 41, 572, 'pharmacies', 0, '2026-02-27 23:07:30', '2026-02-27 23:07:30'),
(9995, 41, 573, 'pharmacies', 0, '2026-02-27 23:07:30', '2026-02-27 23:07:30'),
(9996, 41, 574, 'pharmacies', 0, '2026-02-27 23:07:30', '2026-02-27 23:07:30'),
(9997, 41, 575, 'pharmacies', 0, '2026-02-27 23:07:30', '2026-02-27 23:07:30'),
(9998, 41, 576, 'pharmacies', 0, '2026-02-27 23:07:30', '2026-02-27 23:07:30'),
(9999, 41, 577, 'pharmacies', 0, '2026-02-27 23:07:30', '2026-02-27 23:07:30'),
(10000, 41, 578, 'pharmacies', 0, '2026-02-27 23:07:30', '2026-02-27 23:07:30'),
(10001, 41, 579, 'pharmacies', 0, '2026-02-27 23:07:30', '2026-02-27 23:07:30'),
(10002, 41, 580, 'pharmacies', 0, '2026-02-27 23:07:30', '2026-02-27 23:07:30'),
(10003, 41, 581, 'pharmacies', 0, '2026-02-27 23:07:30', '2026-02-27 23:07:30'),
(10004, 41, 582, 'pharmacies', 0, '2026-02-27 23:07:30', '2026-02-27 23:07:30'),
(10005, 41, 583, 'pharmacies', 0, '2026-02-27 23:07:30', '2026-02-27 23:07:30'),
(10006, 41, 584, 'pharmacies', 0, '2026-02-27 23:07:30', '2026-02-27 23:07:30'),
(10007, 41, 585, 'pharmacies', 0, '2026-02-27 23:07:30', '2026-02-27 23:07:30'),
(10008, 41, 586, 'pharmacies', 0, '2026-02-27 23:07:30', '2026-02-27 23:07:30'),
(10009, 41, 587, 'pharmacies', 0, '2026-02-27 23:07:30', '2026-02-27 23:07:30'),
(10010, 41, 588, 'pharmacies', 0, '2026-02-27 23:07:30', '2026-02-27 23:07:30'),
(10011, 41, 589, 'pharmacies', 0, '2026-02-27 23:07:30', '2026-02-27 23:07:30'),
(10012, 41, 590, 'pharmacies', 0, '2026-02-27 23:07:30', '2026-02-27 23:07:30'),
(10014, 41, 592, 'pharmacies', 0, '2026-02-27 23:07:30', '2026-02-27 23:07:30'),
(10015, 41, 593, 'pharmacies', 0, '2026-02-27 23:07:30', '2026-02-27 23:07:30'),
(10016, 41, 594, 'pharmacies', 0, '2026-02-27 23:07:30', '2026-02-27 23:07:30'),
(10017, 41, 595, 'pharmacies', 0, '2026-02-27 23:07:30', '2026-02-27 23:07:30'),
(10018, 41, 596, 'pharmacies', 0, '2026-02-27 23:07:30', '2026-02-27 23:07:30'),
(10020, 41, 598, 'pharmacies', 0, '2026-02-27 23:07:30', '2026-02-27 23:07:30'),
(10021, 41, 599, 'pharmacies', 0, '2026-02-27 23:07:30', '2026-02-27 23:07:30'),
(10022, 41, 600, 'pharmacies', 0, '2026-02-27 23:07:30', '2026-02-27 23:07:30'),
(10023, 41, 601, 'pharmacies', 0, '2026-02-27 23:07:30', '2026-02-27 23:07:30'),
(10024, 41, 602, 'pharmacies', 0, '2026-02-27 23:07:30', '2026-02-27 23:07:30'),
(10025, 41, 603, 'pharmacies', 0, '2026-02-27 23:07:30', '2026-02-27 23:07:30'),
(10026, 41, 604, 'pharmacies', 0, '2026-02-27 23:07:30', '2026-02-27 23:07:30'),
(10027, 41, 605, 'pharmacies', 0, '2026-02-27 23:07:30', '2026-02-27 23:07:30'),
(10028, 41, 606, 'pharmacies', 0, '2026-02-27 23:07:30', '2026-02-27 23:07:30'),
(10029, 41, 607, 'pharmacies', 0, '2026-02-27 23:07:30', '2026-02-27 23:07:30'),
(10030, 41, 608, 'pharmacies', 0, '2026-02-27 23:07:30', '2026-02-27 23:07:30'),
(10031, 41, 609, 'pharmacies', 0, '2026-02-27 23:07:30', '2026-02-27 23:07:30'),
(10032, 41, 610, 'pharmacies', 0, '2026-02-27 23:07:30', '2026-02-27 23:07:30'),
(10033, 41, 1602, 'pharmacies', 0, '2026-02-27 23:07:30', '2026-02-27 23:07:30'),
(10034, 41, 1603, 'pharmacies', 0, '2026-02-27 23:07:30', '2026-02-27 23:07:30'),
(10035, 41, 1604, 'pharmacies', 0, '2026-02-27 23:07:30', '2026-02-27 23:07:30'),
(10036, 41, 1605, 'pharmacies', 0, '2026-02-27 23:07:30', '2026-02-27 23:07:30'),
(10037, 41, 1606, 'pharmacies', 0, '2026-02-27 23:07:30', '2026-02-27 23:07:30'),
(10039, 41, 1608, 'pharmacies', 0, '2026-02-27 23:07:30', '2026-02-27 23:07:30'),
(10040, 41, 1610, 'pharmacies', 0, '2026-02-27 23:07:30', '2026-02-27 23:07:30'),
(10041, 41, 1611, 'pharmacies', 0, '2026-02-27 23:07:30', '2026-02-27 23:07:30'),
(10043, 41, 555, 'grossistes', 0, '2026-02-27 23:07:30', '2026-02-27 23:07:30'),
(10044, 41, 556, 'grossistes', 0, '2026-02-27 23:07:30', '2026-02-27 23:07:30'),
(10045, 41, 557, 'grossistes', 0, '2026-02-27 23:07:30', '2026-02-27 23:07:30'),
(10047, 41, 559, 'grossistes', 0, '2026-02-27 23:07:30', '2026-02-27 23:07:30'),
(10048, 41, 560, 'grossistes', 0, '2026-02-27 23:07:30', '2026-02-27 23:07:30'),
(10049, 41, 561, 'grossistes', 0, '2026-02-27 23:07:30', '2026-02-27 23:07:30'),
(10050, 41, 562, 'grossistes', 0, '2026-02-27 23:07:30', '2026-02-27 23:07:30'),
(10051, 41, 563, 'grossistes', 0, '2026-02-27 23:07:30', '2026-02-27 23:07:30'),
(10052, 41, 564, 'grossistes', 0, '2026-02-27 23:07:30', '2026-02-27 23:07:30'),
(10053, 41, 565, 'grossistes', 0, '2026-02-27 23:07:30', '2026-02-27 23:07:30'),
(10054, 41, 566, 'grossistes', 0, '2026-02-27 23:07:30', '2026-02-27 23:07:30'),
(10055, 41, 567, 'grossistes', 0, '2026-02-27 23:07:30', '2026-02-27 23:07:30'),
(10056, 41, 568, 'grossistes', 0, '2026-02-27 23:07:30', '2026-02-27 23:07:30'),
(10057, 41, 569, 'grossistes', 0, '2026-02-27 23:07:30', '2026-02-27 23:07:30'),
(10058, 41, 570, 'grossistes', 0, '2026-02-27 23:07:30', '2026-02-27 23:07:30'),
(10059, 41, 571, 'grossistes', 0, '2026-02-27 23:07:30', '2026-02-27 23:07:30'),
(10060, 41, 572, 'grossistes', 0, '2026-02-27 23:07:30', '2026-02-27 23:07:30'),
(10061, 41, 573, 'grossistes', 0, '2026-02-27 23:07:30', '2026-02-27 23:07:30'),
(10062, 41, 574, 'grossistes', 0, '2026-02-27 23:07:30', '2026-02-27 23:07:30'),
(10063, 41, 575, 'grossistes', 0, '2026-02-27 23:07:30', '2026-02-27 23:07:30'),
(10064, 41, 576, 'grossistes', 0, '2026-02-27 23:07:30', '2026-02-27 23:07:30'),
(10065, 41, 577, 'grossistes', 0, '2026-02-27 23:07:30', '2026-02-27 23:07:30'),
(10066, 41, 578, 'grossistes', 0, '2026-02-27 23:07:30', '2026-02-27 23:07:30'),
(10067, 41, 579, 'grossistes', 0, '2026-02-27 23:07:30', '2026-02-27 23:07:30'),
(10068, 41, 580, 'grossistes', 0, '2026-02-27 23:07:30', '2026-02-27 23:07:30'),
(10069, 41, 581, 'grossistes', 0, '2026-02-27 23:07:30', '2026-02-27 23:07:30'),
(10070, 41, 582, 'grossistes', 0, '2026-02-27 23:07:30', '2026-02-27 23:07:30'),
(10071, 41, 583, 'grossistes', 0, '2026-02-27 23:07:30', '2026-02-27 23:07:30'),
(10072, 41, 584, 'grossistes', 0, '2026-02-27 23:07:30', '2026-02-27 23:07:30'),
(10073, 41, 585, 'grossistes', 0, '2026-02-27 23:07:30', '2026-02-27 23:07:30'),
(10074, 41, 586, 'grossistes', 0, '2026-02-27 23:07:30', '2026-02-27 23:07:30'),
(10075, 41, 587, 'grossistes', 0, '2026-02-27 23:07:30', '2026-02-27 23:07:30'),
(10076, 41, 588, 'grossistes', 0, '2026-02-27 23:07:30', '2026-02-27 23:07:30'),
(10077, 41, 589, 'grossistes', 0, '2026-02-27 23:07:30', '2026-02-27 23:07:30'),
(10078, 41, 590, 'grossistes', 0, '2026-02-27 23:07:30', '2026-02-27 23:07:30'),
(10080, 41, 592, 'grossistes', 0, '2026-02-27 23:07:30', '2026-02-27 23:07:30'),
(10081, 41, 593, 'grossistes', 0, '2026-02-27 23:07:30', '2026-02-27 23:07:30'),
(10082, 41, 594, 'grossistes', 0, '2026-02-27 23:07:30', '2026-02-27 23:07:30'),
(10083, 41, 595, 'grossistes', 0, '2026-02-27 23:07:30', '2026-02-27 23:07:30'),
(10084, 41, 596, 'grossistes', 0, '2026-02-27 23:07:30', '2026-02-27 23:07:30'),
(10086, 41, 598, 'grossistes', 0, '2026-02-27 23:07:30', '2026-02-27 23:07:30'),
(10087, 41, 599, 'grossistes', 0, '2026-02-27 23:07:30', '2026-02-27 23:07:30'),
(10088, 41, 600, 'grossistes', 0, '2026-02-27 23:07:30', '2026-02-27 23:07:30'),
(10089, 41, 601, 'grossistes', 0, '2026-02-27 23:07:30', '2026-02-27 23:07:30'),
(10090, 41, 602, 'grossistes', 0, '2026-02-27 23:07:30', '2026-02-27 23:07:30'),
(10091, 41, 603, 'grossistes', 0, '2026-02-27 23:07:30', '2026-02-27 23:07:30'),
(10092, 41, 604, 'grossistes', 0, '2026-02-27 23:07:30', '2026-02-27 23:07:30'),
(10093, 41, 605, 'grossistes', 0, '2026-02-27 23:07:30', '2026-02-27 23:07:30'),
(10094, 41, 606, 'grossistes', 0, '2026-02-27 23:07:30', '2026-02-27 23:07:30'),
(10095, 41, 607, 'grossistes', 0, '2026-02-27 23:07:30', '2026-02-27 23:07:30'),
(10096, 41, 608, 'grossistes', 0, '2026-02-27 23:07:30', '2026-02-27 23:07:30'),
(10097, 41, 609, 'grossistes', 0, '2026-02-27 23:07:30', '2026-02-27 23:07:30'),
(10098, 41, 610, 'grossistes', 0, '2026-02-27 23:07:30', '2026-02-27 23:07:30'),
(10099, 41, 1602, 'grossistes', 0, '2026-02-27 23:07:30', '2026-02-27 23:07:30'),
(10100, 41, 1603, 'grossistes', 0, '2026-02-27 23:07:30', '2026-02-27 23:07:30'),
(10101, 41, 1604, 'grossistes', 0, '2026-02-27 23:07:30', '2026-02-27 23:07:30'),
(10102, 41, 1605, 'grossistes', 0, '2026-02-27 23:07:30', '2026-02-27 23:07:30'),
(10103, 41, 1606, 'grossistes', 0, '2026-02-27 23:07:30', '2026-02-27 23:07:30'),
(10105, 41, 1608, 'grossistes', 0, '2026-02-27 23:07:30', '2026-02-27 23:07:30'),
(10106, 41, 1610, 'grossistes', 0, '2026-02-27 23:07:30', '2026-02-27 23:07:30'),
(10107, 41, 1611, 'grossistes', 0, '2026-02-27 23:07:30', '2026-02-27 23:07:30'),
(10180, 42, 309, 'pharmacies', 0, '2026-02-27 23:07:56', '2026-02-27 23:07:56'),
(10181, 42, 310, 'pharmacies', 0, '2026-02-27 23:07:56', '2026-02-27 23:07:56'),
(10182, 42, 311, 'pharmacies', 0, '2026-02-27 23:07:56', '2026-02-27 23:07:56'),
(10183, 42, 312, 'pharmacies', 0, '2026-02-27 23:07:56', '2026-02-27 23:07:56'),
(10184, 42, 313, 'pharmacies', 0, '2026-02-27 23:07:56', '2026-02-27 23:07:56'),
(10185, 42, 314, 'pharmacies', 0, '2026-02-27 23:07:56', '2026-02-27 23:07:56'),
(10186, 42, 315, 'pharmacies', 0, '2026-02-27 23:07:56', '2026-02-27 23:07:56'),
(10187, 42, 316, 'pharmacies', 0, '2026-02-27 23:07:56', '2026-02-27 23:07:56'),
(10188, 42, 317, 'pharmacies', 0, '2026-02-27 23:07:56', '2026-02-27 23:07:56'),
(10189, 42, 318, 'pharmacies', 0, '2026-02-27 23:07:56', '2026-02-27 23:07:56'),
(10190, 42, 319, 'pharmacies', 0, '2026-02-27 23:07:56', '2026-02-27 23:07:56'),
(10191, 42, 320, 'pharmacies', 0, '2026-02-27 23:07:56', '2026-02-27 23:07:56'),
(10192, 42, 321, 'pharmacies', 0, '2026-02-27 23:07:56', '2026-02-27 23:07:56'),
(10193, 42, 322, 'pharmacies', 0, '2026-02-27 23:07:56', '2026-02-27 23:07:56'),
(10194, 42, 323, 'pharmacies', 0, '2026-02-27 23:07:56', '2026-02-27 23:07:56'),
(10195, 42, 324, 'pharmacies', 0, '2026-02-27 23:07:56', '2026-02-27 23:07:56'),
(10196, 42, 325, 'pharmacies', 0, '2026-02-27 23:07:56', '2026-02-27 23:07:56'),
(10197, 42, 326, 'pharmacies', 0, '2026-02-27 23:07:56', '2026-02-27 23:07:56'),
(10198, 42, 327, 'pharmacies', 0, '2026-02-27 23:07:56', '2026-02-27 23:07:56'),
(10199, 42, 328, 'pharmacies', 0, '2026-02-27 23:07:56', '2026-02-27 23:07:56'),
(10200, 42, 329, 'pharmacies', 0, '2026-02-27 23:07:56', '2026-02-27 23:07:56'),
(10201, 42, 330, 'pharmacies', 0, '2026-02-27 23:07:56', '2026-02-27 23:07:56'),
(10202, 42, 331, 'pharmacies', 0, '2026-02-27 23:07:56', '2026-02-27 23:07:56'),
(10203, 42, 332, 'pharmacies', 0, '2026-02-27 23:07:56', '2026-02-27 23:07:56'),
(10204, 42, 333, 'pharmacies', 0, '2026-02-27 23:07:56', '2026-02-27 23:07:56'),
(10205, 42, 334, 'pharmacies', 0, '2026-02-27 23:07:56', '2026-02-27 23:07:56'),
(10206, 42, 335, 'pharmacies', 0, '2026-02-27 23:07:56', '2026-02-27 23:07:56'),
(10207, 42, 336, 'pharmacies', 0, '2026-02-27 23:07:56', '2026-02-27 23:07:56'),
(10208, 42, 337, 'pharmacies', 0, '2026-02-27 23:07:56', '2026-02-27 23:07:56'),
(10209, 42, 338, 'pharmacies', 0, '2026-02-27 23:07:56', '2026-02-27 23:07:56'),
(10210, 42, 339, 'pharmacies', 0, '2026-02-27 23:07:56', '2026-02-27 23:07:56'),
(10211, 42, 340, 'pharmacies', 0, '2026-02-27 23:07:56', '2026-02-27 23:07:56'),
(10212, 42, 341, 'pharmacies', 0, '2026-02-27 23:07:56', '2026-02-27 23:07:56'),
(10213, 42, 342, 'pharmacies', 0, '2026-02-27 23:07:56', '2026-02-27 23:07:56'),
(10214, 42, 343, 'pharmacies', 0, '2026-02-27 23:07:56', '2026-02-27 23:07:56'),
(10215, 42, 344, 'pharmacies', 0, '2026-02-27 23:07:56', '2026-02-27 23:07:56'),
(10216, 42, 345, 'pharmacies', 0, '2026-02-27 23:07:56', '2026-02-27 23:07:56'),
(10217, 42, 346, 'pharmacies', 0, '2026-02-27 23:07:56', '2026-02-27 23:07:56'),
(10218, 42, 347, 'pharmacies', 0, '2026-02-27 23:07:56', '2026-02-27 23:07:56'),
(10219, 42, 348, 'pharmacies', 0, '2026-02-27 23:07:56', '2026-02-27 23:07:56'),
(10220, 42, 349, 'pharmacies', 0, '2026-02-27 23:07:56', '2026-02-27 23:07:56'),
(10221, 42, 350, 'pharmacies', 0, '2026-02-27 23:07:56', '2026-02-27 23:07:56'),
(10222, 42, 351, 'pharmacies', 0, '2026-02-27 23:07:56', '2026-02-27 23:07:56'),
(10223, 42, 352, 'pharmacies', 0, '2026-02-27 23:07:56', '2026-02-27 23:07:56'),
(10224, 42, 353, 'pharmacies', 0, '2026-02-27 23:07:56', '2026-02-27 23:07:56'),
(10225, 42, 309, 'grossistes', 0, '2026-02-27 23:07:56', '2026-02-27 23:07:56'),
(10226, 42, 310, 'grossistes', 0, '2026-02-27 23:07:56', '2026-02-27 23:07:56'),
(10227, 42, 311, 'grossistes', 0, '2026-02-27 23:07:56', '2026-02-27 23:07:56'),
(10228, 42, 312, 'grossistes', 0, '2026-02-27 23:07:56', '2026-02-27 23:07:56'),
(10229, 42, 313, 'grossistes', 0, '2026-02-27 23:07:56', '2026-02-27 23:07:56'),
(10230, 42, 314, 'grossistes', 0, '2026-02-27 23:07:56', '2026-02-27 23:07:56'),
(10231, 42, 315, 'grossistes', 0, '2026-02-27 23:07:56', '2026-02-27 23:07:56'),
(10232, 42, 316, 'grossistes', 0, '2026-02-27 23:07:56', '2026-02-27 23:07:56'),
(10233, 42, 317, 'grossistes', 0, '2026-02-27 23:07:56', '2026-02-27 23:07:56'),
(10234, 42, 318, 'grossistes', 0, '2026-02-27 23:07:56', '2026-02-27 23:07:56'),
(10235, 42, 319, 'grossistes', 0, '2026-02-27 23:07:56', '2026-02-27 23:07:56'),
(10236, 42, 320, 'grossistes', 0, '2026-02-27 23:07:56', '2026-02-27 23:07:56'),
(10237, 42, 321, 'grossistes', 0, '2026-02-27 23:07:56', '2026-02-27 23:07:56'),
(10238, 42, 322, 'grossistes', 0, '2026-02-27 23:07:56', '2026-02-27 23:07:56'),
(10239, 42, 323, 'grossistes', 0, '2026-02-27 23:07:56', '2026-02-27 23:07:56'),
(10240, 42, 324, 'grossistes', 0, '2026-02-27 23:07:56', '2026-02-27 23:07:56'),
(10241, 42, 325, 'grossistes', 0, '2026-02-27 23:07:56', '2026-02-27 23:07:56'),
(10242, 42, 326, 'grossistes', 0, '2026-02-27 23:07:56', '2026-02-27 23:07:56'),
(10243, 42, 327, 'grossistes', 0, '2026-02-27 23:07:56', '2026-02-27 23:07:56'),
(10244, 42, 328, 'grossistes', 0, '2026-02-27 23:07:56', '2026-02-27 23:07:56'),
(10245, 42, 329, 'grossistes', 0, '2026-02-27 23:07:56', '2026-02-27 23:07:56'),
(10246, 42, 330, 'grossistes', 0, '2026-02-27 23:07:56', '2026-02-27 23:07:56'),
(10247, 42, 331, 'grossistes', 0, '2026-02-27 23:07:56', '2026-02-27 23:07:56'),
(10248, 42, 332, 'grossistes', 0, '2026-02-27 23:07:56', '2026-02-27 23:07:56'),
(10249, 42, 333, 'grossistes', 0, '2026-02-27 23:07:56', '2026-02-27 23:07:56'),
(10250, 42, 334, 'grossistes', 0, '2026-02-27 23:07:56', '2026-02-27 23:07:56'),
(10251, 42, 335, 'grossistes', 0, '2026-02-27 23:07:56', '2026-02-27 23:07:56'),
(10252, 42, 336, 'grossistes', 0, '2026-02-27 23:07:56', '2026-02-27 23:07:56'),
(10253, 42, 337, 'grossistes', 0, '2026-02-27 23:07:56', '2026-02-27 23:07:56'),
(10254, 42, 338, 'grossistes', 0, '2026-02-27 23:07:56', '2026-02-27 23:07:56'),
(10255, 42, 339, 'grossistes', 0, '2026-02-27 23:07:56', '2026-02-27 23:07:56'),
(10256, 42, 340, 'grossistes', 0, '2026-02-27 23:07:56', '2026-02-27 23:07:56'),
(10257, 42, 341, 'grossistes', 0, '2026-02-27 23:07:56', '2026-02-27 23:07:56'),
(10258, 42, 342, 'grossistes', 0, '2026-02-27 23:07:56', '2026-02-27 23:07:56'),
(10259, 42, 343, 'grossistes', 0, '2026-02-27 23:07:56', '2026-02-27 23:07:56'),
(10260, 42, 344, 'grossistes', 0, '2026-02-27 23:07:56', '2026-02-27 23:07:56'),
(10261, 42, 345, 'grossistes', 0, '2026-02-27 23:07:56', '2026-02-27 23:07:56'),
(10262, 42, 346, 'grossistes', 0, '2026-02-27 23:07:56', '2026-02-27 23:07:56'),
(10263, 42, 347, 'grossistes', 0, '2026-02-27 23:07:56', '2026-02-27 23:07:56'),
(10264, 42, 348, 'grossistes', 0, '2026-02-27 23:07:56', '2026-02-27 23:07:56'),
(10265, 42, 349, 'grossistes', 0, '2026-02-27 23:07:56', '2026-02-27 23:07:56'),
(10266, 42, 350, 'grossistes', 0, '2026-02-27 23:07:56', '2026-02-27 23:07:56'),
(10267, 42, 351, 'grossistes', 0, '2026-02-27 23:07:56', '2026-02-27 23:07:56'),
(10268, 42, 352, 'grossistes', 0, '2026-02-27 23:07:56', '2026-02-27 23:07:56'),
(10269, 42, 353, 'grossistes', 0, '2026-02-27 23:07:56', '2026-02-27 23:07:56'),
(10270, 43, 675, 'pharmacies', 0, '2026-02-27 23:10:46', '2026-02-27 23:10:46'),
(10271, 43, 676, 'pharmacies', 0, '2026-02-27 23:10:46', '2026-02-27 23:10:46'),
(10272, 43, 677, 'pharmacies', 0, '2026-02-27 23:10:46', '2026-02-27 23:10:46'),
(10273, 43, 678, 'pharmacies', 0, '2026-02-27 23:10:46', '2026-02-27 23:10:46'),
(10274, 43, 679, 'pharmacies', 0, '2026-02-27 23:10:46', '2026-02-27 23:10:46'),
(10275, 43, 680, 'pharmacies', 0, '2026-02-27 23:10:46', '2026-02-27 23:10:46'),
(10276, 43, 681, 'pharmacies', 0, '2026-02-27 23:10:46', '2026-02-27 23:10:46'),
(10277, 43, 682, 'pharmacies', 0, '2026-02-27 23:10:46', '2026-02-27 23:10:46'),
(10278, 43, 683, 'pharmacies', 0, '2026-02-27 23:10:46', '2026-02-27 23:10:46'),
(10279, 43, 684, 'pharmacies', 0, '2026-02-27 23:10:46', '2026-02-27 23:10:46'),
(10280, 43, 685, 'pharmacies', 0, '2026-02-27 23:10:46', '2026-02-27 23:10:46'),
(10281, 43, 686, 'pharmacies', 0, '2026-02-27 23:10:46', '2026-02-27 23:10:46'),
(10282, 43, 687, 'pharmacies', 0, '2026-02-27 23:10:46', '2026-02-27 23:10:46'),
(10283, 43, 688, 'pharmacies', 0, '2026-02-27 23:10:46', '2026-02-27 23:10:46'),
(10284, 43, 689, 'pharmacies', 0, '2026-02-27 23:10:46', '2026-02-27 23:10:46'),
(10285, 43, 690, 'pharmacies', 0, '2026-02-27 23:10:46', '2026-02-27 23:10:46'),
(10286, 43, 691, 'pharmacies', 0, '2026-02-27 23:10:46', '2026-02-27 23:10:46'),
(10287, 43, 692, 'pharmacies', 0, '2026-02-27 23:10:46', '2026-02-27 23:10:46'),
(10288, 43, 693, 'pharmacies', 0, '2026-02-27 23:10:46', '2026-02-27 23:10:46'),
(10289, 43, 694, 'pharmacies', 0, '2026-02-27 23:10:46', '2026-02-27 23:10:46'),
(10290, 43, 695, 'pharmacies', 0, '2026-02-27 23:10:46', '2026-02-27 23:10:46'),
(10291, 43, 696, 'pharmacies', 0, '2026-02-27 23:10:46', '2026-02-27 23:10:46'),
(10292, 43, 697, 'pharmacies', 0, '2026-02-27 23:10:46', '2026-02-27 23:10:46'),
(10293, 43, 698, 'pharmacies', 0, '2026-02-27 23:10:46', '2026-02-27 23:10:46'),
(10294, 43, 699, 'pharmacies', 0, '2026-02-27 23:10:46', '2026-02-27 23:10:46'),
(10295, 43, 700, 'pharmacies', 0, '2026-02-27 23:10:46', '2026-02-27 23:10:46'),
(10296, 43, 701, 'pharmacies', 0, '2026-02-27 23:10:46', '2026-02-27 23:10:46'),
(10297, 43, 702, 'pharmacies', 0, '2026-02-27 23:10:46', '2026-02-27 23:10:46'),
(10298, 43, 703, 'pharmacies', 0, '2026-02-27 23:10:46', '2026-02-27 23:10:46'),
(10299, 43, 704, 'pharmacies', 0, '2026-02-27 23:10:46', '2026-02-27 23:10:46'),
(10300, 43, 705, 'pharmacies', 0, '2026-02-27 23:10:46', '2026-02-27 23:10:46'),
(10301, 43, 706, 'pharmacies', 0, '2026-02-27 23:10:46', '2026-02-27 23:10:46'),
(10302, 43, 707, 'pharmacies', 0, '2026-02-27 23:10:46', '2026-02-27 23:10:46'),
(10303, 43, 708, 'pharmacies', 0, '2026-02-27 23:10:46', '2026-02-27 23:10:46'),
(10304, 43, 709, 'pharmacies', 0, '2026-02-27 23:10:46', '2026-02-27 23:10:46'),
(10305, 43, 710, 'pharmacies', 0, '2026-02-27 23:10:46', '2026-02-27 23:10:46'),
(10306, 43, 711, 'pharmacies', 0, '2026-02-27 23:10:46', '2026-02-27 23:10:46'),
(10307, 43, 712, 'pharmacies', 0, '2026-02-27 23:10:46', '2026-02-27 23:10:46'),
(10308, 43, 713, 'pharmacies', 0, '2026-02-27 23:10:46', '2026-02-27 23:10:46'),
(10309, 43, 714, 'pharmacies', 0, '2026-02-27 23:10:46', '2026-02-27 23:10:46'),
(10310, 43, 715, 'pharmacies', 0, '2026-02-27 23:10:46', '2026-02-27 23:10:46'),
(10311, 43, 716, 'pharmacies', 0, '2026-02-27 23:10:46', '2026-02-27 23:10:46'),
(10312, 43, 717, 'pharmacies', 0, '2026-02-27 23:10:46', '2026-02-27 23:10:46'),
(10313, 43, 718, 'pharmacies', 0, '2026-02-27 23:10:46', '2026-02-27 23:10:46'),
(10314, 43, 719, 'pharmacies', 0, '2026-02-27 23:10:46', '2026-02-27 23:10:46'),
(10315, 43, 720, 'pharmacies', 0, '2026-02-27 23:10:46', '2026-02-27 23:10:46'),
(10316, 43, 721, 'pharmacies', 0, '2026-02-27 23:10:46', '2026-02-27 23:10:46'),
(10317, 43, 722, 'pharmacies', 0, '2026-02-27 23:10:46', '2026-02-27 23:10:46'),
(10318, 43, 723, 'pharmacies', 0, '2026-02-27 23:10:46', '2026-02-27 23:10:46'),
(10319, 43, 724, 'pharmacies', 0, '2026-02-27 23:10:46', '2026-02-27 23:10:46'),
(10320, 43, 725, 'pharmacies', 0, '2026-02-27 23:10:46', '2026-02-27 23:10:46'),
(10321, 43, 726, 'pharmacies', 0, '2026-02-27 23:10:46', '2026-02-27 23:10:46'),
(10322, 43, 727, 'pharmacies', 0, '2026-02-27 23:10:46', '2026-02-27 23:10:46'),
(10323, 43, 728, 'pharmacies', 0, '2026-02-27 23:10:46', '2026-02-27 23:10:46'),
(10324, 43, 729, 'pharmacies', 0, '2026-02-27 23:10:46', '2026-02-27 23:10:46'),
(10325, 43, 730, 'pharmacies', 0, '2026-02-27 23:10:46', '2026-02-27 23:10:46'),
(10326, 43, 731, 'pharmacies', 0, '2026-02-27 23:10:46', '2026-02-27 23:10:46'),
(10327, 43, 732, 'pharmacies', 0, '2026-02-27 23:10:46', '2026-02-27 23:10:46'),
(10328, 43, 733, 'pharmacies', 0, '2026-02-27 23:10:46', '2026-02-27 23:10:46'),
(10329, 43, 734, 'pharmacies', 0, '2026-02-27 23:10:46', '2026-02-27 23:10:46'),
(10330, 43, 675, 'grossistes', 0, '2026-02-27 23:10:46', '2026-02-27 23:10:46'),
(10331, 43, 676, 'grossistes', 0, '2026-02-27 23:10:46', '2026-02-27 23:10:46'),
(10332, 43, 677, 'grossistes', 0, '2026-02-27 23:10:46', '2026-02-27 23:10:46'),
(10333, 43, 678, 'grossistes', 0, '2026-02-27 23:10:46', '2026-02-27 23:10:46'),
(10334, 43, 679, 'grossistes', 0, '2026-02-27 23:10:46', '2026-02-27 23:10:46'),
(10335, 43, 680, 'grossistes', 0, '2026-02-27 23:10:46', '2026-02-27 23:10:46'),
(10336, 43, 681, 'grossistes', 0, '2026-02-27 23:10:46', '2026-02-27 23:10:46'),
(10337, 43, 682, 'grossistes', 0, '2026-02-27 23:10:46', '2026-02-27 23:10:46'),
(10338, 43, 683, 'grossistes', 0, '2026-02-27 23:10:46', '2026-02-27 23:10:46'),
(10339, 43, 684, 'grossistes', 0, '2026-02-27 23:10:46', '2026-02-27 23:10:46'),
(10340, 43, 685, 'grossistes', 0, '2026-02-27 23:10:46', '2026-02-27 23:10:46'),
(10341, 43, 686, 'grossistes', 0, '2026-02-27 23:10:46', '2026-02-27 23:10:46'),
(10342, 43, 687, 'grossistes', 0, '2026-02-27 23:10:46', '2026-02-27 23:10:46'),
(10343, 43, 688, 'grossistes', 0, '2026-02-27 23:10:46', '2026-02-27 23:10:46'),
(10344, 43, 689, 'grossistes', 0, '2026-02-27 23:10:46', '2026-02-27 23:10:46'),
(10345, 43, 690, 'grossistes', 0, '2026-02-27 23:10:46', '2026-02-27 23:10:46'),
(10346, 43, 691, 'grossistes', 0, '2026-02-27 23:10:46', '2026-02-27 23:10:46'),
(10347, 43, 692, 'grossistes', 0, '2026-02-27 23:10:46', '2026-02-27 23:10:46'),
(10348, 43, 693, 'grossistes', 0, '2026-02-27 23:10:46', '2026-02-27 23:10:46'),
(10349, 43, 694, 'grossistes', 0, '2026-02-27 23:10:46', '2026-02-27 23:10:46'),
(10350, 43, 695, 'grossistes', 0, '2026-02-27 23:10:46', '2026-02-27 23:10:46'),
(10351, 43, 696, 'grossistes', 0, '2026-02-27 23:10:46', '2026-02-27 23:10:46');
